{"id":11256,"date":"2019-12-19T13:25:11","date_gmt":"2019-12-19T13:25:11","guid":{"rendered":"https:\/\/mycor.iam.inrae.fr\/ARBRE\/?page_id=11256"},"modified":"2024-01-25T11:04:41","modified_gmt":"2024-01-25T11:04:41","slug":"intranet","status":"publish","type":"page","link":"https:\/\/mycor.iam.inrae.fr\/ARBRE\/?page_id=11256","title":{"rendered":"Intranet"},"content":{"rendered":"<p><span style=\"font-size: 14pt;\"><strong>Projets soumis \u00e0 l&rsquo;Appel \u00e0 Projets \u00ab\u00a0Graines d&rsquo;Artemis\u00a0\u00bb 2024\u00a0<\/strong><\/span><\/p>\n<p><strong style=\"color: #1b8be0;\"><a href=\"https:\/\/mycor.iam.inrae.fr\/ARBRE\/?attachment_id=13688\" rel=\"attachment wp-att-13688\"><img loading=\"lazy\" decoding=\"async\" class=\"alignleft wp-image-13688\" style=\"border-color: #bbbbbb; background: #eeeeee;\" src=\"https:\/\/mycor.iam.inrae.fr\/ARBRE\/wp-content\/uploads\/2024\/01\/Capture-decran-2024-01-05-162511.png\" alt=\"\" width=\"621\" height=\"111\" \/><\/a><\/strong><\/p>\n<ul>\n<li><span style=\"color: #0000ff; font-size: 12pt;\"><a style=\"color: #0000ff;\" href=\"https:\/\/mycor.iam.inrae.fr\/ARBRE\/?attachment_id=13689\" target=\"_blank\" rel=\"noopener\"><span style=\"color: #0000ff;\">Liste des p<\/span><span style=\"color: #0000ff;\">rojets <\/span><\/a><\/span><\/li>\n<li><span style=\"color: #0000ff; font-size: 12pt;\"><a style=\"color: #0000ff;\" href=\"https:\/\/mycor.iam.inrae.fr\/ARBRE\/?attachment_id=13692\" target=\"_blank\" rel=\"noopener\">Grille d&rsquo;\u00e9valuation<\/a> &#8211; <em><a style=\"color: #0000ff;\" href=\"https:\/\/mycor.iam.inrae.fr\/ARBRE\/?attachment_id=13698\" rel=\"attachment wp-att-13698\">Fichier Excel<\/a><\/em><\/span><\/li>\n<\/ul>\n<pre><span style=\"font-size: 12pt; color: #0000ff;\"><span style=\"font-family: helvetica, arial, sans-serif;\"><strong><span style=\"text-decoration: underline;\">T\u00e9l\u00e9charger les projets <\/span>:<\/strong>\u00a0<\/span> \u00a0<\/span><a href=\"https:\/\/mycor.iam.inrae.fr\/ARBRE\/?attachment_id=13753\" target=\"_blank\" rel=\"noopener\"><img loading=\"lazy\" decoding=\"async\" class=\"wp-image-11980 aligncenter\" src=\"https:\/\/mycor.iam.inrae.fr\/ARBRE\/wp-content\/uploads\/2020\/11\/fl\u00e8che-t\u00e9l\u00e9chargement-150x150.png\" alt=\"\" width=\"45\" height=\"45\" srcset=\"https:\/\/mycor.iam.inrae.fr\/ARBRE\/wp-content\/uploads\/2020\/11\/fl\u00e8che-t\u00e9l\u00e9chargement-150x150.png 150w, https:\/\/mycor.iam.inrae.fr\/ARBRE\/wp-content\/uploads\/2020\/11\/fl\u00e8che-t\u00e9l\u00e9chargement-50x50.png 50w, https:\/\/mycor.iam.inrae.fr\/ARBRE\/wp-content\/uploads\/2020\/11\/fl\u00e8che-t\u00e9l\u00e9chargement.png 225w\" sizes=\"auto, (max-width: 45px) 100vw, 45px\" \/><\/a><\/pre>\n<p>&nbsp;<\/p>\n","protected":false},"excerpt":{"rendered":"<p>Projets soumis \u00e0 l&rsquo;Appel \u00e0 Projets \u00ab\u00a0Graines d&rsquo;Artemis\u00a0\u00bb 2024\u00a0 Liste des projets Grille d&rsquo;\u00e9valuation &#8211; Fichier Excel T\u00e9l\u00e9charger les projets :\u00a0 \u00a0 &nbsp;<\/p>\n","protected":false},"author":1,"featured_media":0,"parent":0,"menu_order":0,"comment_status":"closed","ping_status":"closed","template":"","meta":{"footnotes":""},"class_list":["post-11256","page","type-page","status-publish","hentry"],"_links":{"self":[{"href":"https:\/\/mycor.iam.inrae.fr\/ARBRE\/index.php?rest_route=\/wp\/v2\/pages\/11256","targetHints":{"allow":["GET"]}}],"collection":[{"href":"https:\/\/mycor.iam.inrae.fr\/ARBRE\/index.php?rest_route=\/wp\/v2\/pages"}],"about":[{"href":"https:\/\/mycor.iam.inrae.fr\/ARBRE\/index.php?rest_route=\/wp\/v2\/types\/page"}],"author":[{"embeddable":true,"href":"https:\/\/mycor.iam.inrae.fr\/ARBRE\/index.php?rest_route=\/wp\/v2\/users\/1"}],"replies":[{"embeddable":true,"href":"https:\/\/mycor.iam.inrae.fr\/ARBRE\/index.php?rest_route=%2Fwp%2Fv2%2Fcomments&post=11256"}],"version-history":[{"count":0,"href":"https:\/\/mycor.iam.inrae.fr\/ARBRE\/index.php?rest_route=\/wp\/v2\/pages\/11256\/revisions"}],"wp:attachment":[{"href":"https:\/\/mycor.iam.inrae.fr\/ARBRE\/index.php?rest_route=%2Fwp%2Fv2%2Fmedia&parent=11256"}],"curies":[{"name":"wp","href":"https:\/\/api.w.org\/{rel}","templated":true}]}}