{"id":12459,"date":"2022-02-18T14:05:59","date_gmt":"2022-02-18T14:05:59","guid":{"rendered":"https:\/\/mycor.iam.inrae.fr\/ARBRE\/?page_id=12459"},"modified":"2022-08-11T14:26:10","modified_gmt":"2022-08-11T14:26:10","slug":"projets-de-recherche-multidisciplinaires","status":"publish","type":"page","link":"https:\/\/mycor.iam.inrae.fr\/ARBRE\/?page_id=12459","title":{"rendered":"Projets de recherche Multidisciplinaires"},"content":{"rendered":"<p><strong>Projets soutenus dans le cadre des Appels \u00e0 Projet A<\/strong><strong>nnuels (AAP) :<\/strong><\/p>\n<p><img loading=\"lazy\" decoding=\"async\" class=\"size-full wp-image-9180 aligncenter\" src=\"https:\/\/mycor.iam.inrae.fr\/ARBRE\/wp-content\/uploads\/2013\/01\/projets-multidisciplinaires.png\" alt=\"\" width=\"980\" height=\"118\" \/><\/p>\n<ul>\n<li><strong>QLSPIMS<\/strong>:Une nouvelle g\u00e9n\u00e9ration de mod\u00e8les d\u2019interaction sol-plante \u00e0 base ph\u00e9nom\u00e9nologique\u00a0 \u00a0<em>AAP 2012 &#8211;\u00a0<span style=\"color: #ff9900;\"><a style=\"color: #ff9900;\" href=\"https:\/\/mycor.iam.inrae.fr\/ARBRE\/?page_id=364\" target=\"_blank\" rel=\"noopener noreferrer\">Rapport<\/a><\/span><\/em><\/li>\n<\/ul>\n<ul>\n<li><strong>SYMWOOD<\/strong>:G\u00e9nomique comparative et biochimie des m\u00e9canismes fongiques impliqu\u00e9s dans la symbiose mycorhizienne et les processus de d\u00e9composition du bois\u00a0 \u00a0<em>AAP 2012 &#8211; <span style=\"color: #ff9900;\"><a style=\"color: #ff9900;\" href=\"https:\/\/mycor.iam.inrae.fr\/ARBRE\/?page_id=390\" target=\"_blank\" rel=\"noopener noreferrer\">Rapport<\/a><\/span><\/em><\/li>\n<\/ul>\n<ul>\n<li><strong>EVAQBT2<\/strong>: \u00c9tude, identification et caract\u00e9risation des effets de la variabilit\u00e9 naturelle de la ressource foresti\u00e8re pour optimiser la qualit\u00e9 du bois trait\u00e9 thermiquement\u00a0 \u00a0<em>AAP 2012, 2013 &#8211; <span style=\"color: #ff9900;\"><a style=\"color: #ff9900;\" href=\"https:\/\/mycor.iam.inrae.fr\/ARBRE\/wp-content\/uploads\/2020\/09\/EVAQBT2_FR.pdf\" class=\"mtli_attachment mtli_pdf\" target=\"_blank\" rel=\"noopener noreferrer\">Rapport<\/a><\/span><\/em><\/li>\n<\/ul>\n<ul>\n<li><strong>IntegraRust<\/strong>: Bases mol\u00e9culaires de l\u2019interaction R-Avr dans le pathosyst\u00e8me forestier mod\u00e8le <em>Populus-Melampsora <\/em>\u00e0 travers une approche de biologie int\u00e9grative\u00a0 \u00a0<em>AAP 2013 &#8211; <span style=\"color: #ff9900;\"><a style=\"color: #ff9900;\" href=\"https:\/\/mycor.iam.inrae.fr\/ARBRE\/wp-content\/uploads\/2020\/09\/INTEGRARUST_FR.pdf\" class=\"mtli_attachment mtli_pdf\" target=\"_blank\" rel=\"noopener noreferrer\">Rapport<\/a><\/span><\/em><\/li>\n<\/ul>\n<ul>\n<li><strong>MEPiB-Death<\/strong>: Morphological and Ecophysiological Processes leading to Beech tree Death\u00a0 \u00a0<em>AAP 2013 &#8211; <span style=\"color: #ff9900;\"><a style=\"color: #ff9900;\" href=\"https:\/\/mycor.iam.inrae.fr\/ARBRE\/?page_id=1466\" target=\"_blank\" rel=\"noopener noreferrer\">Rapport<\/a><\/span><\/em><\/li>\n<\/ul>\n<ul>\n<li><strong>INABACT<\/strong>: Impact of Nutrient Availability on the diversity, function and functioning of the forest soil BACTerial communities: insights from the soil succession of the forest experimental site of Montiers-sur-Saulx\u00a0 \u00a0<em>AAP 2014 &#8211; <span style=\"color: #ff9900;\"><a style=\"color: #ff9900;\" href=\"https:\/\/mycor.iam.inrae.fr\/ARBRE\/wp-content\/uploads\/2020\/09\/INABACT_FR.pdf\" class=\"mtli_attachment mtli_pdf\" target=\"_blank\" rel=\"noopener noreferrer\">Rapport<\/a><\/span><\/em><\/li>\n<\/ul>\n<ul>\n<li><strong>BR<\/strong><strong>I<\/strong><strong>DGE<\/strong>: Biomass Removal Impact on soil Diversity, Geochemistry and tree Ecophysiology\u00a0 \u00a0<em>AAP 2015 &#8211; <span style=\"color: #ff9900;\"><a style=\"color: #ff9900;\" href=\"https:\/\/mycor.iam.inrae.fr\/ARBRE\/wp-content\/uploads\/2020\/09\/BRIDGE_FR.pdf\" class=\"mtli_attachment mtli_pdf\" target=\"_blank\" rel=\"noopener noreferrer\">Rapport<\/a><\/span><\/em><\/li>\n<\/ul>\n<ul>\n<li><strong>WOHTC<\/strong>: Wood Heat Treatment, Optimization and Control\u00a0 \u00a0<em>AAP 2015 &#8211; <span style=\"color: #ff9900;\"><a style=\"color: #ff9900;\" href=\"https:\/\/mycor.iam.inrae.fr\/ARBRE\/wp-content\/uploads\/2020\/09\/WOHTOC_FR.pdf\" class=\"mtli_attachment mtli_pdf\" target=\"_blank\" rel=\"noopener noreferrer\">Rapport<\/a><\/span><\/em><\/li>\n<\/ul>\n","protected":false},"excerpt":{"rendered":"<p>Projets soutenus dans le cadre des Appels \u00e0 Projet Annuels (AAP) : QLSPIMS:Une nouvelle g\u00e9n\u00e9ration de mod\u00e8les d\u2019interaction sol-plante \u00e0 base ph\u00e9nom\u00e9nologique\u00a0 \u00a0AAP 2012 &#8211;\u00a0Rapport SYMWOOD:G\u00e9nomique comparative et biochimie des m\u00e9canismes fongiques impliqu\u00e9s dans la symbiose mycorhizienne et les processus &hellip; <a href=\"https:\/\/mycor.iam.inrae.fr\/ARBRE\/?page_id=12459\">Continuer la lecture <span class=\"meta-nav\">&rarr;<\/span><\/a><\/p>\n","protected":false},"author":9,"featured_media":0,"parent":296,"menu_order":0,"comment_status":"closed","ping_status":"closed","template":"","meta":{"footnotes":""},"class_list":["post-12459","page","type-page","status-publish","hentry"],"_links":{"self":[{"href":"https:\/\/mycor.iam.inrae.fr\/ARBRE\/index.php?rest_route=\/wp\/v2\/pages\/12459","targetHints":{"allow":["GET"]}}],"collection":[{"href":"https:\/\/mycor.iam.inrae.fr\/ARBRE\/index.php?rest_route=\/wp\/v2\/pages"}],"about":[{"href":"https:\/\/mycor.iam.inrae.fr\/ARBRE\/index.php?rest_route=\/wp\/v2\/types\/page"}],"author":[{"embeddable":true,"href":"https:\/\/mycor.iam.inrae.fr\/ARBRE\/index.php?rest_route=\/wp\/v2\/users\/9"}],"replies":[{"embeddable":true,"href":"https:\/\/mycor.iam.inrae.fr\/ARBRE\/index.php?rest_route=%2Fwp%2Fv2%2Fcomments&post=12459"}],"version-history":[{"count":0,"href":"https:\/\/mycor.iam.inrae.fr\/ARBRE\/index.php?rest_route=\/wp\/v2\/pages\/12459\/revisions"}],"up":[{"embeddable":true,"href":"https:\/\/mycor.iam.inrae.fr\/ARBRE\/index.php?rest_route=\/wp\/v2\/pages\/296"}],"wp:attachment":[{"href":"https:\/\/mycor.iam.inrae.fr\/ARBRE\/index.php?rest_route=%2Fwp%2Fv2%2Fmedia&parent=12459"}],"curies":[{"name":"wp","href":"https:\/\/api.w.org\/{rel}","templated":true}]}}