{"id":13516,"date":"2023-06-28T06:15:58","date_gmt":"2023-06-28T06:15:58","guid":{"rendered":"https:\/\/mycor.iam.inrae.fr\/ARBRE\/?page_id=13516"},"modified":"2023-08-04T07:47:54","modified_gmt":"2023-08-04T07:47:54","slug":"labex-arbre-doc-postdoc-day-11-oct-2023","status":"publish","type":"page","link":"https:\/\/mycor.iam.inrae.fr\/ARBRE\/?page_id=13516","title":{"rendered":"LabEx ARBRE \u2014 Doc &#038; Postdoc day 4 October, 2023"},"content":{"rendered":"<p style=\"text-align: justify;\"><a href=\"https:\/\/mycor.iam.inrae.fr\/ARBRE\/wp-content\/uploads\/2023\/08\/Bandeau.png\"><img loading=\"lazy\" decoding=\"async\" class=\"aligncenter size-large wp-image-13561\" src=\"https:\/\/mycor.iam.inrae.fr\/ARBRE\/wp-content\/uploads\/2023\/08\/Bandeau-1024x224.png\" alt=\"\" width=\"584\" height=\"128\" srcset=\"https:\/\/mycor.iam.inrae.fr\/ARBRE\/wp-content\/uploads\/2023\/08\/Bandeau-1024x224.png 1024w, https:\/\/mycor.iam.inrae.fr\/ARBRE\/wp-content\/uploads\/2023\/08\/Bandeau-300x66.png 300w, https:\/\/mycor.iam.inrae.fr\/ARBRE\/wp-content\/uploads\/2023\/08\/Bandeau-768x168.png 768w, https:\/\/mycor.iam.inrae.fr\/ARBRE\/wp-content\/uploads\/2023\/08\/Bandeau-800x175.png 800w, https:\/\/mycor.iam.inrae.fr\/ARBRE\/wp-content\/uploads\/2023\/08\/Bandeau-1536x335.png 1536w, https:\/\/mycor.iam.inrae.fr\/ARBRE\/wp-content\/uploads\/2023\/08\/Bandeau-500x109.png 500w, https:\/\/mycor.iam.inrae.fr\/ARBRE\/wp-content\/uploads\/2023\/08\/Bandeau.png 1900w\" sizes=\"auto, (max-width: 584px) 100vw, 584px\" \/><\/a>On <strong>October the 4<sup>th<\/sup> 2023<\/strong> will be organised the Labex Day which is dedicated to Phd students, post-phd and young researchers and managed by the TREE quality laboratory. The event will take place in the INRAE center conference room located in Champenoux.<\/p>\n<p style=\"text-align: justify;\">This day aims to encourage meaningful and interdisciplinary exchanges between the attendees. Therefore, we count on everyone participation. Attendees will have to <strong>register<\/strong> until the <strong>8<sup>th<\/sup> of September<\/strong>.<\/p>\n<p style=\"text-align: justify;\">Phd students and post-Phd who are interested in making a presentation of their work (poster or oral) will have to <strong>submit a short abstract<\/strong> in English (300 words maximum) on the <strong>15<sup>th<\/sup> of September<\/strong> at the very latest.<br \/>\nSome of them will be selected by the organizers for oral presentation (15 min of presentation +5 minutes for questions). The others will have the opportunity to present their poster during a dedicated session.\u00a0 Oral selected presentations and the detailed program of the day will be announced on the 25<sup>th<\/sup> of September.<br \/>\nTo submit an abstract, please send an email to: <span style=\"color: #0000ff;\"><strong><a style=\"color: #0000ff;\" href=\"mailto:labexday@inrae.fr\">labexday@inrae.fr<\/a><\/strong><\/span><\/p>\n<p><a href=\"https:\/\/sondages.inrae.fr\/index.php\/388617\"><img loading=\"lazy\" decoding=\"async\" class=\" wp-image-13571 aligncenter\" src=\"https:\/\/mycor.iam.inrae.fr\/ARBRE\/wp-content\/uploads\/2023\/08\/Registration-300x72.png\" alt=\"\" width=\"337\" height=\"88\" \/><\/a><a href=\"https:\/\/mycor.iam.inrae.fr\/ARBRE\/wp-content\/uploads\/2023\/08\/Previsional-program.docx\" class=\"mtli_attachment mtli_docx\"><img loading=\"lazy\" decoding=\"async\" class=\" wp-image-13562 alignnone aligncenter\" src=\"https:\/\/mycor.iam.inrae.fr\/ARBRE\/wp-content\/uploads\/2023\/08\/Previsional-program-300x70.png\" alt=\"\" width=\"349\" height=\"90\" \/><\/a><a href=\"https:\/\/mycor.iam.inrae.fr\/ARBRE\/wp-content\/uploads\/2023\/08\/Practical-information.docx\" class=\"mtli_attachment mtli_docx\"><img loading=\"lazy\" decoding=\"async\" class=\" wp-image-13563 alignnone aligncenter\" src=\"https:\/\/mycor.iam.inrae.fr\/ARBRE\/wp-content\/uploads\/2023\/08\/Practical-information-300x70.png\" alt=\"\" width=\"353\" height=\"91\" \/><\/a><strong><em>Organizing Committee: <\/em><\/strong><em>Ammar Abdalrahem, Simon Berville, H\u00e9l\u00e8ne Carletti, Fanny Claise, Aur\u00e9lie Deveau, Agn\u00e8s Didier, Natacha Donnay, Florian M\u00e9zerette, Elodie Muller, Maria Celeste Ruiz<\/em><\/p>\n<p style=\"text-align: justify;\"><a href=\"https:\/\/mycor.iam.inrae.fr\/ARBRE\/wp-content\/uploads\/2023\/06\/FLYER_DocPhd-day-2023.jpg\"><span style=\"color: #000000;\">Don\u2019t hesitate to contact us:<\/span> <\/a><em><a href=\"mailto:labexday@inrae.fr\"><span style=\"color: #3366ff;\">labexday@inrae.fr<\/span><\/a><\/em><img loading=\"lazy\" decoding=\"async\" class=\"aligncenter wp-image-13535\" src=\"https:\/\/mycor.iam.inrae.fr\/ARBRE\/wp-content\/uploads\/2023\/06\/FLYER_DocPhd-day-2023-724x1024.jpg\" alt=\"\" width=\"414\" height=\"582\" \/><\/p>\n<p>&nbsp;<\/p>\n","protected":false},"excerpt":{"rendered":"<p>On October the 4th 2023 will be organised the Labex Day which is dedicated to Phd students, post-phd and young researchers and managed by the TREE quality laboratory. The event will take place in the INRAE center conference room located &hellip; <a href=\"https:\/\/mycor.iam.inrae.fr\/ARBRE\/?page_id=13516\">Continuer la lecture <span class=\"meta-nav\">&rarr;<\/span><\/a><\/p>\n","protected":false},"author":9,"featured_media":0,"parent":13100,"menu_order":0,"comment_status":"closed","ping_status":"closed","template":"","meta":{"footnotes":""},"class_list":["post-13516","page","type-page","status-publish","hentry"],"_links":{"self":[{"href":"https:\/\/mycor.iam.inrae.fr\/ARBRE\/index.php?rest_route=\/wp\/v2\/pages\/13516","targetHints":{"allow":["GET"]}}],"collection":[{"href":"https:\/\/mycor.iam.inrae.fr\/ARBRE\/index.php?rest_route=\/wp\/v2\/pages"}],"about":[{"href":"https:\/\/mycor.iam.inrae.fr\/ARBRE\/index.php?rest_route=\/wp\/v2\/types\/page"}],"author":[{"embeddable":true,"href":"https:\/\/mycor.iam.inrae.fr\/ARBRE\/index.php?rest_route=\/wp\/v2\/users\/9"}],"replies":[{"embeddable":true,"href":"https:\/\/mycor.iam.inrae.fr\/ARBRE\/index.php?rest_route=%2Fwp%2Fv2%2Fcomments&post=13516"}],"version-history":[{"count":0,"href":"https:\/\/mycor.iam.inrae.fr\/ARBRE\/index.php?rest_route=\/wp\/v2\/pages\/13516\/revisions"}],"up":[{"embeddable":true,"href":"https:\/\/mycor.iam.inrae.fr\/ARBRE\/index.php?rest_route=\/wp\/v2\/pages\/13100"}],"wp:attachment":[{"href":"https:\/\/mycor.iam.inrae.fr\/ARBRE\/index.php?rest_route=%2Fwp%2Fv2%2Fmedia&parent=13516"}],"curies":[{"name":"wp","href":"https:\/\/api.w.org\/{rel}","templated":true}]}}

<p style="text-align: justify;"><a href="https://mycor.iam.inrae.fr/ARBRE/wp-content/uploads/2023/08/Bandeau.png"><img loading="lazy" decoding="async" class="aligncenter size-large wp-image-13561" src="https://mycor.iam.inrae.fr/ARBRE/wp-content/uploads/2023/08/Bandeau-1024x224.png" alt="" width="584" height="128" srcset="https://mycor.iam.inrae.fr/ARBRE/wp-content/uploads/2023/08/Bandeau-1024x224.png 1024w, https://mycor.iam.inrae.fr/ARBRE/wp-content/uploads/2023/08/Bandeau-300x66.png 300w, https://mycor.iam.inrae.fr/ARBRE/wp-content/uploads/2023/08/Bandeau-768x168.png 768w, https://mycor.iam.inrae.fr/ARBRE/wp-content/uploads/2023/08/Bandeau-800x175.png 800w, https://mycor.iam.inrae.fr/ARBRE/wp-content/uploads/2023/08/Bandeau-1536x335.png 1536w, https://mycor.iam.inrae.fr/ARBRE/wp-content/uploads/2023/08/Bandeau-500x109.png 500w, https://mycor.iam.inrae.fr/ARBRE/wp-content/uploads/2023/08/Bandeau.png 1900w" sizes="auto, (max-width: 584px) 100vw, 584px" /></a>On <strong>October the 4<sup>th</sup> 2023</strong> will be organised the Labex Day which is dedicated to Phd students, post-phd and young researchers and managed by the TREE quality laboratory. The event will take place in the INRAE center conference room located in Champenoux.</p>
<p style="text-align: justify;">This day aims to encourage meaningful and interdisciplinary exchanges between the attendees. Therefore, we count on everyone participation. Attendees will have to <strong>register</strong> until the <strong>8<sup>th</sup> of September</strong>.</p>
<p style="text-align: justify;">Phd students and post-Phd who are interested in making a presentation of their work (poster or oral) will have to <strong>submit a short abstract</strong> in English (300 words maximum) on the <strong>15<sup>th</sup> of September</strong> at the very latest.<br />
Some of them will be selected by the organizers for oral presentation (15 min of presentation +5 minutes for questions). The others will have the opportunity to present their poster during a dedicated session.  Oral selected presentations and the detailed program of the day will be announced on the 25<sup>th</sup> of September.<br />
To submit an abstract, please send an email to: <span style="color: #0000ff;"><strong><a style="color: #0000ff;" href="mailto:labexday@inrae.fr">labexday@inrae.fr</a></strong></span></p>
<p><a href="https://sondages.inrae.fr/index.php/388617"><img loading="lazy" decoding="async" class=" wp-image-13571 aligncenter" src="https://mycor.iam.inrae.fr/ARBRE/wp-content/uploads/2023/08/Registration-300x72.png" alt="" width="337" height="88" /></a><a href="https://mycor.iam.inrae.fr/ARBRE/wp-content/uploads/2023/08/Previsional-program.docx" class="mtli_attachment mtli_docx"><img loading="lazy" decoding="async" class=" wp-image-13562 alignnone aligncenter" src="https://mycor.iam.inrae.fr/ARBRE/wp-content/uploads/2023/08/Previsional-program-300x70.png" alt="" width="349" height="90" /></a><a href="https://mycor.iam.inrae.fr/ARBRE/wp-content/uploads/2023/08/Practical-information.docx" class="mtli_attachment mtli_docx"><img loading="lazy" decoding="async" class=" wp-image-13563 alignnone aligncenter" src="https://mycor.iam.inrae.fr/ARBRE/wp-content/uploads/2023/08/Practical-information-300x70.png" alt="" width="353" height="91" /></a><strong><em>Organizing Committee: </em></strong><em>Ammar Abdalrahem, Simon Berville, Hélène Carletti, Fanny Claise, Aurélie Deveau, Agnès Didier, Natacha Donnay, Florian Mézerette, Elodie Muller, Maria Celeste Ruiz</em></p>
<p style="text-align: justify;"><a href="https://mycor.iam.inrae.fr/ARBRE/wp-content/uploads/2023/06/FLYER_DocPhd-day-2023.jpg"><span style="color: #000000;">Don’t hesitate to contact us:</span> </a><em><a href="mailto:labexday@inrae.fr"><span style="color: #3366ff;">labexday@inrae.fr</span></a></em><img loading="lazy" decoding="async" class="aligncenter wp-image-13535" src="https://mycor.iam.inrae.fr/ARBRE/wp-content/uploads/2023/06/FLYER_DocPhd-day-2023-724x1024.jpg" alt="" width="414" height="582" /></p>
<p>&nbsp;</p>
