{"id":13941,"date":"2024-09-18T15:48:54","date_gmt":"2024-09-18T15:48:54","guid":{"rendered":"https:\/\/mycor.iam.inrae.fr\/ARBRE\/?page_id=13941"},"modified":"2024-10-11T08:25:15","modified_gmt":"2024-10-11T08:25:15","slug":"colloque-annuel-du-labex-arbre-12-novembre-2024","status":"publish","type":"page","link":"https:\/\/mycor.iam.inrae.fr\/ARBRE\/?page_id=13941","title":{"rendered":"Colloque annuel du LabEx ARBRE \u2013 12 novembre 2024"},"content":{"rendered":"<h1 style=\"text-align: center;\"><a href=\"https:\/\/mycor.iam.inrae.fr\/ARBRE\/wp-content\/uploads\/2024\/09\/affiche-labex-2024-scaled.jpg\"><img loading=\"lazy\" decoding=\"async\" class=\"size-medium wp-image-13944 alignleft\" src=\"https:\/\/mycor.iam.inrae.fr\/ARBRE\/wp-content\/uploads\/2024\/09\/affiche-labex-2024-212x300.jpg\" alt=\"\" width=\"212\" height=\"300\" srcset=\"https:\/\/mycor.iam.inrae.fr\/ARBRE\/wp-content\/uploads\/2024\/09\/affiche-labex-2024-212x300.jpg 212w, https:\/\/mycor.iam.inrae.fr\/ARBRE\/wp-content\/uploads\/2024\/09\/affiche-labex-2024-724x1024.jpg 724w, https:\/\/mycor.iam.inrae.fr\/ARBRE\/wp-content\/uploads\/2024\/09\/affiche-labex-2024-768x1086.jpg 768w, https:\/\/mycor.iam.inrae.fr\/ARBRE\/wp-content\/uploads\/2024\/09\/affiche-labex-2024-424x600.jpg 424w, https:\/\/mycor.iam.inrae.fr\/ARBRE\/wp-content\/uploads\/2024\/09\/affiche-labex-2024-1086x1536.jpg 1086w, https:\/\/mycor.iam.inrae.fr\/ARBRE\/wp-content\/uploads\/2024\/09\/affiche-labex-2024-1448x2048.jpg 1448w, https:\/\/mycor.iam.inrae.fr\/ARBRE\/wp-content\/uploads\/2024\/09\/affiche-labex-2024-scaled.jpg 1810w\" sizes=\"auto, (max-width: 212px) 100vw, 212px\" \/><\/a>PRESENTATION DU COLLOQUE<\/h1>\n<p>_______________________________________<\/p>\n<p style=\"text-align: justify;\">Le LabEx ARBRE \u00e9tudie les processus biologiques et \u00e9cologiques qui conditionnent le fonctionnement, la productivit\u00e9 des \u00e9cosyst\u00e8mes forestiers et la qualit\u00e9 du bois et de ses d\u00e9riv\u00e9s, et s\u2019inscrit dans des recherches, enseignements et innovations li\u00e9s \u00e0 la transition \u00e9cologique et \u00e9nerg\u00e9tique.<\/p>\n<p style=\"text-align: justify;\">Les objectifs sont de comprendre les m\u00e9canismes impliqu\u00e9s, de pr\u00e9voir les r\u00e9ponses de ces \u00e9cosyst\u00e8mes face aux changements globaux (climatiques, anthropiques et biologiques) et d\u2019identifier de nouvelles pistes de pr\u00e9servations et de valorisations. L\u2019une des principales forces d\u2019ARBRE est de rassembler en son sein un \u00e9ventail tr\u00e8s large de comp\u00e9tences disciplinaires et d\u2019\u00e9chelles d\u2019analyse, permettant d\u2019appr\u00e9hender le fonctionnement des \u00e9cosyst\u00e8mes forestiers, la biodiversit\u00e9 associ\u00e9e, l\u2019analyse de la ressource for\u00eat-bois \u00e0 diff\u00e9rents niveaux depuis la mol\u00e9cule jusqu\u2019au paysage et le d\u00e9veloppement de mat\u00e9riaux innovants issus du bois.<\/p>\n<p style=\"text-align: justify;\">D\u00e9velopper les interfaces entre les unit\u00e9s membres du LabEx pour mieux r\u00e9pondre \u00e0 ces diff\u00e9rents enjeux est le principal d\u00e9fi qu\u2019ARBRE a relev\u00e9 ces derni\u00e8res ann\u00e9es pour r\u00e9ussir l\u2019int\u00e9gration de ces disciplines et de ces \u00e9chelles indispensables \u00e0 la compr\u00e9hension du fonctionnement particuli\u00e8rement complexe des \u00e9cosyst\u00e8mes forestiers et de sa capacit\u00e9 \u00e0 s\u2019adapter aux changements globaux.<\/p>\n<p style=\"text-align: justify;\">Apr\u00e8s plus de 10 ann\u00e9es de fonctionnement, le Labex ARBRE voit sa fin arriver en d\u00e9cembre 2024. Dans ce contexte, l\u2019\u00e9dition 2024 du colloque scientifique du LabEx ARBRE aura pour but d\u2019illustrer l\u2019importance du temps long dans le d\u00e9veloppement de recherche, de concepts et d\u2019outils d\u2019animation et de formation. Il sera question des enjeux entre la fin de LabEx ARBRE, l\u2019arriv\u00e9e du programme interdisciplinaire ARTEMIS en termes de recherche, enseignement et innovation, mais aussi de notre positionnement vis-\u00e0-vis des attentes de la fili\u00e8re. Si les \u00e9ditions pr\u00e9c\u00e9dentes \u00e9taient centr\u00e9es sur des pr\u00e9sentations des r\u00e9sultats obtenus dans le cadre des projets soutenus aux diff\u00e9rents appels \u00e0 projet, le programme de cette \u00e9dition est con\u00e7u de mani\u00e8re \u00e0 pr\u00e9senter des synth\u00e8ses illustrant des travaux et d\u00e9veloppements couvrant les diff\u00e9rents th\u00e8mes du LabEx (WP) qui ont profit\u00e9 de la dynamique impuls\u00e9e par le LabEx ARBRE.<\/p>\n<p style=\"text-align: justify;\">Ce colloque se tiendra le mardi <strong>12 novembre 2024<\/strong>\u00a0sur le Centre INRAE de Champenoux.<\/p>\n<p>____________________________________________________________________<\/p>\n<h1 style=\"text-align: center;\">S&rsquo;INSCRIRE<\/h1>\n<p style=\"text-align: center;\">L&rsquo;inscription est gratuite mais <strong>obligatoire <span style=\"text-decoration: underline;\">avant le 16 octobre 2024.<\/span><br \/>\n<a href=\"https:\/\/sondages.inrae.fr\/index.php\/362621?lang=fr)\" target=\"_blank\" rel=\"noopener\"><span style=\"color: #3366ff;\">\u21d2 <\/span><span style=\"color: #0000ff;\">Acc\u00e9der au<\/span><\/a><\/strong><span style=\"color: #0000ff;\"> <strong>formulaire d&rsquo;inscription<\/strong><\/span><\/p>\n<h1>______________________________________________________________________<\/h1>\n<pre><span style=\"font-size: 12pt; font-family: helvetica, arial, sans-serif;\"><strong>Programme de la journ\u00e9e<\/strong><\/span><\/pre>\n<p style=\"text-align: center;\"><span style=\"color: #0000ff;\"><em><strong><a href=\"https:\/\/mycor.iam.inrae.fr\/ARBRE\/wp-content\/uploads\/2024\/10\/Capture-decran-2024-10-07-095042.png\"><img loading=\"lazy\" decoding=\"async\" class=\"alignnone size-full wp-image-13960\" src=\"https:\/\/mycor.iam.inrae.fr\/ARBRE\/wp-content\/uploads\/2024\/10\/Capture-decran-2024-10-07-095042.png\" alt=\"\" width=\"638\" height=\"794\" srcset=\"https:\/\/mycor.iam.inrae.fr\/ARBRE\/wp-content\/uploads\/2024\/10\/Capture-decran-2024-10-07-095042.png 638w, https:\/\/mycor.iam.inrae.fr\/ARBRE\/wp-content\/uploads\/2024\/10\/Capture-decran-2024-10-07-095042-241x300.png 241w, https:\/\/mycor.iam.inrae.fr\/ARBRE\/wp-content\/uploads\/2024\/10\/Capture-decran-2024-10-07-095042-482x600.png 482w\" sizes=\"auto, (max-width: 638px) 100vw, 638px\" \/><\/a><\/strong><\/em><\/span><\/p>\n<p style=\"text-align: center;\"><span style=\"color: #0000ff;\"><a style=\"color: #0000ff;\" href=\"https:\/\/mycor.iam.inrae.fr\/ARBRE\/wp-content\/uploads\/2024\/10\/Programme-colloque-Labex-12-11-24.docx\" class=\"mtli_attachment mtli_docx\" target=\"_blank\" rel=\"noopener\"><strong>\u21d2T\u00e9l\u00e9chargez<\/strong><em><strong> le programme<\/strong><\/em><\/a><\/span><\/p>\n<h1>_____________________________________________________________________<\/h1>\n<h1 style=\"text-align: center;\">INFORMATIONS PRATIQUES<\/h1>\n<ul>\n<li style=\"text-align: justify;\"><span style=\"text-decoration: underline; color: #333333;\"><strong>Acc\u00e8s<br \/>\n<\/strong><\/span>Le Centre INRAE de Nancy est situ\u00e9 \u00e0 Champenoux \u00e0 environ une demi-heure de voiture du centre-ville de Nancy. Un bus est \u00e0 votre disposition pour vous emmener de Nancy \u00e0 Champenoux, le matin et le soir.<br \/>\nLes bus du r\u00e9seau TED desservent le site de l\u2019INRA de Champenoux. Pour plus d\u2019informations : <a style=\"text-align: justify;\" href=\"http:\/\/www.ted.cg54.fr\/\">http:\/\/www.ted.cg54.fr\/<\/a><\/li>\n<\/ul>\n<p style=\"text-align: justify; padding-left: 40px;\">\u21d2 D\u00e9couvrez la <strong><span style=\"color: #3366ff;\"><a style=\"color: #3366ff;\" href=\"https:\/\/mycor.iam.inrae.fr\/ARBRE\/wp-content\/uploads\/2022\/10\/Fiche_pratique_venue-Inrae-Champenoux.pdf\" class=\"mtli_attachment mtli_pdf\" target=\"_blank\" rel=\"noopener\">fiche pratique<\/a><\/span><\/strong> <span style=\"color: #000000;\">pour vous rendre sur le Centre Inrae<\/span><\/p>\n","protected":false},"excerpt":{"rendered":"<p>PRESENTATION DU COLLOQUE _______________________________________ Le LabEx ARBRE \u00e9tudie les processus biologiques et \u00e9cologiques qui conditionnent le fonctionnement, la productivit\u00e9 des \u00e9cosyst\u00e8mes forestiers et la qualit\u00e9 du bois et de ses d\u00e9riv\u00e9s, et s\u2019inscrit dans des recherches, enseignements et innovations li\u00e9s &hellip; <a href=\"https:\/\/mycor.iam.inrae.fr\/ARBRE\/?page_id=13941\">Continuer la lecture <span class=\"meta-nav\">&rarr;<\/span><\/a><\/p>\n","protected":false},"author":9,"featured_media":0,"parent":13100,"menu_order":0,"comment_status":"closed","ping_status":"closed","template":"","meta":{"footnotes":""},"class_list":["post-13941","page","type-page","status-publish","hentry"],"_links":{"self":[{"href":"https:\/\/mycor.iam.inrae.fr\/ARBRE\/index.php?rest_route=\/wp\/v2\/pages\/13941","targetHints":{"allow":["GET"]}}],"collection":[{"href":"https:\/\/mycor.iam.inrae.fr\/ARBRE\/index.php?rest_route=\/wp\/v2\/pages"}],"about":[{"href":"https:\/\/mycor.iam.inrae.fr\/ARBRE\/index.php?rest_route=\/wp\/v2\/types\/page"}],"author":[{"embeddable":true,"href":"https:\/\/mycor.iam.inrae.fr\/ARBRE\/index.php?rest_route=\/wp\/v2\/users\/9"}],"replies":[{"embeddable":true,"href":"https:\/\/mycor.iam.inrae.fr\/ARBRE\/index.php?rest_route=%2Fwp%2Fv2%2Fcomments&post=13941"}],"version-history":[{"count":15,"href":"https:\/\/mycor.iam.inrae.fr\/ARBRE\/index.php?rest_route=\/wp\/v2\/pages\/13941\/revisions"}],"predecessor-version":[{"id":13970,"href":"https:\/\/mycor.iam.inrae.fr\/ARBRE\/index.php?rest_route=\/wp\/v2\/pages\/13941\/revisions\/13970"}],"up":[{"embeddable":true,"href":"https:\/\/mycor.iam.inrae.fr\/ARBRE\/index.php?rest_route=\/wp\/v2\/pages\/13100"}],"wp:attachment":[{"href":"https:\/\/mycor.iam.inrae.fr\/ARBRE\/index.php?rest_route=%2Fwp%2Fv2%2Fmedia&parent=13941"}],"curies":[{"name":"wp","href":"https:\/\/api.w.org\/{rel}","templated":true}]}}

<h1 style="text-align: center;"><a href="https://mycor.iam.inrae.fr/ARBRE/wp-content/uploads/2024/09/affiche-labex-2024-scaled.jpg"><img loading="lazy" decoding="async" class="size-medium wp-image-13944 alignleft" src="https://mycor.iam.inrae.fr/ARBRE/wp-content/uploads/2024/09/affiche-labex-2024-212x300.jpg" alt="" width="212" height="300" srcset="https://mycor.iam.inrae.fr/ARBRE/wp-content/uploads/2024/09/affiche-labex-2024-212x300.jpg 212w, https://mycor.iam.inrae.fr/ARBRE/wp-content/uploads/2024/09/affiche-labex-2024-724x1024.jpg 724w, https://mycor.iam.inrae.fr/ARBRE/wp-content/uploads/2024/09/affiche-labex-2024-768x1086.jpg 768w, https://mycor.iam.inrae.fr/ARBRE/wp-content/uploads/2024/09/affiche-labex-2024-424x600.jpg 424w, https://mycor.iam.inrae.fr/ARBRE/wp-content/uploads/2024/09/affiche-labex-2024-1086x1536.jpg 1086w, https://mycor.iam.inrae.fr/ARBRE/wp-content/uploads/2024/09/affiche-labex-2024-1448x2048.jpg 1448w, https://mycor.iam.inrae.fr/ARBRE/wp-content/uploads/2024/09/affiche-labex-2024-scaled.jpg 1810w" sizes="auto, (max-width: 212px) 100vw, 212px" /></a>PRESENTATION DU COLLOQUE</h1>
<p>_______________________________________</p>
<p style="text-align: justify;">Le LabEx ARBRE étudie les processus biologiques et écologiques qui conditionnent le fonctionnement, la productivité des écosystèmes forestiers et la qualité du bois et de ses dérivés, et s’inscrit dans des recherches, enseignements et innovations liés à la transition écologique et énergétique.</p>
<p style="text-align: justify;">Les objectifs sont de comprendre les mécanismes impliqués, de prévoir les réponses de ces écosystèmes face aux changements globaux (climatiques, anthropiques et biologiques) et d’identifier de nouvelles pistes de préservations et de valorisations. L’une des principales forces d’ARBRE est de rassembler en son sein un éventail très large de compétences disciplinaires et d’échelles d’analyse, permettant d’appréhender le fonctionnement des écosystèmes forestiers, la biodiversité associée, l’analyse de la ressource forêt-bois à différents niveaux depuis la molécule jusqu’au paysage et le développement de matériaux innovants issus du bois.</p>
<p style="text-align: justify;">Développer les interfaces entre les unités membres du LabEx pour mieux répondre à ces différents enjeux est le principal défi qu’ARBRE a relevé ces dernières années pour réussir l’intégration de ces disciplines et de ces échelles indispensables à la compréhension du fonctionnement particulièrement complexe des écosystèmes forestiers et de sa capacité à s’adapter aux changements globaux.</p>
<p style="text-align: justify;">Après plus de 10 années de fonctionnement, le Labex ARBRE voit sa fin arriver en décembre 2024. Dans ce contexte, l’édition 2024 du colloque scientifique du LabEx ARBRE aura pour but d’illustrer l’importance du temps long dans le développement de recherche, de concepts et d’outils d’animation et de formation. Il sera question des enjeux entre la fin de LabEx ARBRE, l’arrivée du programme interdisciplinaire ARTEMIS en termes de recherche, enseignement et innovation, mais aussi de notre positionnement vis-à-vis des attentes de la filière. Si les éditions précédentes étaient centrées sur des présentations des résultats obtenus dans le cadre des projets soutenus aux différents appels à projet, le programme de cette édition est conçu de manière à présenter des synthèses illustrant des travaux et développements couvrant les différents thèmes du LabEx (WP) qui ont profité de la dynamique impulsée par le LabEx ARBRE.</p>
<p style="text-align: justify;">Ce colloque se tiendra le mardi <strong>12 novembre 2024</strong> sur le Centre INRAE de Champenoux.</p>
<p>____________________________________________________________________</p>
<h1 style="text-align: center;">S&rsquo;INSCRIRE</h1>
<p style="text-align: center;">L&rsquo;inscription est gratuite mais <strong>obligatoire <span style="text-decoration: underline;">avant le 16 octobre 2024.</span><br />
<a href="https://sondages.inrae.fr/index.php/362621?lang=fr)" target="_blank" rel="noopener"><span style="color: #3366ff;">⇒ </span><span style="color: #0000ff;">Accéder au</span></a></strong><span style="color: #0000ff;"> <strong>formulaire d&rsquo;inscription</strong></span></p>
<h1>______________________________________________________________________</h1>
<pre><span style="font-size: 12pt; font-family: helvetica, arial, sans-serif;"><strong>Programme de la journée</strong></span></pre>
<p style="text-align: center;"><span style="color: #0000ff;"><em><strong><a href="https://mycor.iam.inrae.fr/ARBRE/wp-content/uploads/2024/10/Capture-decran-2024-10-07-095042.png"><img loading="lazy" decoding="async" class="alignnone size-full wp-image-13960" src="https://mycor.iam.inrae.fr/ARBRE/wp-content/uploads/2024/10/Capture-decran-2024-10-07-095042.png" alt="" width="638" height="794" srcset="https://mycor.iam.inrae.fr/ARBRE/wp-content/uploads/2024/10/Capture-decran-2024-10-07-095042.png 638w, https://mycor.iam.inrae.fr/ARBRE/wp-content/uploads/2024/10/Capture-decran-2024-10-07-095042-241x300.png 241w, https://mycor.iam.inrae.fr/ARBRE/wp-content/uploads/2024/10/Capture-decran-2024-10-07-095042-482x600.png 482w" sizes="auto, (max-width: 638px) 100vw, 638px" /></a></strong></em></span></p>
<p style="text-align: center;"><span style="color: #0000ff;"><a style="color: #0000ff;" href="https://mycor.iam.inrae.fr/ARBRE/wp-content/uploads/2024/10/Programme-colloque-Labex-12-11-24.docx" class="mtli_attachment mtli_docx" target="_blank" rel="noopener"><strong>⇒Téléchargez</strong><em><strong> le programme</strong></em></a></span></p>
<h1>_____________________________________________________________________</h1>
<h1 style="text-align: center;">INFORMATIONS PRATIQUES</h1>
<ul>
<li style="text-align: justify;"><span style="text-decoration: underline; color: #333333;"><strong>Accès<br />
</strong></span>Le Centre INRAE de Nancy est situé à Champenoux à environ une demi-heure de voiture du centre-ville de Nancy. Un bus est à votre disposition pour vous emmener de Nancy à Champenoux, le matin et le soir.<br />
Les bus du réseau TED desservent le site de l’INRA de Champenoux. Pour plus d’informations : <a style="text-align: justify;" href="http://www.ted.cg54.fr/">http://www.ted.cg54.fr/</a></li>
</ul>
<p style="text-align: justify; padding-left: 40px;">⇒ Découvrez la <strong><span style="color: #3366ff;"><a style="color: #3366ff;" href="https://mycor.iam.inrae.fr/ARBRE/wp-content/uploads/2022/10/Fiche_pratique_venue-Inrae-Champenoux.pdf" class="mtli_attachment mtli_pdf" target="_blank" rel="noopener">fiche pratique</a></span></strong> <span style="color: #000000;">pour vous rendre sur le Centre Inrae</span></p>

<p>PRESENTATION DU COLLOQUE _______________________________________ Le LabEx ARBRE étudie les processus biologiques et écologiques qui conditionnent le fonctionnement, la productivité des écosystèmes forestiers et la qualité du bois et de ses dérivés, et s’inscrit dans des recherches, enseignements et innovations liés &hellip; <a href="https://mycor.iam.inrae.fr/ARBRE/?page_id=13941">Continuer la lecture <span class="meta-nav">&rarr;</span></a></p>
