{"id":1491,"date":"2013-09-04T11:19:01","date_gmt":"2013-09-04T11:19:01","guid":{"rendered":"https:\/\/mycor.iam.inrae.fr\/ARBRE\/?page_id=1491"},"modified":"2015-09-16T10:13:55","modified_gmt":"2015-09-16T10:13:55","slug":"experimentarium","status":"publish","type":"page","link":"https:\/\/mycor.iam.inrae.fr\/ARBRE\/?page_id=1491","title":{"rendered":"Experimentarium"},"content":{"rendered":"<p style=\"text-align: left;\"><a href=\"https:\/\/mycor.iam.inrae.fr\/ARBRE\/wp-content\/uploads\/2013\/09\/experimentarium-new1.gif\"><img loading=\"lazy\" decoding=\"async\" class=\"alignleft  wp-image-5375\" title=\"experimentarium new\" src=\"https:\/\/mycor.iam.inrae.fr\/ARBRE\/wp-content\/uploads\/2013\/09\/experimentarium-new1-150x119.gif\" alt=\"\" width=\"185\" height=\"150\" \/><\/a><strong>Savoir parler de son m\u00e9tier et de ses recherches \u00e0 un public non-sp\u00e9cialiste : l\u2019Experimentarium en Lorraine<\/strong><del cite=\"mailto:Pascale%20Frey-Klett\" datetime=\"2013-08-27T10:09\"><\/del><del cite=\"mailto:Pascale%20Frey-Klett\" datetime=\"2013-08-27T10:09\"><\/del><\/p>\n<p><em>Responsable scientifique: \u00a0Pascale Frey-Klett et Annick Brun\u00a0 (UMR 1136 INRA \/ Universit\u00e9 de Lorraine \u00ab\u00a0Interactions Arbres\/Micro-organismes\u00a0\u00bb<\/em><\/p>\n<p><em>Collaborations\u00a0:\u00a0 Michelle Cussenot, vice-pr\u00e9sidente de La Vigie de l&rsquo;eau<\/em><\/p>\n<p>________________________________<\/p>\n<p><em><strong>Contexte et Objectifs<\/strong><\/em><strong> \u2014<\/strong> L&rsquo;Experimentarium vise \u00e0 rapprocher la science de la soci\u00e9t\u00e9 en permettant au public de rencontrer des jeunes chercheurs, et en faisant de cette\u00a0 rencontre un moment de d\u00e9couverte le plus riche possible.<\/p>\n<p>Les rencontres s\u2019organisent autour de questionnements et permettent au public de se rendre compte que la science est avant tout une activit\u00e9 humaine, faite d&rsquo;imagination, d&rsquo;observations, d&rsquo;hypoth\u00e8ses, de remises en question et de d\u00e9couvertes. Valid\u00e9 par l\u2019ensemble des Ecoles doctorales de Lorraine, l\u2019Experimentarium est un module professionnalisant propos\u00e9s aux doctorants, qui fonctionne depuis 2008 en R\u00e9gion Lorraine. Ce programme, n\u00e9 \u00e0 l\u2019Universit\u00e9 de Bourgogne, est port\u00e9 en Lorraine par l\u2019association La Vigie de l\u2019eau en \u00e9troite collaboration avec l\u2019INRA (<a href=\"http:\/\/www.lavigiedeleau.eu\/node\/62\">http:\/\/www.lavigiedeleau.eu\/node\/62<\/a>).<\/p>\n<p><em><strong>D\u00e9marche<\/strong><\/em><strong> \u2014 <\/strong>Accompagn\u00e9s par l\u2019\u00e9quipe p\u00e9dagogique de l\u2019Experimentarium, les jeunes chercheurs construisent \u00e0 partir de leur activit\u00e9 de recherche des ateliers interactifs et originaux, \u00e0 partir d\u2019exp\u00e9riences et d\u2019objets de leur quotidien qu\u2019ils ont choisis pour entra\u00eener le public au coeur de leur recherche. L\u2019originalit\u00e9 du fonctionnement de l\u2019Experimentarium en Lorraine est d\u2019animer des ateliers dans des zones rurales, tr\u00e8s \u00e9loign\u00e9es du monde de la recherche.<\/p>\n<p><em><strong>R\u00e9sultats et impacts attendus<\/strong><\/em><strong> \u2014 <\/strong>Il s\u2019agit avant tout de donner le go\u00fbt des sciences \u00e0 un large public, et de faire d\u00e9couvrir la d\u00e9marche de recherche et le m\u00e9tier de chercheur au plus grand nombre. Les doctorants qui suivent l\u2019Experimentarium apprennent \u00e0 \u00eatre disponible face au questionnement de non-sp\u00e9cialistes. Ils apprennent \u00e0 parler de leur activit\u00e9 de chercheur et \u00e0 partager leur passion de la recherche. Ils prennent du recul sur le sens de leur recherche, leur propre pratique de la d\u00e9marche scientifique ainsi que sur leur m\u00e9tier au quotidien.<\/p>\n","protected":false},"excerpt":{"rendered":"<p>Savoir parler de son m\u00e9tier et de ses recherches \u00e0 un public non-sp\u00e9cialiste : l\u2019Experimentarium en Lorraine Responsable scientifique: \u00a0Pascale Frey-Klett et Annick Brun\u00a0 (UMR 1136 INRA \/ Universit\u00e9 de Lorraine \u00ab\u00a0Interactions Arbres\/Micro-organismes\u00a0\u00bb Collaborations\u00a0:\u00a0 Michelle Cussenot, vice-pr\u00e9sidente de La Vigie &hellip; <a href=\"https:\/\/mycor.iam.inrae.fr\/ARBRE\/?page_id=1491\">Continuer la lecture <span class=\"meta-nav\">&rarr;<\/span><\/a><\/p>\n","protected":false},"author":2,"featured_media":0,"parent":2122,"menu_order":0,"comment_status":"closed","ping_status":"open","template":"","meta":{"footnotes":""},"class_list":["post-1491","page","type-page","status-publish","hentry"],"_links":{"self":[{"href":"https:\/\/mycor.iam.inrae.fr\/ARBRE\/index.php?rest_route=\/wp\/v2\/pages\/1491","targetHints":{"allow":["GET"]}}],"collection":[{"href":"https:\/\/mycor.iam.inrae.fr\/ARBRE\/index.php?rest_route=\/wp\/v2\/pages"}],"about":[{"href":"https:\/\/mycor.iam.inrae.fr\/ARBRE\/index.php?rest_route=\/wp\/v2\/types\/page"}],"author":[{"embeddable":true,"href":"https:\/\/mycor.iam.inrae.fr\/ARBRE\/index.php?rest_route=\/wp\/v2\/users\/2"}],"replies":[{"embeddable":true,"href":"https:\/\/mycor.iam.inrae.fr\/ARBRE\/index.php?rest_route=%2Fwp%2Fv2%2Fcomments&post=1491"}],"version-history":[{"count":0,"href":"https:\/\/mycor.iam.inrae.fr\/ARBRE\/index.php?rest_route=\/wp\/v2\/pages\/1491\/revisions"}],"up":[{"embeddable":true,"href":"https:\/\/mycor.iam.inrae.fr\/ARBRE\/index.php?rest_route=\/wp\/v2\/pages\/2122"}],"wp:attachment":[{"href":"https:\/\/mycor.iam.inrae.fr\/ARBRE\/index.php?rest_route=%2Fwp%2Fv2%2Fmedia&parent=1491"}],"curies":[{"name":"wp","href":"https:\/\/api.w.org\/{rel}","templated":true}]}}