{"id":2450,"date":"2013-11-21T14:30:00","date_gmt":"2013-11-21T14:30:00","guid":{"rendered":"https:\/\/mycor.iam.inrae.fr\/ARBRE\/?page_id=2450"},"modified":"2015-06-16T11:28:24","modified_gmt":"2015-06-16T11:28:24","slug":"fen-excaliber","status":"publish","type":"page","link":"https:\/\/mycor.iam.inrae.fr\/ARBRE\/?page_id=2450","title":{"rendered":"FEN-EXCALIBUR"},"content":{"rendered":"<p><a href=\"https:\/\/mycor.iam.inrae.fr\/ARBRE\/wp-content\/uploads\/2013\/11\/FEN-affiche2.png\"><img loading=\"lazy\" decoding=\"async\" class=\"alignleft size-medium wp-image-2458\" title=\"FEN affiche\" src=\"https:\/\/mycor.iam.inrae.fr\/ARBRE\/wp-content\/uploads\/2013\/11\/FEN-affiche2-137x300.png\" alt=\"\" width=\"137\" height=\"300\" srcset=\"https:\/\/mycor.iam.inrae.fr\/ARBRE\/wp-content\/uploads\/2013\/11\/FEN-affiche2-137x300.png 137w, https:\/\/mycor.iam.inrae.fr\/ARBRE\/wp-content\/uploads\/2013\/11\/FEN-affiche2.png 269w\" sizes=\"auto, (max-width: 137px) 100vw, 137px\" \/><\/a><strong>D\u00e9velopper les capacit\u00e9s, de biblioth\u00e8ques et de visibilit\u00e9 dans l&rsquo;enseignement sup\u00e9rieur sur les for\u00eats europ\u00e9ennes et leur environnement<\/strong><\/p>\n<p><em>Responsable scientifique: Jean-Daniel BONTEMPS ( UMR 1092 Laboratoire d&rsquo;Etude des Ressources For\u00eat-Bois )<\/em><\/p>\n<p><em>Partenaires Labex:\u00a0 UMR 1137 Ecologie Ecophysiologie Foresti\u00e8res <\/em><\/p>\n<p><em>Collaborations: Daniel Epron (UMR 1137 EEF), David Gasparotto (Centre de Documentation, AgroParisTech) <\/em><\/p>\n<p>&nbsp;<\/p>\n<p><strong><em>Contexte<\/em><\/strong><strong> \u2014 <\/strong>Forests and their Environment (FEN) est une nouvelle sp\u00e9cialit\u00e9 du master FAGE (septembre 2013), cohabilit\u00e9e par l&rsquo;Universit\u00e9 de Lorraine et par AgroParisTech, \u00e0 vocation internationale et assur\u00e9e en Anglais. Elle vise \u00e0 former une quinzaine d&rsquo;\u00e9tudiants sur la compr\u00e9hension de l&rsquo;organisation, du fonctionnement et de la dynamique des \u00e9cosyst\u00e8mes forestiers temp\u00e9r\u00e9s, et au d\u00e9veloppement d&rsquo;outils quantitatifs pour leur gestion durable dans le contexte des changements environnementaux globaux. Elle pr\u00e9pare \u00e0 des carri\u00e8res scientifiques dans des institutions conduisant des recherches sur l&rsquo;\u00e9cologie et la gestion foresti\u00e8re, et \u00e0 des carri\u00e8res de R&amp;D et d&rsquo;expertise sur le diagnostic environnemental des \u00e9cosyst\u00e8mes forestiers.<\/p>\n<p><strong><strong><em>Objectifs<\/em><\/strong><strong> \u2014 <\/strong><\/strong>Promouvoir la visibilit\u00e9 et l&rsquo;attractivit\u00e9 nationale et internationale de FEN comme programme d&rsquo;enseignement sup\u00e9rieur sur les \u00e9cosyst\u00e8mes forestiers. D\u00e9velopper les ressources documentaires scientifiques en Anglais \u00e0 vocation p\u00e9dagogique et promouvoir leur acc\u00e8s aupr\u00e8s des \u00e9tudiants.<\/p>\n<p><strong><em>D\u00e9marche<\/em><\/strong><strong> \u2014<\/strong> Le projet se structure en deux actions. La premi\u00e8re vise \u00e0 soutenir a) l&rsquo;intervention de conf\u00e9renciers \u00e9trangers ou issus d&rsquo;autres centres de recherche et d&rsquo;enseignement sup\u00e9rieurs en France dans la sp\u00e9cialit\u00e9, b) l&rsquo;introduction de tourn\u00e9es\/visites d&rsquo;\u00e9tudiants sur des sites exp\u00e9rimentaux ou contextes forestiers en support aux enseignements conceptuels. La seconde vise \u00e0 soutenir l&rsquo;acquisition de s\u00e9ries d&rsquo;ouvrages scientifiques et de titres de p\u00e9riodiques en langue anglaise \u00e0 l&rsquo;usage des \u00e9tudiants, ainsi que leur promotion aupr\u00e8s de ce public.<\/p>\n<p><strong><em>R\u00e9sultats et impacts attendus<\/em><\/strong><strong> \u2014<\/strong> La reconnaissance de FEN au sein d&rsquo;une communaut\u00e9 de recherche et d&rsquo;enseignement sup\u00e9rieur, dans des domaines aussi vari\u00e9s que l&rsquo;\u00e9cologie, la g\u00e9n\u00e9tique, la mod\u00e9lisation, et l&rsquo;\u00e9conomie foresti\u00e8res. La promotion de FEN au sein des communaut\u00e9s \u00e9tudiantes comme un programme d&rsquo;\u00e9tudes original, attractif et stimulant.<\/p>\n<p>&nbsp;<\/p>\n<p><strong><br \/>\n<\/strong><\/p>\n","protected":false},"excerpt":{"rendered":"<p>D\u00e9velopper les capacit\u00e9s, de biblioth\u00e8ques et de visibilit\u00e9 dans l&rsquo;enseignement sup\u00e9rieur sur les for\u00eats europ\u00e9ennes et leur environnement Responsable scientifique: Jean-Daniel BONTEMPS ( UMR 1092 Laboratoire d&rsquo;Etude des Ressources For\u00eat-Bois ) Partenaires Labex:\u00a0 UMR 1137 Ecologie Ecophysiologie Foresti\u00e8res Collaborations: Daniel &hellip; <a href=\"https:\/\/mycor.iam.inrae.fr\/ARBRE\/?page_id=2450\">Continuer la lecture <span class=\"meta-nav\">&rarr;<\/span><\/a><\/p>\n","protected":false},"author":4,"featured_media":0,"parent":2122,"menu_order":0,"comment_status":"closed","ping_status":"open","template":"","meta":{"footnotes":""},"class_list":["post-2450","page","type-page","status-publish","hentry"],"_links":{"self":[{"href":"https:\/\/mycor.iam.inrae.fr\/ARBRE\/index.php?rest_route=\/wp\/v2\/pages\/2450","targetHints":{"allow":["GET"]}}],"collection":[{"href":"https:\/\/mycor.iam.inrae.fr\/ARBRE\/index.php?rest_route=\/wp\/v2\/pages"}],"about":[{"href":"https:\/\/mycor.iam.inrae.fr\/ARBRE\/index.php?rest_route=\/wp\/v2\/types\/page"}],"author":[{"embeddable":true,"href":"https:\/\/mycor.iam.inrae.fr\/ARBRE\/index.php?rest_route=\/wp\/v2\/users\/4"}],"replies":[{"embeddable":true,"href":"https:\/\/mycor.iam.inrae.fr\/ARBRE\/index.php?rest_route=%2Fwp%2Fv2%2Fcomments&post=2450"}],"version-history":[{"count":0,"href":"https:\/\/mycor.iam.inrae.fr\/ARBRE\/index.php?rest_route=\/wp\/v2\/pages\/2450\/revisions"}],"up":[{"embeddable":true,"href":"https:\/\/mycor.iam.inrae.fr\/ARBRE\/index.php?rest_route=\/wp\/v2\/pages\/2122"}],"wp:attachment":[{"href":"https:\/\/mycor.iam.inrae.fr\/ARBRE\/index.php?rest_route=%2Fwp%2Fv2%2Fmedia&parent=2450"}],"curies":[{"name":"wp","href":"https:\/\/api.w.org\/{rel}","templated":true}]}}

<p><a href="https://mycor.iam.inrae.fr/ARBRE/wp-content/uploads/2013/11/FEN-affiche2.png"><img loading="lazy" decoding="async" class="alignleft size-medium wp-image-2458" title="FEN affiche" src="https://mycor.iam.inrae.fr/ARBRE/wp-content/uploads/2013/11/FEN-affiche2-137x300.png" alt="" width="137" height="300" srcset="https://mycor.iam.inrae.fr/ARBRE/wp-content/uploads/2013/11/FEN-affiche2-137x300.png 137w, https://mycor.iam.inrae.fr/ARBRE/wp-content/uploads/2013/11/FEN-affiche2.png 269w" sizes="auto, (max-width: 137px) 100vw, 137px" /></a><strong>Développer les capacités, de bibliothèques et de visibilité dans l&rsquo;enseignement supérieur sur les forêts européennes et leur environnement</strong></p>
<p><em>Responsable scientifique: Jean-Daniel BONTEMPS ( UMR 1092 Laboratoire d&rsquo;Etude des Ressources Forêt-Bois )</em></p>
<p><em>Partenaires Labex:  UMR 1137 Ecologie Ecophysiologie Forestières </em></p>
<p><em>Collaborations: Daniel Epron (UMR 1137 EEF), David Gasparotto (Centre de Documentation, AgroParisTech) </em></p>
<p>&nbsp;</p>
<p><strong><em>Contexte</em></strong><strong> — </strong>Forests and their Environment (FEN) est une nouvelle spécialité du master FAGE (septembre 2013), cohabilitée par l&rsquo;Université de Lorraine et par AgroParisTech, à vocation internationale et assurée en Anglais. Elle vise à former une quinzaine d&rsquo;étudiants sur la compréhension de l&rsquo;organisation, du fonctionnement et de la dynamique des écosystèmes forestiers tempérés, et au développement d&rsquo;outils quantitatifs pour leur gestion durable dans le contexte des changements environnementaux globaux. Elle prépare à des carrières scientifiques dans des institutions conduisant des recherches sur l&rsquo;écologie et la gestion forestière, et à des carrières de R&amp;D et d&rsquo;expertise sur le diagnostic environnemental des écosystèmes forestiers.</p>
<p><strong><strong><em>Objectifs</em></strong><strong> — </strong></strong>Promouvoir la visibilité et l&rsquo;attractivité nationale et internationale de FEN comme programme d&rsquo;enseignement supérieur sur les écosystèmes forestiers. Développer les ressources documentaires scientifiques en Anglais à vocation pédagogique et promouvoir leur accès auprès des étudiants.</p>
<p><strong><em>Démarche</em></strong><strong> —</strong> Le projet se structure en deux actions. La première vise à soutenir a) l&rsquo;intervention de conférenciers étrangers ou issus d&rsquo;autres centres de recherche et d&rsquo;enseignement supérieurs en France dans la spécialité, b) l&rsquo;introduction de tournées/visites d&rsquo;étudiants sur des sites expérimentaux ou contextes forestiers en support aux enseignements conceptuels. La seconde vise à soutenir l&rsquo;acquisition de séries d&rsquo;ouvrages scientifiques et de titres de périodiques en langue anglaise à l&rsquo;usage des étudiants, ainsi que leur promotion auprès de ce public.</p>
<p><strong><em>Résultats et impacts attendus</em></strong><strong> —</strong> La reconnaissance de FEN au sein d&rsquo;une communauté de recherche et d&rsquo;enseignement supérieur, dans des domaines aussi variés que l&rsquo;écologie, la génétique, la modélisation, et l&rsquo;économie forestières. La promotion de FEN au sein des communautés étudiantes comme un programme d&rsquo;études original, attractif et stimulant.</p>
<p>&nbsp;</p>
<p><strong><br />
</strong></p>

<p>Développer les capacités, de bibliothèques et de visibilité dans l&rsquo;enseignement supérieur sur les forêts européennes et leur environnement Responsable scientifique: Jean-Daniel BONTEMPS ( UMR 1092 Laboratoire d&rsquo;Etude des Ressources Forêt-Bois ) Partenaires Labex:  UMR 1137 Ecologie Ecophysiologie Forestières Collaborations: Daniel &hellip; <a href="https://mycor.iam.inrae.fr/ARBRE/?page_id=2450">Continuer la lecture <span class="meta-nav">&rarr;</span></a></p>
