{"id":263,"date":"2013-01-21T13:04:28","date_gmt":"2013-01-21T13:04:28","guid":{"rendered":"https:\/\/mycor.iam.inrae.fr\/ARBRE\/?page_id=263"},"modified":"2022-10-24T12:17:09","modified_gmt":"2022-10-24T12:17:09","slug":"valorisation","status":"publish","type":"page","link":"https:\/\/mycor.iam.inrae.fr\/ARBRE\/?page_id=263","title":{"rendered":"Valorisation"},"content":{"rendered":"<p><strong>Contexte \u2014<\/strong><\/p>\n<p style=\"text-align: justify;\">Notre contexte \u00e9conomique et social est marqu\u00e9 par une perte tendancielle des emplois industriels, ce qui r\u00e9sulte de la d\u00e9localisation des moyens de production vers les pays \u00e0 plus faibles co\u00fbts de main d\u2019\u0153uvre. Le maintien durable de notre niveau de vie implique la mise en \u0153uvre d\u2019une politique ambitieuse d\u2019innovation et de valorisation des travaux de recherche. Cela passe par une meilleure articulation entre notre premi\u00e8re mission, la recherche pour la production de connaissances scientifiques, et nos autres missions dont la formation, l\u2019expertise, l\u2019innovation et la valorisation.<\/p>\n<p style=\"text-align: justify;\">La valorisation des travaux de recherches doit conduire \u00e0 un impact \u00e9conomique et d\u00e9boucher directement ou indirectement sur des produits et des nouveaux proc\u00e9d\u00e9s utilisables par les partenaires des travaux r\u00e9alis\u00e9s qu\u2019ils soient industriels ou bien repr\u00e9sentants de la puissance publique impliqu\u00e9s dans la valorisation de nos ressources naturelles.<\/p>\n<p style=\"text-align: justify;\">Il faut donc mieux appr\u00e9hender les besoins pr\u00e9sents et futurs de notre \u00e9cosyst\u00e8me industriel, la fili\u00e8re bois, en concevant tout ou partie de nos projets de recherche de mani\u00e8re \u00e0 les positionner explicitement dans une d\u00e9marche de valorisation.<\/p>\n<p><b><br \/>\n<\/b><strong>Strat\u00e9gie<\/strong>\u00a0 <strong>\u2014<\/strong><b><br \/>\n<\/b><\/p>\n<p style=\"text-align: justify;\">Le Labex ARBRE a donc explicitement pr\u00e9vu de conduire des actions de valorisation en suscitant une d\u00e9marche de co-construction de projets \u00e9ligibles aux financements du Labex. Cela se traduit par (i) l\u2019implication dans ARBRE des acteurs de la R&amp;D de la fili\u00e8re for\u00eat-bois publique et priv\u00e9e (ONF, CNPF, CRIT Bois, P\u00f4le Fibres) (ii) par l\u2019engagement de produire des outils d\u2019aide \u00e0 la gestion foresti\u00e8re, de nouveaux proc\u00e9d\u00e9s et produits bio-sourc\u00e9s y compris des brevets (iii) par une politique active d\u2019incitation \u00e0 la valorisation au travers de l\u2019appel d\u2019offre \u00e0 projets annuel du Labex.<\/p>\n<p style=\"text-align: justify;\">L\u2019analyse des projets soutenus en 2012 (4 projets) ,2013 (3 projets) et 2014 (6 projets) montre qu\u2019ils repr\u00e9sentent 27% des cr\u00e9dits engag\u00e9s, qu\u2019ils couvrent bien les domaines de valorisation cibl\u00e9s mais que la d\u00e9marche de co-construction avec les utilisateurs peut \u00eatre am\u00e9lior\u00e9e.<\/p>\n<p style=\"text-align: justify;\">Pour progresser vers cet objectif de co-construction et donc d\u2019implication plus forte des partenaires de R&amp;D, le comit\u00e9 ex\u00e9cutif a consult\u00e9 les acteurs du Labex impliqu\u00e9s dans la valorisation et fait \u00e9voluer les termes de l\u2019appel \u00e0 projet 2015. Les projets de valorisation sont \u00e0 pr\u00e9sent \u00e9ligibles au financement de projets interdisciplinaires, la cat\u00e9gorie la mieux dot\u00e9e<\/p>\n<p><span style=\"color: #3366ff;\"><a style=\"color: #3366ff;\" href=\"https:\/\/mycor.iam.inrae.fr\/ARBRE\/?page_id=481\">=&gt; Les projets de valorisation<\/a><\/span><\/p>\n<p><a href=\"https:\/\/mycor.iam.inrae.fr\/ARBRE\/wp-content\/uploads\/2013\/01\/KNOWL.png\"><img loading=\"lazy\" decoding=\"async\" class=\" wp-image-7454 aligncenter\" src=\"https:\/\/mycor.iam.inrae.fr\/ARBRE\/wp-content\/uploads\/2013\/01\/KNOWL.png\" alt=\"KNOWL\" width=\"373\" height=\"171\" \/><\/a><a href=\"https:\/\/mycor.iam.inrae.fr\/ARBRE\/wp-content\/uploads\/2022\/09\/Bandeau.png.jpg\"><img loading=\"lazy\" decoding=\"async\" class=\"aligncenter size-full wp-image-12850\" src=\"https:\/\/mycor.iam.inrae.fr\/ARBRE\/wp-content\/uploads\/2022\/09\/Bandeau.png.jpg\" alt=\"\" width=\"1898\" height=\"194\" srcset=\"https:\/\/mycor.iam.inrae.fr\/ARBRE\/wp-content\/uploads\/2022\/09\/Bandeau.png.jpg 1898w, https:\/\/mycor.iam.inrae.fr\/ARBRE\/wp-content\/uploads\/2022\/09\/Bandeau.png-300x31.jpg 300w, https:\/\/mycor.iam.inrae.fr\/ARBRE\/wp-content\/uploads\/2022\/09\/Bandeau.png-1024x105.jpg 1024w, https:\/\/mycor.iam.inrae.fr\/ARBRE\/wp-content\/uploads\/2022\/09\/Bandeau.png-768x78.jpg 768w, https:\/\/mycor.iam.inrae.fr\/ARBRE\/wp-content\/uploads\/2022\/09\/Bandeau.png-800x82.jpg 800w, https:\/\/mycor.iam.inrae.fr\/ARBRE\/wp-content\/uploads\/2022\/09\/Bandeau.png-1536x157.jpg 1536w, https:\/\/mycor.iam.inrae.fr\/ARBRE\/wp-content\/uploads\/2022\/09\/Bandeau.png-500x51.jpg 500w\" sizes=\"auto, (max-width: 1898px) 100vw, 1898px\" \/><\/a><\/p>\n","protected":false},"excerpt":{"rendered":"<p>Contexte \u2014 Notre contexte \u00e9conomique et social est marqu\u00e9 par une perte tendancielle des emplois industriels, ce qui r\u00e9sulte de la d\u00e9localisation des moyens de production vers les pays \u00e0 plus faibles co\u00fbts de main d\u2019\u0153uvre. Le maintien durable de &hellip; <a href=\"https:\/\/mycor.iam.inrae.fr\/ARBRE\/?page_id=263\">Continuer la lecture <span class=\"meta-nav\">&rarr;<\/span><\/a><\/p>\n","protected":false},"author":2,"featured_media":0,"parent":0,"menu_order":3,"comment_status":"closed","ping_status":"closed","template":"","meta":{"footnotes":""},"class_list":["post-263","page","type-page","status-publish","hentry"],"_links":{"self":[{"href":"https:\/\/mycor.iam.inrae.fr\/ARBRE\/index.php?rest_route=\/wp\/v2\/pages\/263","targetHints":{"allow":["GET"]}}],"collection":[{"href":"https:\/\/mycor.iam.inrae.fr\/ARBRE\/index.php?rest_route=\/wp\/v2\/pages"}],"about":[{"href":"https:\/\/mycor.iam.inrae.fr\/ARBRE\/index.php?rest_route=\/wp\/v2\/types\/page"}],"author":[{"embeddable":true,"href":"https:\/\/mycor.iam.inrae.fr\/ARBRE\/index.php?rest_route=\/wp\/v2\/users\/2"}],"replies":[{"embeddable":true,"href":"https:\/\/mycor.iam.inrae.fr\/ARBRE\/index.php?rest_route=%2Fwp%2Fv2%2Fcomments&post=263"}],"version-history":[{"count":0,"href":"https:\/\/mycor.iam.inrae.fr\/ARBRE\/index.php?rest_route=\/wp\/v2\/pages\/263\/revisions"}],"wp:attachment":[{"href":"https:\/\/mycor.iam.inrae.fr\/ARBRE\/index.php?rest_route=%2Fwp%2Fv2%2Fmedia&parent=263"}],"curies":[{"name":"wp","href":"https:\/\/api.w.org\/{rel}","templated":true}]}}