{"id":2948,"date":"2014-01-22T12:09:51","date_gmt":"2014-01-22T12:09:51","guid":{"rendered":"https:\/\/mycor.iam.inrae.fr\/ARBRE\/?page_id=2948"},"modified":"2017-03-24T13:56:06","modified_gmt":"2017-03-24T13:56:06","slug":"sifer","status":"publish","type":"page","link":"https:\/\/mycor.iam.inrae.fr\/ARBRE\/?page_id=2948","title":{"rendered":"SIFER"},"content":{"rendered":"<p style=\"text-align: center;\"><strong>Module de formation doctorale <\/strong><\/p>\n<p style=\"text-align: center;\"><strong>\u00ab\u00a0Les isotopes stables pour la recherche sur les \u00e9cosyst\u00e8mes forestiers\u00a0\u00bb<\/strong><\/p>\n<p><span style=\"text-decoration: underline;\">Responsable scientifique :<\/span> Daniel Epron (UMR 1137 Ecologie et Ecophysiologie Foresti\u00e8res &#8211; <em>EEF<\/em>)<\/p>\n<p><span style=\"text-decoration: underline;\">Partenaires Labex :<\/span> Pascale Maillard, Pierrick Priault, Caroline Plain, Dominique G\u00e9rant, St\u00e9phane Ponton, Oliver Brendel, Dorine Desalme (UMR 1137 Ecologie et Ecophysiologie Foresti\u00e8res &#8211; <em>EEF<\/em>); Nicolas Angeli, Christian Hossan, Claude Br\u00e9chet, Carole Antoine (Plateforme Technique d\u2019Ecologie Fonctionnelle); Delphine Derrien, Bernd Zeller, Arnaud Legout (UR 1138 Biog\u00e9ochimie des Ecosyst\u00e8mes Forestiers &#8211; <em>BEF<\/em>)<\/p>\n<p>_________________________________________<\/p>\n<p><strong>Contexte \u2014<\/strong> Beaucoup des processus impliqu\u00e9s dans le fonctionnement des for\u00eats laissent une empreinte isotopique qui permet de tracer l\u2019origine et le transfert des principaux \u00e9l\u00e9ments dans ces processus, d\u2019\u00e9tudier les effets des changements environnementaux sur les voies m\u00e9taboliques, et comprendre les interactions complexes entre les compartiments des arbres et de l\u2019\u00e9cosyst\u00e8me.<\/p>\n<p><strong>Objectifs \u2014<\/strong> Le principal objectif du module de formation doctorale SIFER est d\u2019offrir une large introduction \u00e0 l\u2019utilisation des isotopes stables pour la recherche sur les \u00e9cosyst\u00e8mes forestiers. Les isotopes stables fournissent des informations pertinentes pour la recherche sur les \u00e9cosyst\u00e8mes forestiers et sont des outils puissants dont la m\u00e9trologie b\u00e9n\u00e9ficie de d\u00e9veloppements technologiques tr\u00e8s rapides.<\/p>\n<p><strong>D\u00e9marche \u2014<\/strong> Les cours donneront un aper\u00e7u des principaux isotopes stables pour le carbone, l\u2019azote et l\u2019eau utilis\u00e9e en recherche sur les \u00e9cosyst\u00e8mes forestiers, sur les processus de fractionnement qui affectent la distribution des isotopes dans les diff\u00e9rents compartiments de l\u2019\u00e9cosyst\u00e8me, leur utilisation comme traceur en abondance naturelle ou par le biais de marquage et sur la mod\u00e9lisation \u00e0 diff\u00e9rentes \u00e9chelles spatiales et temporelles. Les questions relatives \u00e0 l\u2019instrumentation, aux choix technologiques et \u00e0 la qualit\u00e9 des mesures seront \u00e9galement abord\u00e9es. Des travaux pratiques et des exercices seront r\u00e9alis\u00e9s tout au long de la semaine en petits groupes, en s\u2019appuyant sur les \u00e9quipements de la Plateforme Technologique d\u2019Ecologie Fonctionnelle.<\/p>\n<p>&nbsp;<\/p>\n<p style=\"text-align: center;\"><strong>SIFER<\/strong> vise \u00e0 contribuer \u00e0 la reconnaissance de la Lorraine comme le premier centre europ\u00e9en d&rsquo;\u00e9tudes des isotopes stables dans les \u00e9cosyst\u00e8mes forestiers, avec l&rsquo;ambition d\u2019\u00eatre la formation num\u00e9ro 1 en Europe.<\/p>\n<p>&nbsp;<\/p>\n","protected":false},"excerpt":{"rendered":"<p>Module de formation doctorale \u00ab\u00a0Les isotopes stables pour la recherche sur les \u00e9cosyst\u00e8mes forestiers\u00a0\u00bb Responsable scientifique : Daniel Epron (UMR 1137 Ecologie et Ecophysiologie Foresti\u00e8res &#8211; EEF) Partenaires Labex : Pascale Maillard, Pierrick Priault, Caroline Plain, Dominique G\u00e9rant, St\u00e9phane Ponton, &hellip; <a href=\"https:\/\/mycor.iam.inrae.fr\/ARBRE\/?page_id=2948\">Continuer la lecture <span class=\"meta-nav\">&rarr;<\/span><\/a><\/p>\n","protected":false},"author":4,"featured_media":0,"parent":2122,"menu_order":0,"comment_status":"closed","ping_status":"open","template":"","meta":{"footnotes":""},"class_list":["post-2948","page","type-page","status-publish","hentry"],"_links":{"self":[{"href":"https:\/\/mycor.iam.inrae.fr\/ARBRE\/index.php?rest_route=\/wp\/v2\/pages\/2948","targetHints":{"allow":["GET"]}}],"collection":[{"href":"https:\/\/mycor.iam.inrae.fr\/ARBRE\/index.php?rest_route=\/wp\/v2\/pages"}],"about":[{"href":"https:\/\/mycor.iam.inrae.fr\/ARBRE\/index.php?rest_route=\/wp\/v2\/types\/page"}],"author":[{"embeddable":true,"href":"https:\/\/mycor.iam.inrae.fr\/ARBRE\/index.php?rest_route=\/wp\/v2\/users\/4"}],"replies":[{"embeddable":true,"href":"https:\/\/mycor.iam.inrae.fr\/ARBRE\/index.php?rest_route=%2Fwp%2Fv2%2Fcomments&post=2948"}],"version-history":[{"count":0,"href":"https:\/\/mycor.iam.inrae.fr\/ARBRE\/index.php?rest_route=\/wp\/v2\/pages\/2948\/revisions"}],"up":[{"embeddable":true,"href":"https:\/\/mycor.iam.inrae.fr\/ARBRE\/index.php?rest_route=\/wp\/v2\/pages\/2122"}],"wp:attachment":[{"href":"https:\/\/mycor.iam.inrae.fr\/ARBRE\/index.php?rest_route=%2Fwp%2Fv2%2Fmedia&parent=2948"}],"curies":[{"name":"wp","href":"https:\/\/api.w.org\/{rel}","templated":true}]}}

<p style="text-align: center;"><strong>Module de formation doctorale </strong></p>
<p style="text-align: center;"><strong>« Les isotopes stables pour la recherche sur les écosystèmes forestiers »</strong></p>
<p><span style="text-decoration: underline;">Responsable scientifique :</span> Daniel Epron (UMR 1137 Ecologie et Ecophysiologie Forestières &#8211; <em>EEF</em>)</p>
<p><span style="text-decoration: underline;">Partenaires Labex :</span> Pascale Maillard, Pierrick Priault, Caroline Plain, Dominique Gérant, Stéphane Ponton, Oliver Brendel, Dorine Desalme (UMR 1137 Ecologie et Ecophysiologie Forestières &#8211; <em>EEF</em>); Nicolas Angeli, Christian Hossan, Claude Bréchet, Carole Antoine (Plateforme Technique d’Ecologie Fonctionnelle); Delphine Derrien, Bernd Zeller, Arnaud Legout (UR 1138 Biogéochimie des Ecosystèmes Forestiers &#8211; <em>BEF</em>)</p>
<p>_________________________________________</p>
<p><strong>Contexte —</strong> Beaucoup des processus impliqués dans le fonctionnement des forêts laissent une empreinte isotopique qui permet de tracer l’origine et le transfert des principaux éléments dans ces processus, d’étudier les effets des changements environnementaux sur les voies métaboliques, et comprendre les interactions complexes entre les compartiments des arbres et de l’écosystème.</p>
<p><strong>Objectifs —</strong> Le principal objectif du module de formation doctorale SIFER est d’offrir une large introduction à l’utilisation des isotopes stables pour la recherche sur les écosystèmes forestiers. Les isotopes stables fournissent des informations pertinentes pour la recherche sur les écosystèmes forestiers et sont des outils puissants dont la métrologie bénéficie de développements technologiques très rapides.</p>
<p><strong>Démarche —</strong> Les cours donneront un aperçu des principaux isotopes stables pour le carbone, l’azote et l’eau utilisée en recherche sur les écosystèmes forestiers, sur les processus de fractionnement qui affectent la distribution des isotopes dans les différents compartiments de l’écosystème, leur utilisation comme traceur en abondance naturelle ou par le biais de marquage et sur la modélisation à différentes échelles spatiales et temporelles. Les questions relatives à l’instrumentation, aux choix technologiques et à la qualité des mesures seront également abordées. Des travaux pratiques et des exercices seront réalisés tout au long de la semaine en petits groupes, en s’appuyant sur les équipements de la Plateforme Technologique d’Ecologie Fonctionnelle.</p>
<p>&nbsp;</p>
<p style="text-align: center;"><strong>SIFER</strong> vise à contribuer à la reconnaissance de la Lorraine comme le premier centre européen d&rsquo;études des isotopes stables dans les écosystèmes forestiers, avec l&rsquo;ambition d’être la formation numéro 1 en Europe.</p>
<p>&nbsp;</p>

<p>Module de formation doctorale « Les isotopes stables pour la recherche sur les écosystèmes forestiers » Responsable scientifique : Daniel Epron (UMR 1137 Ecologie et Ecophysiologie Forestières &#8211; EEF) Partenaires Labex : Pascale Maillard, Pierrick Priault, Caroline Plain, Dominique Gérant, Stéphane Ponton, &hellip; <a href="https://mycor.iam.inrae.fr/ARBRE/?page_id=2948">Continuer la lecture <span class="meta-nav">&rarr;</span></a></p>
