{"id":5321,"date":"2014-06-24T13:36:10","date_gmt":"2014-06-24T13:36:10","guid":{"rendered":"https:\/\/mycor.iam.inrae.fr\/ARBRE\/?page_id=5321"},"modified":"2015-12-16T15:56:54","modified_gmt":"2015-12-16T15:56:54","slug":"remix","status":"publish","type":"page","link":"https:\/\/mycor.iam.inrae.fr\/ARBRE\/?page_id=5321","title":{"rendered":"REMIX"},"content":{"rendered":"<p><a href=\"https:\/\/mycor.iam.inrae.fr\/ARBRE\/wp-content\/uploads\/2014\/06\/Screenshot-2015-12-15-11.56.05.png\"><img loading=\"lazy\" decoding=\"async\" class=\"alignleft size-full wp-image-8791\" src=\"https:\/\/mycor.iam.inrae.fr\/ARBRE\/wp-content\/uploads\/2014\/06\/Screenshot-2015-12-15-11.56.05.png\" alt=\"Screenshot 2015-12-15 11.56.05\" width=\"753\" height=\"296\" \/><\/a><\/p>\n<p>&nbsp;<\/p>\n<p><strong>Resilience of mixed beech-Scots pine forests to climate change<\/strong><\/p>\n<p><em>Responsable scientifique\u00a0<\/em>: Ignacio Babeito (UMR 1092 Laboratoire d&rsquo;Etude des Ressources For\u00eats-Bois &#8211; LERFOB)<\/p>\n<p><em>Partenaires Labex\u00a0:<\/em> Office National des Forets (ONF)<\/p>\n<p><em>Collaboration\u00a0: <\/em>Catherine Collet, Fran\u00e7ois Ningre (UMR Lerfob), Myriam Legay, Alexandre Piboule (ONF)<\/p>\n<p>____________________________<\/p>\n<p><strong>Contexte<\/strong>\u2014 Une gestion ad\u00e9quate des for\u00eats melang\u00e9es peut contribuer \u00e0 l&rsquo;optimisation de la production de bois et du stockage du carbone, tout en ayant des for\u00eats plus r\u00e9sistantes au changement climatique. Cependant, il a \u00e9t\u00e9 d\u00e9montr\u00e9 que les effets du m\u00e9lange varient avec les conditions environnementales et notamment avec les gradients de disponibilit\u00e9 en ressources. Il est donc n\u00e9cessaire de r\u00e9aliser des \u00e9tudes pour mieux comprendre les relations entre la diversit\u00e9 des esp\u00e8ces et le fonctionnement des \u00e9cosyst\u00e8mes.<\/p>\n<p><strong>Objectifs<\/strong>\u2014 Pour r\u00e9pondre au risque \u00e9lev\u00e9 que repr\u00e9sente le changement climatique, nous allons examiner la croissance du h\u00eatre (<em>Fagus sylvatica<\/em> L.) et du pin sylvestre (<em>Pinus sylvestris<\/em> L.) dans des peuplements purs et melang\u00e9s, et analyser comment la r\u00e9ponse des arbres aux \u00e9pisodes de s\u00e9cheresse pass\u00e9s est influenc\u00e9 par le m\u00e9lange. Nous allons analyser comment la structure du houppier est modifi\u00e9e par des peuplements mixtes et comment cela est li\u00e9 \u00e0 la croissance des arbres.<\/p>\n<p><strong>D\u00e9marche<\/strong>\u2014 En collaboration avec des partenaires europ\u00e9ens, nous mettrons en place un r\u00e9seau de placettes temporaires du Sud au Nord de l&rsquo;Europe. Le m\u00e9lange choisi est le m\u00e9lange pin sylvestre-h\u00eatre, qui se recontre dans une grande gamme de conditions \u00e9cologiques et climatiques en Europe. Dans ce r\u00e9seau, on installera deux \u00ab\u00a0triplets\u00a0\u00bb pin sylvestre-h\u00eatre en France (un peuplement h\u00eatre pur, un peuplement pin sylvestre pur, un peuplement melang\u00e9), dans deux sites contrast\u00e9s dans leurs conditions climatiques et leur richesse en \u00e9l\u00e9ments nutritifs. Pour estimer la croissance annuelle radiale et la r\u00e9silience (c&rsquo;est \u00e0 dire le rapport entre l\u2019acroissement apr\u00e8s la perturbation et avant la perturbation) aux \u00e9pisodes de s\u00e9cheresse pass\u00e9s, des carottes de bois seront extraites de 20 arbres dans chacun des peuplements purs et de 40 arbres dans les peuplements melang\u00e9s (20 arbres pour chaque esp\u00e8ce). On utilisera le laser scanner terrestre \u00e0 haute r\u00e9solution pour obtenir des informations sur les houppiers et comparer les propri\u00e9t\u00e9s structurales des arbres en condictions pures et melang\u00e9es.<\/p>\n<p><strong>R\u00e9sultats et impacts attendus <\/strong>\u2014 Ce projet permettra d&rsquo;am\u00e9liorer notre compr\u00e9hension de la r\u00e9silience des peuplements m\u00e9lang\u00e9s de hetre et pin sylvestre en Europe et permettra de proposer des pistes pour augmenter la resilience de ces peuplements par les choix de gestion \u00e0 effectuer selon les sites.<\/p>\n<p><em><span style=\"color: #3366ff;\">Pour plus d&rsquo;information sur les r\u00e9sultats marquants du projet REMIX,<br \/>\nveuillez consulter la page en anglais.<\/span><\/em><\/p>\n<p>&nbsp;<\/p>\n","protected":false},"excerpt":{"rendered":"<p>&nbsp; Resilience of mixed beech-Scots pine forests to climate change Responsable scientifique\u00a0: Ignacio Babeito (UMR 1092 Laboratoire d&rsquo;Etude des Ressources For\u00eats-Bois &#8211; LERFOB) Partenaires Labex\u00a0: Office National des Forets (ONF) Collaboration\u00a0: Catherine Collet, Fran\u00e7ois Ningre (UMR Lerfob), Myriam Legay, Alexandre &hellip; <a href=\"https:\/\/mycor.iam.inrae.fr\/ARBRE\/?page_id=5321\">Continuer la lecture <span class=\"meta-nav\">&rarr;<\/span><\/a><\/p>\n","protected":false},"author":4,"featured_media":0,"parent":2122,"menu_order":0,"comment_status":"closed","ping_status":"open","template":"","meta":{"footnotes":""},"class_list":["post-5321","page","type-page","status-publish","hentry"],"_links":{"self":[{"href":"https:\/\/mycor.iam.inrae.fr\/ARBRE\/index.php?rest_route=\/wp\/v2\/pages\/5321","targetHints":{"allow":["GET"]}}],"collection":[{"href":"https:\/\/mycor.iam.inrae.fr\/ARBRE\/index.php?rest_route=\/wp\/v2\/pages"}],"about":[{"href":"https:\/\/mycor.iam.inrae.fr\/ARBRE\/index.php?rest_route=\/wp\/v2\/types\/page"}],"author":[{"embeddable":true,"href":"https:\/\/mycor.iam.inrae.fr\/ARBRE\/index.php?rest_route=\/wp\/v2\/users\/4"}],"replies":[{"embeddable":true,"href":"https:\/\/mycor.iam.inrae.fr\/ARBRE\/index.php?rest_route=%2Fwp%2Fv2%2Fcomments&post=5321"}],"version-history":[{"count":0,"href":"https:\/\/mycor.iam.inrae.fr\/ARBRE\/index.php?rest_route=\/wp\/v2\/pages\/5321\/revisions"}],"up":[{"embeddable":true,"href":"https:\/\/mycor.iam.inrae.fr\/ARBRE\/index.php?rest_route=\/wp\/v2\/pages\/2122"}],"wp:attachment":[{"href":"https:\/\/mycor.iam.inrae.fr\/ARBRE\/index.php?rest_route=%2Fwp%2Fv2%2Fmedia&parent=5321"}],"curies":[{"name":"wp","href":"https:\/\/api.w.org\/{rel}","templated":true}]}}