{"id":5330,"date":"2014-06-24T13:52:20","date_gmt":"2014-06-24T13:52:20","guid":{"rendered":"https:\/\/mycor.iam.inrae.fr\/ARBRE\/?page_id=5330"},"modified":"2016-03-22T11:40:23","modified_gmt":"2016-03-22T11:40:23","slug":"climatruf","status":"publish","type":"page","link":"https:\/\/mycor.iam.inrae.fr\/ARBRE\/?page_id=5330","title":{"rendered":"ClimaTruf"},"content":{"rendered":"<p><a href=\"https:\/\/mycor.iam.inrae.fr\/ARBRE\/wp-content\/uploads\/2014\/06\/Screenshot-2015-12-15-16.41.12.png\"><img loading=\"lazy\" decoding=\"async\" class=\"alignleft size-full wp-image-8820\" src=\"https:\/\/mycor.iam.inrae.fr\/ARBRE\/wp-content\/uploads\/2014\/06\/Screenshot-2015-12-15-16.41.12.png\" alt=\"Screenshot 2015-12-15 16.41.12\" width=\"947\" height=\"363\" \/><\/a><\/p>\n<p>&nbsp;<\/p>\n<p><strong>Improving water management and effect of cultural techniques on soil truffle mycelium,\u00a0truffle production and soil water balance: pilot experiences toward adaptation of truffle orchards to climate variations<\/strong><\/p>\n<p><em>Responsable scientifique\u00a0<\/em>: Claude Murat (UMR 1136 Interactions Arbres\/Micro-organismes &#8211; IAM)<\/p>\n<p><em>Partenaires Labex\u00a0:<\/em><br \/>\nFran\u00e7ois Le Tacon (UMR 1136 Interactions Arbres\/Micro-organismes &#8211; IAM)<br \/>\nNathalie Br\u00e9da (UMR 1137 Ecophysiolgie et Ecologie Foresti\u00e8re &#8211; EEF)<br \/>\nArnaud Legout (UR 1138 Biog\u00e9ochimie des \u00c9cosyst\u00e8mes Forestiers &#8211; BEF)<\/p>\n<p><em>Collaboration\u00a0: <\/em><br \/>\nDominique Barry, ALCINA (private company)<br \/>\nJean-Charles Savignac, F\u00e9d\u00e9ration Fran\u00e7aise des Trufficulteurs (FFT)<\/p>\n<p>____________________________<\/p>\n<p><strong>Contexte<\/strong> \u2014 Les truffes sont des champignons ectomycorhiziens dont plusieurs esp\u00e8ces comme la truffe noire du P\u00e9rigord (<em>Tuber melanosporum<\/em>) et la truffe de Bourgogne (<em>T. aestivum<\/em>) forment des fructifications hypog\u00e9es ayant des qualit\u00e9s organoleptiques tr\u00e8s appr\u00e9ci\u00e9es. La trufficulture a connu \u00e0 la fin du XIX<sup>\u00e8me<\/sup> si\u00e8cle et au d\u00e9but du XX<sup>\u00e8me<\/sup> un \u00ab\u00a0\u00e2ge d&rsquo;or\u00a0\u00bb mais des circonstances sociales ou historiques (exode rural, conflits\u2026) se sont traduites par une perte progressive du savoir et l&rsquo;abandon, sans renouvellement, des espaces consacr\u00e9s \u00e0 la r\u00e9colte des truffes. Aux truffi\u00e8res naturelles ou anciennes se sont ajout\u00e9s en 25 ans 15 \u00e0 20 000 ha de nouvelles plantations gr\u00e2ce au savoir faire d\u00e9velopp\u00e9 \u00e0 l\u2019INRA dans les ann\u00e9es 1970 conduisant \u00e0 une stabilisation de la production. Dans les truffi\u00e8res, la production de fructifications (ou ascocarpes) est soumise \u00e0 deux verrous\u00a0: 1) l\u2019initiation de la reproduction sexu\u00e9e et 2) le d\u00e9veloppement de l\u2019ascocarpe souterrain reli\u00e9 \u00e0 l\u2019arbre. Plusieurs facteurs biotiques et abiotiques peuvent influencer ces deux verrous. Parmi ceux-ci, le climat et surtout le d\u00e9ficit hydrique a \u00e9t\u00e9 montr\u00e9 comme d\u00e9terminant pour la production de truffes. Si les techniques culturales des trufficulteurs peuvent contr\u00f4ler le d\u00e9ficit hydrique, nous manquons encore de standards pour une gestion raisonn\u00e9e des truffi\u00e8res dans le contexte des changements globaux.<\/p>\n<p><strong>Objectifs<\/strong> \u2014ClimaTruf est issu d\u2019une demande de la fili\u00e8re trufficole pour une meilleure connaissance des effets du climat sur les truffes afin de fournir aux trufficulteurs des outils pour contrecarrer les effets n\u00e9gatifs du d\u00e9ficit hydrique. Le projet ClimaTruf a donc pour objectifs de mod\u00e9liser les effets des changements globaux sur la production de truffes, de mettre au point des outils pour identifier et quantifier les truffes <em>in situ<\/em> et d\u2019installer un ou plusieurs sites d\u2019\u00e9tude \u00e0 long terme.<\/p>\n<p><strong>D\u00e9marche <\/strong>\u2014 Le projet ClimaTruf se divise en trois t\u00e2ches\u00a0:<\/p>\n<ul>\n<li>T\u00e2che 1\u00a0: R\u00e9colte de donn\u00e9es de productions pour mod\u00e9liser la production avec les conditions climatiques.<\/li>\n<li>T\u00e2che 2\u00a0: Mise au point d\u2019outils pour identifier et quantifier les truffes et leur \u00ab\u00a0<em>mating type\u00a0\u00bb<\/em> <em>in situ<\/em><\/li>\n<li>T\u00e2che 3\u00a0: Installation de sites d\u2019\u00e9tudes \u00e0 long terme<\/li>\n<\/ul>\n<p><strong>R\u00e9sultats marquants<\/strong> \u2014<\/p>\n<ul>\n<li>En utilisant les donn\u00e9es du Minist\u00e8re de l\u2019agriculture nous avons r\u00e9cup\u00e9r\u00e9 les statistiques de production de 1903 \u00e0 1988 dans les diff\u00e9rents d\u00e9partements fran\u00e7ais.<\/li>\n<li>Des trufficulteurs priv\u00e9s nous ont fourni des donn\u00e9es de productions pour 10 sites producteurs de <em> melanosproum<\/em> et 5 sites de <em>T. aestivum <\/em>.<\/li>\n<li>En lien avec ALCINA nous avons mis au point un protocole en utilisant la technologie qPCR avec des sondes Taqman pour les deux types de compatibilit\u00e9 (\u00ab\u00a0<em>mating types\u00a0\u00bb<\/em>) chez <em> melanosporum<\/em>. Ceci a conduit \u00e0 la signature d\u2019une licence d\u2019exploitation de ce kit par ALCINA.<\/li>\n<li>Dans la truffi\u00e8re de Rollainville (Vosges) des sondes d\u2019humidit\u00e9 du sol ont \u00e9t\u00e9 install\u00e9es.<\/li>\n<li>Sur le site de Rollainville et dans le Vaucluse nous avons commenc\u00e9 en Mars et Juin 2015 un suivi mensuel de la quantit\u00e9 de myc\u00e9lium des deux \u00ab\u00a0<em>mating types\u00a0\u00bb<\/em> de <em> melanosporum<\/em>.<\/li>\n<\/ul>\n<p><strong>Principales conclusions <\/strong>\u2014<\/p>\n<ul>\n<li>Nous confirmons que la production de truffes noires a \u00e9t\u00e9 diminu\u00e9e par 100 au cours du vingti\u00e8me si\u00e8cle. Toutefois, la production (kg\/ha) n\u2019\u00e9tait pas sup\u00e9rieure il y a 50 ans \u00e0 ce qu\u2019elle est maintenant\u00a0;\u00a0 la baisse globale de production est donc principalement due \u00e0 la diminution des superficies de truffi\u00e8res.<\/li>\n<\/ul>\n<ul>\n<li>L\u2019utilisation du kit de suivi des deux \u00ab\u00a0<em>mating types\u00a0\u00bb<\/em> dans le sol des truffi\u00e8res a montr\u00e9 que les deux types sont pr\u00e9sents dans les sols de la truffi\u00e8re de Rollainville m\u00eame dans les zones o\u00f9 un seul type est retrouv\u00e9 au niveau du syst\u00e8me racinaire. Le myc\u00e9lium du sol peut donc jouer un r\u00f4le important dans la reproduction sexu\u00e9e de <em> melanosporum.<\/em><\/li>\n<\/ul>\n<ul>\n<li>Le kit d\u00e9velopp\u00e9 avec ALCINA va \u00eatre commercialis\u00e9 puisqu\u2019une licence d\u2019exploitation du brevet associ\u00e9 a \u00e9t\u00e9 sign\u00e9e. Il s\u2019agit d\u2019un bon exemple de valorisation de donn\u00e9es g\u00e9nomiques pour le monde socio-\u00e9conomique.<\/li>\n<\/ul>\n<p>&nbsp;<\/p>\n<p><strong>Perspectives<\/strong> \u2014<\/p>\n<ul>\n<li>Finir les mod\u00e9lisations des donn\u00e9es de production avec les donn\u00e9es climatiques<\/li>\n<li>Continuer le suivi mensuel des myc\u00e9liums des deux \u00ab\u00a0<em>mating types\u00a0\u00bb<\/em><\/li>\n<li>D\u00e9velopper les kits de diagnostic pour les autres esp\u00e8ces de truffes en concertation avec ALCINA<\/li>\n<li>Les donn\u00e9es et outils g\u00e9n\u00e9r\u00e9s dans ClimaTruf sont \u00e0 la base d\u2019un projet INRA\/FFT vient d\u2019\u00eatre soumis \u00e0 FranceAgriMer.<\/li>\n<\/ul>\n","protected":false},"excerpt":{"rendered":"<p>&nbsp; Improving water management and effect of cultural techniques on soil truffle mycelium,\u00a0truffle production and soil water balance: pilot experiences toward adaptation of truffle orchards to climate variations Responsable scientifique\u00a0: Claude Murat (UMR 1136 Interactions Arbres\/Micro-organismes &#8211; IAM) Partenaires Labex\u00a0: &hellip; <a href=\"https:\/\/mycor.iam.inrae.fr\/ARBRE\/?page_id=5330\">Continuer la lecture <span class=\"meta-nav\">&rarr;<\/span><\/a><\/p>\n","protected":false},"author":4,"featured_media":0,"parent":2122,"menu_order":0,"comment_status":"closed","ping_status":"closed","template":"","meta":{"footnotes":""},"class_list":["post-5330","page","type-page","status-publish","hentry"],"_links":{"self":[{"href":"https:\/\/mycor.iam.inrae.fr\/ARBRE\/index.php?rest_route=\/wp\/v2\/pages\/5330","targetHints":{"allow":["GET"]}}],"collection":[{"href":"https:\/\/mycor.iam.inrae.fr\/ARBRE\/index.php?rest_route=\/wp\/v2\/pages"}],"about":[{"href":"https:\/\/mycor.iam.inrae.fr\/ARBRE\/index.php?rest_route=\/wp\/v2\/types\/page"}],"author":[{"embeddable":true,"href":"https:\/\/mycor.iam.inrae.fr\/ARBRE\/index.php?rest_route=\/wp\/v2\/users\/4"}],"replies":[{"embeddable":true,"href":"https:\/\/mycor.iam.inrae.fr\/ARBRE\/index.php?rest_route=%2Fwp%2Fv2%2Fcomments&post=5330"}],"version-history":[{"count":0,"href":"https:\/\/mycor.iam.inrae.fr\/ARBRE\/index.php?rest_route=\/wp\/v2\/pages\/5330\/revisions"}],"up":[{"embeddable":true,"href":"https:\/\/mycor.iam.inrae.fr\/ARBRE\/index.php?rest_route=\/wp\/v2\/pages\/2122"}],"wp:attachment":[{"href":"https:\/\/mycor.iam.inrae.fr\/ARBRE\/index.php?rest_route=%2Fwp%2Fv2%2Fmedia&parent=5330"}],"curies":[{"name":"wp","href":"https:\/\/api.w.org\/{rel}","templated":true}]}}