{"id":5342,"date":"2014-06-24T14:10:42","date_gmt":"2014-06-24T14:10:42","guid":{"rendered":"https:\/\/mycor.iam.inrae.fr\/ARBRE\/?page_id=5342"},"modified":"2015-06-16T11:28:46","modified_gmt":"2015-06-16T11:28:46","slug":"ifgi-2014","status":"publish","type":"page","link":"https:\/\/mycor.iam.inrae.fr\/ARBRE\/?page_id=5342","title":{"rendered":"IFGI 2014"},"content":{"rendered":"<p><strong>3<sup>rd<\/sup> Edition of the PhD Course on \u201cInternational Forestry and Global Issues\u201d<\/strong><\/p>\n<p><em>Responsable scientifique\u00a0<\/em>: Erwin Dreyer, UMR 0344 SDAR Nancy<\/p>\n<p><em>Collaboration\u00a0:\u00a0 <\/em>B. Roman-Amat (AgroParisTech, Nancy), J. Van Brusselen (Observatory for European Forests, EFICENT)<\/p>\n<p>____________________________<\/p>\n<p><strong><em>Contexte<\/em><\/strong> \u2014 La formation doctorale &#8220;Enjeux Forestiers Globaux&#8221; a initialement \u00e9t\u00e9 con\u00e7ue dans le cadre du partenariat entre l&#8217;INRA et l&#8217;\u00e9cole doctorale RP2E qui associe l&#8217;Universit\u00e9 de Lorraine, AgroParisTech, l&#8217;INRA et le CNRS. Le bilan tr\u00e8s positif de la premi\u00e8re \u00e9dition, qui s&#8217;est d\u00e9roul\u00e9e en 2010, a amen\u00e9 les organisateurs \u00e0 envisager une deuxi\u00e8me puis une troisi\u00e8me s\u00e9ance et \u00e0 p\u00e9renniser l&#8217;\u00e9v\u00e8nement sur une base biennale.<\/p>\n<p><strong><em>Objectifs<\/em><\/strong> \u2014 Les objectifs de la formation doctorale sont:<\/p>\n<p>1. contribuer \u00e0 former des jeunes docteurs hautement qualifi\u00e9s dans le domaine for\u00eat-bois (formation \u00e9quivalente \u00e0 3 ECTS),<\/p>\n<p>2. favoriser l\u2019ouverture internationale des doctorants lorrains et promouvoir les \u00e9changes internationaux dans la communaut\u00e9 scientifique<\/p>\n<p>3. participer \u00e0 la visibilit\u00e9 des organismes de recherche lorrains et \u00e0 leur attractivit\u00e9 vis-\u00e0-vis des jeunes chercheurs.<\/p>\n<p><strong><em>D\u00e9marche<\/em><\/strong> \u2014 La formation fait appel \u00e0 des experts internationaux issus du monde universitaire et d&#8217;organisations internationales. Celle-ci offre aux doctorants et aux jeunes chercheurs une excellente occasion d&#8217;interagir avec des experts de renomm\u00e9e internationale de la science et de la politique foresti\u00e8res. Chaque session est consacr\u00e9e \u00e0 un enjeu:<\/p>\n<p>\u2022 L\u2019\u00e9tat des for\u00eats dans le monde et vue d\u2019ensemble de la politique internationale<br \/>\n\u2022 Production, commerce et consommation des produits forestiers dans la bio\u00e9conomie<br \/>\n\u2022 Changement climatique et s\u00e9questration de carbone<br \/>\n\u2022 Services \u00e9cosyst\u00e9miques forestiers<br \/>\n\u2022 D\u00e9veloppement r\u00e9gional, gestion foresti\u00e8re et soci\u00e9t\u00e9<\/p>\n<p><strong><em>R\u00e9sultats et impacts attendus<\/em><\/strong> \u2014 L&#8217;\u00e9v\u00e8nement porte sur un secteur-phare pour la recherche et l&#8217;\u00e9conomie lorraines : la for\u00eat. Il participe \u00e0 la politique d&#8217;excellence et de rayonnement scientifiques des organismes de recherche et d&#8217;enseignement sup\u00e9rieur lorrains dans ce domaine. Le centre INRA Nancy \u2013 Lorraine et le centre AgroParisTech de Nancy m\u00e8nent une politique proactive en mati\u00e8re de visibilit\u00e9 et d&#8217;attractivit\u00e9 internationales qui b\u00e9n\u00e9ficie au territoire du grand Nancy et qui a \u00e9t\u00e9 renforc\u00e9 par la collaboration avec l&#8217;Observatoire Europ\u00e9en des For\u00eats (EFICENT).<\/p>\n","protected":false},"excerpt":{"rendered":"<p>3rd Edition of the PhD Course on \u201cInternational Forestry and Global Issues\u201d Responsable scientifique\u00a0: Erwin Dreyer, UMR 0344 SDAR Nancy Collaboration\u00a0:\u00a0 B. Roman-Amat (AgroParisTech, Nancy), J. Van Brusselen (Observatory for European Forests, EFICENT) ____________________________ Contexte \u2014 La formation doctorale &#8220;Enjeux &hellip; <a href=\"https:\/\/mycor.iam.inrae.fr\/ARBRE\/?page_id=5342\">Continue reading <span class=\"meta-nav\">&rarr;<\/span><\/a><\/p>\n","protected":false},"author":4,"featured_media":0,"parent":2122,"menu_order":0,"comment_status":"closed","ping_status":"closed","template":"","meta":{"footnotes":""},"class_list":["post-5342","page","type-page","status-publish","hentry"],"_links":{"self":[{"href":"https:\/\/mycor.iam.inrae.fr\/ARBRE\/index.php?rest_route=\/wp\/v2\/pages\/5342","targetHints":{"allow":["GET"]}}],"collection":[{"href":"https:\/\/mycor.iam.inrae.fr\/ARBRE\/index.php?rest_route=\/wp\/v2\/pages"}],"about":[{"href":"https:\/\/mycor.iam.inrae.fr\/ARBRE\/index.php?rest_route=\/wp\/v2\/types\/page"}],"author":[{"embeddable":true,"href":"https:\/\/mycor.iam.inrae.fr\/ARBRE\/index.php?rest_route=\/wp\/v2\/users\/4"}],"replies":[{"embeddable":true,"href":"https:\/\/mycor.iam.inrae.fr\/ARBRE\/index.php?rest_route=%2Fwp%2Fv2%2Fcomments&post=5342"}],"version-history":[{"count":0,"href":"https:\/\/mycor.iam.inrae.fr\/ARBRE\/index.php?rest_route=\/wp\/v2\/pages\/5342\/revisions"}],"up":[{"embeddable":true,"href":"https:\/\/mycor.iam.inrae.fr\/ARBRE\/index.php?rest_route=\/wp\/v2\/pages\/2122"}],"wp:attachment":[{"href":"https:\/\/mycor.iam.inrae.fr\/ARBRE\/index.php?rest_route=%2Fwp%2Fv2%2Fmedia&parent=5342"}],"curies":[{"name":"wp","href":"https:\/\/api.w.org\/{rel}","templated":true}]}}

<p><strong>3<sup>rd</sup> Edition of the PhD Course on “International Forestry and Global Issues”</strong></p>
<p><em>Responsable scientifique </em>: Erwin Dreyer, UMR 0344 SDAR Nancy</p>
<p><em>Collaboration :  </em>B. Roman-Amat (AgroParisTech, Nancy), J. Van Brusselen (Observatory for European Forests, EFICENT)</p>
<p>____________________________</p>
<p><strong><em>Contexte</em></strong> — La formation doctorale &#8220;Enjeux Forestiers Globaux&#8221; a initialement été conçue dans le cadre du partenariat entre l&#8217;INRA et l&#8217;école doctorale RP2E qui associe l&#8217;Université de Lorraine, AgroParisTech, l&#8217;INRA et le CNRS. Le bilan très positif de la première édition, qui s&#8217;est déroulée en 2010, a amené les organisateurs à envisager une deuxième puis une troisième séance et à pérenniser l&#8217;évènement sur une base biennale.</p>
<p><strong><em>Objectifs</em></strong> — Les objectifs de la formation doctorale sont:</p>
<p>1. contribuer à former des jeunes docteurs hautement qualifiés dans le domaine forêt-bois (formation équivalente à 3 ECTS),</p>
<p>2. favoriser l’ouverture internationale des doctorants lorrains et promouvoir les échanges internationaux dans la communauté scientifique</p>
<p>3. participer à la visibilité des organismes de recherche lorrains et à leur attractivité vis-à-vis des jeunes chercheurs.</p>
<p><strong><em>Démarche</em></strong> — La formation fait appel à des experts internationaux issus du monde universitaire et d&#8217;organisations internationales. Celle-ci offre aux doctorants et aux jeunes chercheurs une excellente occasion d&#8217;interagir avec des experts de renommée internationale de la science et de la politique forestières. Chaque session est consacrée à un enjeu:</p>
<p>• L’état des forêts dans le monde et vue d’ensemble de la politique internationale<br />
• Production, commerce et consommation des produits forestiers dans la bioéconomie<br />
• Changement climatique et séquestration de carbone<br />
• Services écosystémiques forestiers<br />
• Développement régional, gestion forestière et société</p>
<p><strong><em>Résultats et impacts attendus</em></strong> — L&#8217;évènement porte sur un secteur-phare pour la recherche et l&#8217;économie lorraines : la forêt. Il participe à la politique d&#8217;excellence et de rayonnement scientifiques des organismes de recherche et d&#8217;enseignement supérieur lorrains dans ce domaine. Le centre INRA Nancy – Lorraine et le centre AgroParisTech de Nancy mènent une politique proactive en matière de visibilité et d&#8217;attractivité internationales qui bénéficie au territoire du grand Nancy et qui a été renforcé par la collaboration avec l&#8217;Observatoire Européen des Forêts (EFICENT).</p>
