{"id":5603,"date":"2014-08-27T08:41:15","date_gmt":"2014-08-27T08:41:15","guid":{"rendered":"https:\/\/mycor.iam.inrae.fr\/ARBRE\/?page_id=5603"},"modified":"2016-01-11T11:04:37","modified_gmt":"2016-01-11T11:04:37","slug":"projet-master-fage-bfd","status":"publish","type":"page","link":"https:\/\/mycor.iam.inrae.fr\/ARBRE\/?page_id=5603","title":{"rendered":"Projet Master FAGE &#8211; BFD"},"content":{"rendered":"<p><a href=\"https:\/\/mycor.iam.inrae.fr\/ARBRE\/wp-content\/uploads\/2014\/08\/projet-master-fage.png\"><img loading=\"lazy\" decoding=\"async\" class=\"alignleft size-full wp-image-8813\" src=\"https:\/\/mycor.iam.inrae.fr\/ARBRE\/wp-content\/uploads\/2014\/08\/projet-master-fage.png\" alt=\"projet master fage\" width=\"496\" height=\"320\" \/><\/a><\/p>\n<p>&nbsp;<\/p>\n<p>&nbsp;<\/p>\n<p>&nbsp;<\/p>\n<p>&nbsp;<\/p>\n<p>&nbsp;<\/p>\n<p>&nbsp;<\/p>\n<p>&nbsp;<\/p>\n<p>&nbsp;<\/p>\n<p>&nbsp;<\/p>\n<p><strong>Master FAGE &#8211; Sp\u00e9cialit\u00e9 Bois, For\u00eat, D\u00e9veloppement Durable<\/strong> <strong>(BFD)<\/strong><\/p>\n<p>UE Projet \u00ab\u00a0Analyse d\u2019une fili\u00e8re for\u00eat-bois\u00a0\u00bb des \u00e9tudiants du Master Bois For\u00eat D\u00e9veloppement durable (BFD)<strong><br \/>\n<\/strong><\/p>\n<p><em>Responsable scientifique :\u00a0 <\/em>Holger Wernsd\u00f6rfer ( UMR 1092 Laboratoire d\u2019\u00c9tude des Ressources For\u00eat-Bois \u2014 LERFoB )<\/p>\n<p><em>Partenaires Labex :\u00a0 <\/em>Laboratoire d\u2019Etudes et de Recherche sur le Mat\u00e9riau Bois (LERMAB, EA 4370 Universit\u00e9 de Lorraine, USC INRA\u00a0; P. G\u00e9rardin, M.C. Trouy), Vand\u0153uvre-l\u00e8s-Nancy\u00a0; Laboratoire d\u2019Economie Foresti\u00e8re (LEF, UMR 356 AgroParisTech-INRA\u00a0; M. Blondet), Nancy<\/p>\n<p><em>Collaborations :<\/em> Gipeblor (B. Kientz), Vand\u0153uvre-l\u00e8s-Nancy\u00a0; Chaire AgroParisTech-ONF For\u00eats pour Demain (A. Dragicevic, Y. Ehrhart), Nancy\u00a0; Chaire \u00ab\u00a0Forest Operations\u00a0\u00bb de l\u2019Universit\u00e9 de Freiburg (Allemagne\u00a0; T. Fillbrandt, D. Jaeger)\u00a0; UR Environnement, Territoires et Infrastructures de l\u2019IRSTEA Bordeaux (P. Deuffic)<\/p>\n<p><em>Noms des formations\u00a0: <\/em>Sp\u00e9cialit\u00e9 Bois For\u00eat D\u00e9veloppement durable (BFD\u00a0; co-responsables\u00a0: P. G\u00e9rardin et H. Wernsd\u00f6rfer) du Master biologie et \u00e9cologie pour la For\u00eat, l\u2019Agronomie et la Gestion des Ecosyst\u00e8mes (FAGE\u00a0; co-responsables\u00a0: D. Epron et M. Fournier) co-habilit\u00e9 par <a href=\"https:\/\/formations.univ-lorraine.fr\/fr-FR\/fiche\/presentation\/UL-PROG2313\/UL-PROG3228\">l\u2019Universit\u00e9 de Lorraine<\/a> et <a href=\"http:\/\/www.agroparistech.fr\/Bois-forets-et-developpement.html\">AgroParisTech\u00a0<\/a>; connexion \u00e0 la dominante d\u2019AgroParisTech Ressources Foresti\u00e8res et Fili\u00e8re bois (RFF), au double dipl\u00f4me ENSTIB-AgroParisTech, et au Master \u00ab\u00a0Forest Sciences\u00a0\u00bb de l\u2019Universit\u00e9 de Freiburg<\/p>\n<p>______________________________________________<\/p>\n<p><strong>Contexte<\/strong> \u2014 Depuis la rentr\u00e9e universitaire 2013, AgroParisTech et l\u2019Universit\u00e9 de Lorraine proposent ensemble la sp\u00e9cialit\u00e9 \u00ab Bois For\u00eat D\u00e9veloppement durable \u00bb (BFD) dans le cadre du master \u00ab Biologie et Ecologie pour la For\u00eat, l\u2019Agronomie et la Gestion des Ecosyst\u00e8mes \u00bb (FAGE). Cette formation part de la connaissance de la production et de la croissance des for\u00eats d\u2019une part, des proc\u00e9d\u00e9s de transformation et des propri\u00e9t\u00e9s de la mati\u00e8re d\u2019autre part, pour aborder l\u2019\u00e9valuation des ressources foresti\u00e8res au service de la satisfaction des besoins industriels, dans le respect de la gestion durable et de la protection de l\u2019environnement.<\/p>\n<p><strong>Objectifs<\/strong> \u2014 Dans le cadre d\u2019un projet r\u00e9alis\u00e9 au cours de l\u2019ann\u00e9e universitaire 2014-2015 et portant sur l\u2019analyse d\u2019une fili\u00e8re for\u00eat-bois, quatorze \u00e9tudiants du master BFD et de l\u2019Universit\u00e9 de Freiburg ont cherch\u00e9 \u00e0 mieux comprendre et \u00e0 analyser les probl\u00e8mes de la fili\u00e8re ch\u00eane en recueillant les avis et ressentis des acteurs de la fili\u00e8re dans leur diversit\u00e9 (diff\u00e9rents types d\u2019acteur, diff\u00e9rences de points de vue, consensus), et ceci dans le nord-est de la France et le sud-ouest de l\u2019Allemagne.<\/p>\n<p><strong>D\u00e9marche<\/strong> \u2014 A partir d\u2019un sujet d\u2019\u00e9tude identifi\u00e9 en concertation avec un organisme de la fili\u00e8re (Gipeblor), les \u00e9tudiants m\u00e8nent une \u00e9tude bibliographique, puis ils d\u00e9veloppent et mettent en \u0153uvre une d\u00e9marche d\u2019analyse par entretiens sur site aupr\u00e8s de forestiers et de transformateurs de bois. La restitution se fait sous forme d\u2019une pr\u00e9sentation orale devant des acteurs de la fili\u00e8re, chercheurs et enseignants, et d\u2019un rapport \u00e9crit.<\/p>\n<p><strong>R\u00e9sultats marquants<\/strong> \u2014 Suite \u00e0 une \u00e9tude bibliographique, les \u00e9tudiants ont effectu\u00e9 des entretiens essentiellement sur site avec des acteurs de la fili\u00e8re, et analys\u00e9 ces derniers quant \u00e0 des th\u00e8mes relatifs \u00e0 la ressource, les dynamiques d\u2019entreprises et la perception de la fili\u00e8re par les acteurs. Les entretiens indiquent une grande diversit\u00e9 d\u2019acteurs et de strat\u00e9gies des entreprises de transformation. Ils traitent des difficult\u00e9s d\u2019approvisionnement et plus g\u00e9n\u00e9ralement de comp\u00e9titivit\u00e9 au niveau international face \u00e0 une deuxi\u00e8me transformation asiatique performante, en lien avec une mobilisation importante de la tr\u00e9sorerie pour l\u2019achat de la mati\u00e8re premi\u00e8re et des strat\u00e9gies d\u2019entreprise parfois peu tourn\u00e9es vers les march\u00e9s. Les propositions d\u2019actions \u00e9voqu\u00e9es dans la litt\u00e9rature ont \u00e9t\u00e9 compl\u00e9t\u00e9es par des pistes de r\u00e9flexion propres \u00e0 la pr\u00e9sente \u00e9tude concernant des aspects tels que l\u2019approvisionnement, la valorisation des caract\u00e9ristiques du ch\u00eane et le marketing ou encore les corps de m\u00e9tiers dans les entreprises.<\/p>\n<p><strong>Perspectives<\/strong> \u2014 Un projet d\u2019\u00e9tudiant de m\u00eame type sera r\u00e9alis\u00e9 au cours de l\u2019ann\u00e9e universitaire 2015-2016. Il doit permettre une analyse plus compl\u00e8te pour les essences feuillues majeures en s\u2019int\u00e9ressant \u00e0 la fili\u00e8re h\u00eatre.<\/p>\n<p><strong>Valorisation<\/strong> \u2014 La restitution du projet en janvier 2015 devant des acteurs de la fili\u00e8re, chercheurs et enseignants, ainsi que des pr\u00e9sentations orales lors d\u2019un s\u00e9minaire de l\u2019ONF et de l\u2019atelier Regefor 2015, ont donn\u00e9 lieu \u00e0 des d\u00e9bats passionn\u00e9s et constructifs. Une contribution aux actes de ce dernier atelier dans la Revue Foresti\u00e8re Fran\u00e7aise est en cours de pr\u00e9paration.<\/p>\n<p>Lien \u2014 <strong><a href=\"https:\/\/mycor.iam.inrae.fr\/ARBRE\/?p=5464&amp;lang=fr\">\u00c9tude<\/a><a href=\"https:\/\/mycor.iam.inrae.fr\/ARBRE\/?p=5464&amp;lang=fr\"> r\u00e9alis\u00e9e en 2013-2014<\/a><\/strong><\/p>\n<p>&nbsp;<\/p>\n<p>&nbsp;<\/p>\n","protected":false},"excerpt":{"rendered":"<p>&nbsp; &nbsp; &nbsp; &nbsp; &nbsp; &nbsp; &nbsp; &nbsp; &nbsp; Master FAGE &#8211; Sp\u00e9cialit\u00e9 Bois, For\u00eat, D\u00e9veloppement Durable (BFD) UE Projet \u00ab\u00a0Analyse d\u2019une fili\u00e8re for\u00eat-bois\u00a0\u00bb des \u00e9tudiants du Master Bois For\u00eat D\u00e9veloppement durable (BFD) Responsable scientifique :\u00a0 Holger Wernsd\u00f6rfer ( UMR &hellip; <a href=\"https:\/\/mycor.iam.inrae.fr\/ARBRE\/?page_id=5603\">Continuer la lecture <span class=\"meta-nav\">&rarr;<\/span><\/a><\/p>\n","protected":false},"author":4,"featured_media":0,"parent":2122,"menu_order":0,"comment_status":"closed","ping_status":"open","template":"","meta":{"footnotes":""},"class_list":["post-5603","page","type-page","status-publish","hentry"],"_links":{"self":[{"href":"https:\/\/mycor.iam.inrae.fr\/ARBRE\/index.php?rest_route=\/wp\/v2\/pages\/5603","targetHints":{"allow":["GET"]}}],"collection":[{"href":"https:\/\/mycor.iam.inrae.fr\/ARBRE\/index.php?rest_route=\/wp\/v2\/pages"}],"about":[{"href":"https:\/\/mycor.iam.inrae.fr\/ARBRE\/index.php?rest_route=\/wp\/v2\/types\/page"}],"author":[{"embeddable":true,"href":"https:\/\/mycor.iam.inrae.fr\/ARBRE\/index.php?rest_route=\/wp\/v2\/users\/4"}],"replies":[{"embeddable":true,"href":"https:\/\/mycor.iam.inrae.fr\/ARBRE\/index.php?rest_route=%2Fwp%2Fv2%2Fcomments&post=5603"}],"version-history":[{"count":0,"href":"https:\/\/mycor.iam.inrae.fr\/ARBRE\/index.php?rest_route=\/wp\/v2\/pages\/5603\/revisions"}],"up":[{"embeddable":true,"href":"https:\/\/mycor.iam.inrae.fr\/ARBRE\/index.php?rest_route=\/wp\/v2\/pages\/2122"}],"wp:attachment":[{"href":"https:\/\/mycor.iam.inrae.fr\/ARBRE\/index.php?rest_route=%2Fwp%2Fv2%2Fmedia&parent=5603"}],"curies":[{"name":"wp","href":"https:\/\/api.w.org\/{rel}","templated":true}]}}

<p><a href="https://mycor.iam.inrae.fr/ARBRE/wp-content/uploads/2014/08/projet-master-fage.png"><img loading="lazy" decoding="async" class="alignleft size-full wp-image-8813" src="https://mycor.iam.inrae.fr/ARBRE/wp-content/uploads/2014/08/projet-master-fage.png" alt="projet master fage" width="496" height="320" /></a></p>
<p>&nbsp;</p>
<p>&nbsp;</p>
<p>&nbsp;</p>
<p>&nbsp;</p>
<p>&nbsp;</p>
<p>&nbsp;</p>
<p>&nbsp;</p>
<p>&nbsp;</p>
<p>&nbsp;</p>
<p><strong>Master FAGE &#8211; Spécialité Bois, Forêt, Développement Durable</strong> <strong>(BFD)</strong></p>
<p>UE Projet « Analyse d’une filière forêt-bois » des étudiants du Master Bois Forêt Développement durable (BFD)<strong><br />
</strong></p>
<p><em>Responsable scientifique :  </em>Holger Wernsdörfer ( UMR 1092 Laboratoire d’Étude des Ressources Forêt-Bois — LERFoB )</p>
<p><em>Partenaires Labex :  </em>Laboratoire d’Etudes et de Recherche sur le Matériau Bois (LERMAB, EA 4370 Université de Lorraine, USC INRA ; P. Gérardin, M.C. Trouy), Vandœuvre-lès-Nancy ; Laboratoire d’Economie Forestière (LEF, UMR 356 AgroParisTech-INRA ; M. Blondet), Nancy</p>
<p><em>Collaborations :</em> Gipeblor (B. Kientz), Vandœuvre-lès-Nancy ; Chaire AgroParisTech-ONF Forêts pour Demain (A. Dragicevic, Y. Ehrhart), Nancy ; Chaire « Forest Operations » de l’Université de Freiburg (Allemagne ; T. Fillbrandt, D. Jaeger) ; UR Environnement, Territoires et Infrastructures de l’IRSTEA Bordeaux (P. Deuffic)</p>
<p><em>Noms des formations : </em>Spécialité Bois Forêt Développement durable (BFD ; co-responsables : P. Gérardin et H. Wernsdörfer) du Master biologie et écologie pour la Forêt, l’Agronomie et la Gestion des Ecosystèmes (FAGE ; co-responsables : D. Epron et M. Fournier) co-habilité par <a href="https://formations.univ-lorraine.fr/fr-FR/fiche/presentation/UL-PROG2313/UL-PROG3228">l’Université de Lorraine</a> et <a href="http://www.agroparistech.fr/Bois-forets-et-developpement.html">AgroParisTech </a>; connexion à la dominante d’AgroParisTech Ressources Forestières et Filière bois (RFF), au double diplôme ENSTIB-AgroParisTech, et au Master « Forest Sciences » de l’Université de Freiburg</p>
<p>______________________________________________</p>
<p><strong>Contexte</strong> — Depuis la rentrée universitaire 2013, AgroParisTech et l’Université de Lorraine proposent ensemble la spécialité « Bois Forêt Développement durable » (BFD) dans le cadre du master « Biologie et Ecologie pour la Forêt, l’Agronomie et la Gestion des Ecosystèmes » (FAGE). Cette formation part de la connaissance de la production et de la croissance des forêts d’une part, des procédés de transformation et des propriétés de la matière d’autre part, pour aborder l’évaluation des ressources forestières au service de la satisfaction des besoins industriels, dans le respect de la gestion durable et de la protection de l’environnement.</p>
<p><strong>Objectifs</strong> — Dans le cadre d’un projet réalisé au cours de l’année universitaire 2014-2015 et portant sur l’analyse d’une filière forêt-bois, quatorze étudiants du master BFD et de l’Université de Freiburg ont cherché à mieux comprendre et à analyser les problèmes de la filière chêne en recueillant les avis et ressentis des acteurs de la filière dans leur diversité (différents types d’acteur, différences de points de vue, consensus), et ceci dans le nord-est de la France et le sud-ouest de l’Allemagne.</p>
<p><strong>Démarche</strong> — A partir d’un sujet d’étude identifié en concertation avec un organisme de la filière (Gipeblor), les étudiants mènent une étude bibliographique, puis ils développent et mettent en œuvre une démarche d’analyse par entretiens sur site auprès de forestiers et de transformateurs de bois. La restitution se fait sous forme d’une présentation orale devant des acteurs de la filière, chercheurs et enseignants, et d’un rapport écrit.</p>
<p><strong>Résultats marquants</strong> — Suite à une étude bibliographique, les étudiants ont effectué des entretiens essentiellement sur site avec des acteurs de la filière, et analysé ces derniers quant à des thèmes relatifs à la ressource, les dynamiques d’entreprises et la perception de la filière par les acteurs. Les entretiens indiquent une grande diversité d’acteurs et de stratégies des entreprises de transformation. Ils traitent des difficultés d’approvisionnement et plus généralement de compétitivité au niveau international face à une deuxième transformation asiatique performante, en lien avec une mobilisation importante de la trésorerie pour l’achat de la matière première et des stratégies d’entreprise parfois peu tournées vers les marchés. Les propositions d’actions évoquées dans la littérature ont été complétées par des pistes de réflexion propres à la présente étude concernant des aspects tels que l’approvisionnement, la valorisation des caractéristiques du chêne et le marketing ou encore les corps de métiers dans les entreprises.</p>
<p><strong>Perspectives</strong> — Un projet d’étudiant de même type sera réalisé au cours de l’année universitaire 2015-2016. Il doit permettre une analyse plus complète pour les essences feuillues majeures en s’intéressant à la filière hêtre.</p>
<p><strong>Valorisation</strong> — La restitution du projet en janvier 2015 devant des acteurs de la filière, chercheurs et enseignants, ainsi que des présentations orales lors d’un séminaire de l’ONF et de l’atelier Regefor 2015, ont donné lieu à des débats passionnés et constructifs. Une contribution aux actes de ce dernier atelier dans la Revue Forestière Française est en cours de préparation.</p>
<p>Lien — <strong><a href="https://mycor.iam.inrae.fr/ARBRE/?p=5464&amp;lang=fr">Étude</a><a href="https://mycor.iam.inrae.fr/ARBRE/?p=5464&amp;lang=fr"> réalisée en 2013-2014</a></strong></p>
<p>&nbsp;</p>
<p>&nbsp;</p>

<p>&nbsp; &nbsp; &nbsp; &nbsp; &nbsp; &nbsp; &nbsp; &nbsp; &nbsp; Master FAGE &#8211; Spécialité Bois, Forêt, Développement Durable (BFD) UE Projet « Analyse d’une filière forêt-bois » des étudiants du Master Bois Forêt Développement durable (BFD) Responsable scientifique :  Holger Wernsdörfer ( UMR &hellip; <a href="https://mycor.iam.inrae.fr/ARBRE/?page_id=5603">Continuer la lecture <span class="meta-nav">&rarr;</span></a></p>
