{"id":7121,"date":"2015-05-05T10:00:54","date_gmt":"2015-05-05T10:00:54","guid":{"rendered":"https:\/\/mycor.iam.inrae.fr\/ARBRE\/?page_id=7121"},"modified":"2023-04-26T13:08:04","modified_gmt":"2023-04-26T13:08:04","slug":"dissemination","status":"publish","type":"page","link":"https:\/\/mycor.iam.inrae.fr\/ARBRE\/?page_id=7121","title":{"rendered":"Projets de diss\u00e9mination"},"content":{"rendered":"<p><em>Les projets soutenus dans le cadre des appels \u00e0 projet annuels (AAP)<\/em><\/p>\n<p><a href=\"https:\/\/mycor.iam.inrae.fr\/ARBRE\/wp-content\/uploads\/2015\/05\/FR-dissemination-header1.png\"><img loading=\"lazy\" decoding=\"async\" class=\"size-full wp-image-9324 aligncenter\" src=\"https:\/\/mycor.iam.inrae.fr\/ARBRE\/wp-content\/uploads\/2015\/05\/FR-dissemination-header1.png\" alt=\"FR dissemination header\" width=\"1055\" height=\"330\" \/><\/a><\/p>\n<p><a href=\"https:\/\/mycor.iam.inrae.fr\/ARBRE\/wp-content\/uploads\/2015\/05\/pour-la-communaute\u0301.png\"><img loading=\"lazy\" decoding=\"async\" class=\"wp-image-9330 alignnone\" src=\"https:\/\/mycor.iam.inrae.fr\/ARBRE\/wp-content\/uploads\/2015\/05\/pour-la-communaute\u0301.png\" alt=\"pour la communaute\u0301\" width=\"535\" height=\"58\" \/><\/a><\/p>\n<ul>\n<li><span style=\"color: #3366ff;\"><a style=\"color: #3366ff;\" href=\"https:\/\/mycor.iam.inrae.fr\/ARBRE\/?page_id=2463%20\"><strong>CJM-BFI<\/strong><\/a> <\/span><strong>: <\/strong>Conf\u00e9rences Jacques Monod co-organis\u00e9e par l&rsquo;INRA, le CNRS et le Labex ARBRE : Interactions bact\u00e9ries-champignons &#8211; un domaine de recherche f\u00e9d\u00e9rateur pour la microbiologie fondamentale et appliqu\u00e9e .<span style=\"color: #808080;\"> <em>AAP 2013\u00a0\u00a0<\/em><\/span><\/li>\n<\/ul>\n<ul>\n<li><span style=\"color: #3366ff;\"><a style=\"color: #3366ff;\" href=\"https:\/\/mycor.iam.inrae.fr\/ARBRE\/?page_id=1075\"><strong>PLANTREDYN<\/strong><\/a> <\/span>: Workshop sur la dynamique des r\u00e9serves nutritives des plantes\u00a0 <span style=\"color: #808080;\"><em>AAP 2013<\/em><\/span><\/li>\n<\/ul>\n<ul>\n<li><strong>RMUI <\/strong>: <span style=\"color: #000000;\"><span style=\"color: #000000;\">4\u00e8mes Journ\u00e9es Scientifiques et Techniques du R\u00e9seau National des Microscopistes INRA\u00a0 <span style=\"color: #808080;\"><em>AAP 2013 <\/em><\/span><em>&#8211; <span style=\"color: #ff9900;\"><a style=\"color: #ff9900;\" href=\"https:\/\/mycor.iam.inrae.fr\/ARBRE\/wp-content\/uploads\/2020\/11\/RMUI2013_fr.pdf\" class=\"mtli_attachment mtli_pdf\" target=\"_blank\" rel=\"noopener noreferrer\">Rapport<\/a><\/span><\/em><br \/>\n<\/span><\/span><\/li>\n<\/ul>\n<ul>\n<li><span style=\"color: #3366ff;\"><a style=\"color: #3366ff;\" href=\"https:\/\/mycor.iam.inrae.fr\/ARBRE\/?page_id=8872\"><strong><span style=\"color: #3366ff;\">IUFRO 2016<\/span> <\/strong><\/a><\/span>: Genomics and Forest Tree Genetics Conference\u00a0 <span style=\"color: #000000;\">\u00a0 <span style=\"color: #808080;\"><em>AAP 2016<\/em><\/span><\/span><\/li>\n<\/ul>\n<ul>\n<li><a href=\"https:\/\/mycor.iam.inrae.fr\/ARBRE\/?page_id=9033\"><strong><span style=\"color: #3366ff;\">DOPALEP-2<\/span> <\/strong><\/a>:\u00a0D\u00e9veloppement d\u2019outils partag\u00e9s pour la sylviculture de pin d\u2019Alep de qualit\u00e9 <span style=\"color: #000000;\">\u00a0\u00a0 <span style=\"color: #808080;\"><em>AAP 2017<\/em><\/span><\/span><\/li>\n<\/ul>\n<ul>\n<li><a href=\"https:\/\/mycor.iam.inrae.fr\/ARBRE\/?page_id=10737\"><strong><span style=\"color: #3366ff;\">NEWSYLVADAPT <\/span><\/strong><\/a>: Partage d\u2019exp\u00e9rience et identification des priorit\u00e9s d\u2019action pour la mise en place concert\u00e9e de nouvelles sylvicultures adaptatives durables, rentables, et acceptables socialement <span style=\"color: #000000;\"><span style=\"color: #000000;\">\u00a0\u00a0 <span style=\"color: #808080;\"><em>AAP 2017<\/em><\/span><\/span><\/span><\/li>\n<\/ul>\n<ul>\n<li><strong>expoTIQUES<\/strong> :\u00a0<span style=\"color: #000000;\">Exposition itin\u00e9rante TIQUES : s\u2019informer, se prot\u00e9ger <span style=\"color: #808080;\"><em>AAP 2018 &#8211; <span style=\"color: #ff9900;\"><a style=\"color: #ff9900;\" href=\"https:\/\/mycor.iam.inrae.fr\/ARBRE\/wp-content\/uploads\/2020\/11\/ExpoTiques_fr.pdf\" class=\"mtli_attachment mtli_pdf\" target=\"_blank\" rel=\"noopener noreferrer\">Rapport<\/a><br \/>\n<\/span><br \/>\n<\/em><\/span><\/span><\/li>\n<li><strong><a href=\"https:\/\/mycor.iam.inrae.fr\/ARBRE\/wp-content\/uploads\/2022\/08\/Projets_2022_pdf\/TOUS_EN_SOLS1_Fr.pdf\" class=\"mtli_attachment mtli_pdf\" target=\"_blank\" rel=\"noopener\">Tous En Sols #1<\/a><\/strong>: Diagnostiquer la qualit\u00e9 des sols par une approche participative pour mieux les pr\u00e9server <span style=\"color: #000000;\"><span style=\"color: #808080;\"><em>AAP 2022 <\/em><\/span><\/span>&#8211; <span style=\"color: #ff9900;\"><em><a style=\"color: #ff9900;\" href=\"https:\/\/mycor.iam.inrae.fr\/ARBRE\/wp-content\/uploads\/2023\/04\/Formation_dissemin_valo\/TOUS_en_SOLS1_article_FR.pdf\" class=\"mtli_attachment mtli_pdf\" target=\"_blank\" rel=\"noopener\">Rapport<\/a><\/em><\/span><\/li>\n<\/ul>\n<p><span style=\"color: #3366ff;\"><a href=\"https:\/\/mycor.iam.inrae.fr\/ARBRE\/wp-content\/uploads\/2015\/05\/pour-les-pros.png\"><img loading=\"lazy\" decoding=\"async\" class=\"wp-image-9331 alignnone\" src=\"https:\/\/mycor.iam.inrae.fr\/ARBRE\/wp-content\/uploads\/2015\/05\/pour-les-pros.png\" alt=\"pour les pros\" width=\"543\" height=\"57\" \/><\/a><\/span><\/p>\n<ul>\n<li><strong><strong>JTT 2014<\/strong><\/strong> : Journ\u00e9es techniques truffes 2014 (JTT2014)\u00a0: rencontres entre la recherche et la fili\u00e8re trufficole.\u00a0 <span style=\"color: #808080;\"><em>AAP 2013 &#8211; <span style=\"color: #ff9900;\"><a style=\"color: #ff9900;\" href=\"https:\/\/mycor.iam.inrae.fr\/ARBRE\/wp-content\/uploads\/2020\/11\/JTT2014_fr.pdf\" class=\"mtli_attachment mtli_pdf\" target=\"_blank\" rel=\"noopener noreferrer\">Rapport<\/a><\/span><br \/>\n<\/em><\/span><\/li>\n<\/ul>\n<ul>\n<li><strong>IFASYL<\/strong> :Indice Foliaire et Adaptation de la Sylviculture (IFASYL) : accompagner l\u2019appropriation de l\u2019indice foliaire par les forestiers et sa prise en compte dans une sylviculture \u00e9conome en eau\u00a0\u00a0 <span style=\"color: #000000;\"><span style=\"color: #808080;\"><em>AAP 2015 &#8211; <span style=\"color: #ff9900;\"><a style=\"color: #ff9900;\" href=\"https:\/\/mycor.iam.inrae.fr\/ARBRE\/wp-content\/uploads\/2020\/11\/IFASYL_fr.pdf\" class=\"mtli_attachment mtli_pdf\" target=\"_blank\" rel=\"noopener noreferrer\">Rapport<\/a><\/span><\/em><\/span><\/span><\/li>\n<\/ul>\n<ul>\n<li><span style=\"color: #3366ff;\"><a style=\"color: #3366ff;\" href=\"https:\/\/journees.inrae.fr\/regefor\/\" target=\"_blank\" rel=\"noopener\"><strong>REGEFOR 2021<\/strong> <\/a><\/span>: For\u00eat en crise, relevons le d\u00e9fi ! <em><span style=\"color: #666699;\">AAP 2020<\/span><\/em><\/li>\n<\/ul>\n<p><a href=\"https:\/\/mycor.iam.inrae.fr\/ARBRE\/wp-content\/uploads\/2015\/05\/autres-eve\u0301nements.png\"><img loading=\"lazy\" decoding=\"async\" class=\"alignleft size-full wp-image-9332\" src=\"https:\/\/mycor.iam.inrae.fr\/ARBRE\/wp-content\/uploads\/2015\/05\/autres-eve\u0301nements.png\" alt=\"\" width=\"1300\" height=\"85\" \/><\/a><\/p>\n<ul>\n<li><span style=\"color: #800080;\"><a style=\"color: #800080;\" href=\"https:\/\/mycor.iam.inrae.fr\/ARBRE\/?page_id=11470\">Ev\u00e8nements 2013\/2015<\/a><\/span><\/li>\n<\/ul>\n","protected":false},"excerpt":{"rendered":"<p>Les projets soutenus dans le cadre des appels \u00e0 projet annuels (AAP) CJM-BFI : Conf\u00e9rences Jacques Monod co-organis\u00e9e par l&rsquo;INRA, le CNRS et le Labex ARBRE : Interactions bact\u00e9ries-champignons &#8211; un domaine de recherche f\u00e9d\u00e9rateur pour la microbiologie fondamentale et &hellip; <a href=\"https:\/\/mycor.iam.inrae.fr\/ARBRE\/?page_id=7121\">Continuer la lecture <span class=\"meta-nav\">&rarr;<\/span><\/a><\/p>\n","protected":false},"author":4,"featured_media":0,"parent":19,"menu_order":2,"comment_status":"closed","ping_status":"closed","template":"","meta":{"footnotes":""},"class_list":["post-7121","page","type-page","status-publish","hentry"],"_links":{"self":[{"href":"https:\/\/mycor.iam.inrae.fr\/ARBRE\/index.php?rest_route=\/wp\/v2\/pages\/7121","targetHints":{"allow":["GET"]}}],"collection":[{"href":"https:\/\/mycor.iam.inrae.fr\/ARBRE\/index.php?rest_route=\/wp\/v2\/pages"}],"about":[{"href":"https:\/\/mycor.iam.inrae.fr\/ARBRE\/index.php?rest_route=\/wp\/v2\/types\/page"}],"author":[{"embeddable":true,"href":"https:\/\/mycor.iam.inrae.fr\/ARBRE\/index.php?rest_route=\/wp\/v2\/users\/4"}],"replies":[{"embeddable":true,"href":"https:\/\/mycor.iam.inrae.fr\/ARBRE\/index.php?rest_route=%2Fwp%2Fv2%2Fcomments&post=7121"}],"version-history":[{"count":0,"href":"https:\/\/mycor.iam.inrae.fr\/ARBRE\/index.php?rest_route=\/wp\/v2\/pages\/7121\/revisions"}],"up":[{"embeddable":true,"href":"https:\/\/mycor.iam.inrae.fr\/ARBRE\/index.php?rest_route=\/wp\/v2\/pages\/19"}],"wp:attachment":[{"href":"https:\/\/mycor.iam.inrae.fr\/ARBRE\/index.php?rest_route=%2Fwp%2Fv2%2Fmedia&parent=7121"}],"curies":[{"name":"wp","href":"https:\/\/api.w.org\/{rel}","templated":true}]}}