{"id":7497,"date":"2015-06-01T13:05:28","date_gmt":"2015-06-01T13:05:28","guid":{"rendered":"https:\/\/mycor.iam.inrae.fr\/ARBRE\/?page_id=7497"},"modified":"2015-06-16T11:26:09","modified_gmt":"2015-06-16T11:26:09","slug":"contribution-a-lelaboration-dune-nouvelle-generation-de-modeles-sol-plante","status":"publish","type":"page","link":"https:\/\/mycor.iam.inrae.fr\/ARBRE\/?page_id=7497","title":{"rendered":"Contribution \u00e0 l&rsquo;\u00e9laboration d&rsquo;une nouvelle g\u00e9n\u00e9ration de mod\u00e8les sol-plante"},"content":{"rendered":"<p><strong>Postdoctorant<\/strong> : Julien Sainte-Marie<br \/>\n<strong>Universit\u00e9 d&rsquo;origine<\/strong> : l&rsquo;Institut Elie Cartan de l&rsquo;Universit\u00e9 de Lorraine<br \/>\n<strong>Dur\u00e9e du contrat<\/strong> : 6 mois (2015)<\/p>\n<p><strong>Titre de projet<\/strong> <strong>\u2014<\/strong> Contribution \u00e0 l&rsquo;\u00e9laboration d&rsquo;une nouvelle g\u00e9n\u00e9ration de mod\u00e8les sol-plante<\/p>\n<p><strong>\u00c9quipe d\u2019accueil et encadrant(s)<\/strong>\u00a0 <strong>\u2014<br \/>\n<\/strong>\u00c9quipe : UR 1138 \u2013 Biog\u00e9ochimie des Ecosyst\u00e8mes Foresti\u00e8rs (BEF)<br \/>\nEncadrant : Laurent Saint-Andr\u00e9<\/p>\n<p>_________________________________________<\/p>\n<p><strong>Contexte et \u00e9tat de l\u2019art<\/strong>\u00a0<strong>\u2014 <\/strong>La th\u00e8se de Julien Sainte-Marie a permis d&rsquo;introduire plusieurs outils math\u00e9matiques th\u00e9oriques contribuant \u00e0 l&rsquo;int\u00e9gration des cycles biog\u00e9ochimiques dans les mod\u00e8les de croissance forestiers ) base biog\u00e9ochimiques dans les mod\u00e8les de croissance forestiers \u00e0 base ph\u00e9nom\u00e9nologique (dynamique saisonni\u00e8re de la canop\u00e9e et d\u00e9composition de la mati\u00e8re organique du sol).<\/p>\n<p><strong>Objectifs et questions de recherche<\/strong> <strong>\u2014<\/strong> Premi\u00e8rement, le couplage de mod\u00e8le Biljou\/E-Dendro\/SLCD doit \u00eatre impl\u00e9ment\u00e9 pour diff\u00e9rents sites d&rsquo;\u00e9tude (Eucalyptus &#8211; Douglas). Deuxi\u00e8mement, la synth\u00e8se et publication des r\u00e9sultats math\u00e9matiques de la th\u00e8se de Julien Sainte-Marie &lsquo;collaboration avec G.I. Agren et M. Barrandon) concernant les mod\u00e8les de d\u00e9composition de la mati\u00e8re organique (th\u00e9orie de la qualit\u00e9, \u00e9quations int\u00e9gro-diff\u00e9rentielles, existence et unicit\u00e9 de solutions) permettra d&rsquo;\u00e9tudier l&rsquo;int\u00e9gration de la microbiologie aux mod\u00e8les de qualit\u00e9 pour la d\u00e9composition de la mati\u00e8re organique (collaboration avec D. Derrien et M. Barrandon).<\/p>\n<p><strong>Enjeux scientifiques et socio-\u00e9conomiques<\/strong>\u00a0\u00a0<strong>\u2014<\/strong> Le principal enjeu est de disposer de mod\u00e8les sol-plante, permettant de simuler la production de bois et la balance entre service \u00e9cosyst\u00e9miques sous diff\u00e9rents sc\u00e9narios de gestion, et du climat.<\/p>\n<p><strong>Approches m\u00e9thodologiques et r\u00e9sultats attendu<\/strong>\u00a0<strong>\u2014<\/strong> D&rsquo;une part, l&rsquo;implementation du couplage de mod\u00e8le Biljou\/E-Dendro\/SLCD (collaboration avec P. Santenoise) permettra de proposer un outil de mod\u00e9lisation op\u00e9ratif et ouvert (langages\/ R et Matlab). D&rsquo;autre part, la d\u00e9finition d&rsquo;un sch\u00e9ma conceptuel bas\u00e9 sur la th\u00e9orie de la qualit\u00e9 consid\u00e9rant l&rsquo;\u00e9volution des communaut\u00e9s de d\u00e9composeurs et l&rsquo;activit\u00e9 enzymatiques permettrea d&rsquo;ouvrir une nouvelle voie pour la mod\u00e9lisation de la d\u00e9composition de la mati\u00e8re organique du sol.<\/p>\n","protected":false},"excerpt":{"rendered":"<p>Postdoctorant : Julien Sainte-Marie Universit\u00e9 d&rsquo;origine : l&rsquo;Institut Elie Cartan de l&rsquo;Universit\u00e9 de Lorraine Dur\u00e9e du contrat : 6 mois (2015) Titre de projet \u2014 Contribution \u00e0 l&rsquo;\u00e9laboration d&rsquo;une nouvelle g\u00e9n\u00e9ration de mod\u00e8les sol-plante \u00c9quipe d\u2019accueil et encadrant(s)\u00a0 \u2014 \u00c9quipe &hellip; <a href=\"https:\/\/mycor.iam.inrae.fr\/ARBRE\/?page_id=7497\">Continuer la lecture <span class=\"meta-nav\">&rarr;<\/span><\/a><\/p>\n","protected":false},"author":4,"featured_media":0,"parent":2122,"menu_order":0,"comment_status":"closed","ping_status":"closed","template":"","meta":{"footnotes":""},"class_list":["post-7497","page","type-page","status-publish","hentry"],"_links":{"self":[{"href":"https:\/\/mycor.iam.inrae.fr\/ARBRE\/index.php?rest_route=\/wp\/v2\/pages\/7497","targetHints":{"allow":["GET"]}}],"collection":[{"href":"https:\/\/mycor.iam.inrae.fr\/ARBRE\/index.php?rest_route=\/wp\/v2\/pages"}],"about":[{"href":"https:\/\/mycor.iam.inrae.fr\/ARBRE\/index.php?rest_route=\/wp\/v2\/types\/page"}],"author":[{"embeddable":true,"href":"https:\/\/mycor.iam.inrae.fr\/ARBRE\/index.php?rest_route=\/wp\/v2\/users\/4"}],"replies":[{"embeddable":true,"href":"https:\/\/mycor.iam.inrae.fr\/ARBRE\/index.php?rest_route=%2Fwp%2Fv2%2Fcomments&post=7497"}],"version-history":[{"count":0,"href":"https:\/\/mycor.iam.inrae.fr\/ARBRE\/index.php?rest_route=\/wp\/v2\/pages\/7497\/revisions"}],"up":[{"embeddable":true,"href":"https:\/\/mycor.iam.inrae.fr\/ARBRE\/index.php?rest_route=\/wp\/v2\/pages\/2122"}],"wp:attachment":[{"href":"https:\/\/mycor.iam.inrae.fr\/ARBRE\/index.php?rest_route=%2Fwp%2Fv2%2Fmedia&parent=7497"}],"curies":[{"name":"wp","href":"https:\/\/api.w.org\/{rel}","templated":true}]}}

Contribution à l&rsquo;élaboration d&rsquo;une nouvelle génération de modèles sol-plante

<p><strong>Postdoctorant</strong> : Julien Sainte-Marie<br />
<strong>Université d&rsquo;origine</strong> : l&rsquo;Institut Elie Cartan de l&rsquo;Université de Lorraine<br />
<strong>Durée du contrat</strong> : 6 mois (2015)</p>
<p><strong>Titre de projet</strong> <strong>—</strong> Contribution à l&rsquo;élaboration d&rsquo;une nouvelle génération de modèles sol-plante</p>
<p><strong>Équipe d’accueil et encadrant(s)</strong>  <strong>—<br />
</strong>Équipe : UR 1138 – Biogéochimie des Ecosystèmes Forestièrs (BEF)<br />
Encadrant : Laurent Saint-André</p>
<p>_________________________________________</p>
<p><strong>Contexte et état de l’art</strong> <strong>— </strong>La thèse de Julien Sainte-Marie a permis d&rsquo;introduire plusieurs outils mathématiques théoriques contribuant à l&rsquo;intégration des cycles biogéochimiques dans les modèles de croissance forestiers ) base biogéochimiques dans les modèles de croissance forestiers à base phénoménologique (dynamique saisonnière de la canopée et décomposition de la matière organique du sol).</p>
<p><strong>Objectifs et questions de recherche</strong> <strong>—</strong> Premièrement, le couplage de modèle Biljou/E-Dendro/SLCD doit être implémenté pour différents sites d&rsquo;étude (Eucalyptus &#8211; Douglas). Deuxièmement, la synthèse et publication des résultats mathématiques de la thèse de Julien Sainte-Marie &lsquo;collaboration avec G.I. Agren et M. Barrandon) concernant les modèles de décomposition de la matière organique (théorie de la qualité, équations intégro-différentielles, existence et unicité de solutions) permettra d&rsquo;étudier l&rsquo;intégration de la microbiologie aux modèles de qualité pour la décomposition de la matière organique (collaboration avec D. Derrien et M. Barrandon).</p>
<p><strong>Enjeux scientifiques et socio-économiques</strong>  <strong>—</strong> Le principal enjeu est de disposer de modèles sol-plante, permettant de simuler la production de bois et la balance entre service écosystémiques sous différents scénarios de gestion, et du climat.</p>
<p><strong>Approches méthodologiques et résultats attendu</strong> <strong>—</strong> D&rsquo;une part, l&rsquo;implementation du couplage de modèle Biljou/E-Dendro/SLCD (collaboration avec P. Santenoise) permettra de proposer un outil de modélisation opératif et ouvert (langages/ R et Matlab). D&rsquo;autre part, la définition d&rsquo;un schéma conceptuel basé sur la théorie de la qualité considérant l&rsquo;évolution des communautés de décomposeurs et l&rsquo;activité enzymatiques permettrea d&rsquo;ouvrir une nouvelle voie pour la modélisation de la décomposition de la matière organique du sol.</p>

<p>Postdoctorant : Julien Sainte-Marie Université d&rsquo;origine : l&rsquo;Institut Elie Cartan de l&rsquo;Université de Lorraine Durée du contrat : 6 mois (2015) Titre de projet — Contribution à l&rsquo;élaboration d&rsquo;une nouvelle génération de modèles sol-plante Équipe d’accueil et encadrant(s)  — Équipe &hellip; <a href="https://mycor.iam.inrae.fr/ARBRE/?page_id=7497">Continuer la lecture <span class="meta-nav">&rarr;</span></a></p>
