{"id":8374,"date":"2015-09-29T11:42:34","date_gmt":"2015-09-29T11:42:34","guid":{"rendered":"https:\/\/mycor.iam.inrae.fr\/ARBRE\/?page_id=8374"},"modified":"2015-10-05T08:11:27","modified_gmt":"2015-10-05T08:11:27","slug":"lucie-speyer","status":"publish","type":"page","link":"https:\/\/mycor.iam.inrae.fr\/ARBRE\/?page_id=8374","title":{"rendered":"Lucie Speyer"},"content":{"rendered":"<p><strong><span style=\"color: #333399;\">CHIMIE DU SOLIDE<\/span><br \/>\n<\/strong><em>La poudre de graph\u00e8ne, un nouveau mat\u00e9riau polyvalent<br \/>\n<\/em><\/p>\n<p><span style=\"color: #000000;\"><strong>\u00c9cole doctorale<\/strong> : <\/span><span style=\"color: #666699;\"><span style=\"color: #000000;\">EMMA \u2014 \u00c9nergie M\u00e9canique et Mat\u00e9riaux<\/span><br \/>\n<span style=\"color: #000000;\"><strong>Sujet de th\u00e8se : <\/strong>Pr\u00e9paration et caract\u00e9risation de quantit\u00e9s macroscopiques de graph\u00e8ne<br \/>\n<\/span><\/span><\/p>\n<p><a href=\"https:\/\/mycor.iam.inrae.fr\/ARBRE\/wp-content\/uploads\/2015\/09\/Screenshot-2015-09-29-12.15.45.png\"><img loading=\"lazy\" decoding=\"async\" class=\"alignleft  wp-image-8375\" src=\"https:\/\/mycor.iam.inrae.fr\/ARBRE\/wp-content\/uploads\/2015\/09\/Screenshot-2015-09-29-12.15.45.png\" alt=\"Screenshot 2015-09-29 12.15.45\" width=\"524\" height=\"356\" \/><\/a><\/p>\n<p>&nbsp;<\/p>\n<p>&nbsp;<\/p>\n<p>&nbsp;<\/p>\n<p>&nbsp;<\/p>\n<p>&nbsp;<\/p>\n<p>&nbsp;<\/p>\n<p>__________________________________________________________________________________________<\/p>\n<p><a href=\"https:\/\/mycor.iam.inrae.fr\/ARBRE\/wp-content\/uploads\/2015\/09\/Screenshot-2015-09-29-12.16.18.png\"><img loading=\"lazy\" decoding=\"async\" class=\"alignleft size-full wp-image-8376\" src=\"https:\/\/mycor.iam.inrae.fr\/ARBRE\/wp-content\/uploads\/2015\/09\/Screenshot-2015-09-29-12.16.18.png\" alt=\"Screenshot 2015-09-29 12.16.18\" width=\"528\" height=\"313\" srcset=\"https:\/\/mycor.iam.inrae.fr\/ARBRE\/wp-content\/uploads\/2015\/09\/Screenshot-2015-09-29-12.16.18.png 528w, https:\/\/mycor.iam.inrae.fr\/ARBRE\/wp-content\/uploads\/2015\/09\/Screenshot-2015-09-29-12.16.18-300x178.png 300w, https:\/\/mycor.iam.inrae.fr\/ARBRE\/wp-content\/uploads\/2015\/09\/Screenshot-2015-09-29-12.16.18-500x296.png 500w\" sizes=\"auto, (max-width: 528px) 100vw, 528px\" \/><\/a><\/p>\n<p>&nbsp;<\/p>\n<p>&nbsp;<\/p>\n<p>&nbsp;<\/p>\n<p>&nbsp;<\/p>\n<p>&nbsp;<\/p>\n<p>&nbsp;<\/p>\n<p><a href=\"https:\/\/mycor.iam.inrae.fr\/ARBRE\/wp-content\/uploads\/2015\/09\/Screenshot-2015-09-29-12.16.44.png\"><img loading=\"lazy\" decoding=\"async\" class=\"alignleft size-full wp-image-8377\" src=\"https:\/\/mycor.iam.inrae.fr\/ARBRE\/wp-content\/uploads\/2015\/09\/Screenshot-2015-09-29-12.16.44.png\" alt=\"Screenshot 2015-09-29 12.16.44\" width=\"505\" height=\"748\" srcset=\"https:\/\/mycor.iam.inrae.fr\/ARBRE\/wp-content\/uploads\/2015\/09\/Screenshot-2015-09-29-12.16.44.png 505w, https:\/\/mycor.iam.inrae.fr\/ARBRE\/wp-content\/uploads\/2015\/09\/Screenshot-2015-09-29-12.16.44-203x300.png 203w, https:\/\/mycor.iam.inrae.fr\/ARBRE\/wp-content\/uploads\/2015\/09\/Screenshot-2015-09-29-12.16.44-405x600.png 405w\" sizes=\"auto, (max-width: 505px) 100vw, 505px\" \/><\/a><\/p>\n","protected":false},"excerpt":{"rendered":"<p>CHIMIE DU SOLIDE La poudre de graph\u00e8ne, un nouveau mat\u00e9riau polyvalent \u00c9cole doctorale : EMMA \u2014 \u00c9nergie M\u00e9canique et Mat\u00e9riaux Sujet de th\u00e8se : Pr\u00e9paration et caract\u00e9risation de quantit\u00e9s macroscopiques de graph\u00e8ne &nbsp; &nbsp; &nbsp; &nbsp; &nbsp; &nbsp; __________________________________________________________________________________________ &nbsp; &hellip; <a href=\"https:\/\/mycor.iam.inrae.fr\/ARBRE\/?page_id=8374\">Continuer la lecture <span class=\"meta-nav\">&rarr;<\/span><\/a><\/p>\n","protected":false},"author":4,"featured_media":0,"parent":2122,"menu_order":0,"comment_status":"closed","ping_status":"closed","template":"","meta":{"footnotes":""},"class_list":["post-8374","page","type-page","status-publish","hentry"],"_links":{"self":[{"href":"https:\/\/mycor.iam.inrae.fr\/ARBRE\/index.php?rest_route=\/wp\/v2\/pages\/8374","targetHints":{"allow":["GET"]}}],"collection":[{"href":"https:\/\/mycor.iam.inrae.fr\/ARBRE\/index.php?rest_route=\/wp\/v2\/pages"}],"about":[{"href":"https:\/\/mycor.iam.inrae.fr\/ARBRE\/index.php?rest_route=\/wp\/v2\/types\/page"}],"author":[{"embeddable":true,"href":"https:\/\/mycor.iam.inrae.fr\/ARBRE\/index.php?rest_route=\/wp\/v2\/users\/4"}],"replies":[{"embeddable":true,"href":"https:\/\/mycor.iam.inrae.fr\/ARBRE\/index.php?rest_route=%2Fwp%2Fv2%2Fcomments&post=8374"}],"version-history":[{"count":0,"href":"https:\/\/mycor.iam.inrae.fr\/ARBRE\/index.php?rest_route=\/wp\/v2\/pages\/8374\/revisions"}],"up":[{"embeddable":true,"href":"https:\/\/mycor.iam.inrae.fr\/ARBRE\/index.php?rest_route=\/wp\/v2\/pages\/2122"}],"wp:attachment":[{"href":"https:\/\/mycor.iam.inrae.fr\/ARBRE\/index.php?rest_route=%2Fwp%2Fv2%2Fmedia&parent=8374"}],"curies":[{"name":"wp","href":"https:\/\/api.w.org\/{rel}","templated":true}]}}

<p><strong><span style="color: #333399;">CHIMIE DU SOLIDE</span><br />
</strong><em>La poudre de graphène, un nouveau matériau polyvalent<br />
</em></p>
<p><span style="color: #000000;"><strong>École doctorale</strong> : </span><span style="color: #666699;"><span style="color: #000000;">EMMA — Énergie Mécanique et Matériaux</span><br />
<span style="color: #000000;"><strong>Sujet de thèse : </strong>Préparation et caractérisation de quantités macroscopiques de graphène<br />
</span></span></p>
<p><a href="https://mycor.iam.inrae.fr/ARBRE/wp-content/uploads/2015/09/Screenshot-2015-09-29-12.15.45.png"><img loading="lazy" decoding="async" class="alignleft  wp-image-8375" src="https://mycor.iam.inrae.fr/ARBRE/wp-content/uploads/2015/09/Screenshot-2015-09-29-12.15.45.png" alt="Screenshot 2015-09-29 12.15.45" width="524" height="356" /></a></p>
<p>&nbsp;</p>
<p>&nbsp;</p>
<p>&nbsp;</p>
<p>&nbsp;</p>
<p>&nbsp;</p>
<p>&nbsp;</p>
<p>__________________________________________________________________________________________</p>
<p><a href="https://mycor.iam.inrae.fr/ARBRE/wp-content/uploads/2015/09/Screenshot-2015-09-29-12.16.18.png"><img loading="lazy" decoding="async" class="alignleft size-full wp-image-8376" src="https://mycor.iam.inrae.fr/ARBRE/wp-content/uploads/2015/09/Screenshot-2015-09-29-12.16.18.png" alt="Screenshot 2015-09-29 12.16.18" width="528" height="313" srcset="https://mycor.iam.inrae.fr/ARBRE/wp-content/uploads/2015/09/Screenshot-2015-09-29-12.16.18.png 528w, https://mycor.iam.inrae.fr/ARBRE/wp-content/uploads/2015/09/Screenshot-2015-09-29-12.16.18-300x178.png 300w, https://mycor.iam.inrae.fr/ARBRE/wp-content/uploads/2015/09/Screenshot-2015-09-29-12.16.18-500x296.png 500w" sizes="auto, (max-width: 528px) 100vw, 528px" /></a></p>
<p>&nbsp;</p>
<p>&nbsp;</p>
<p>&nbsp;</p>
<p>&nbsp;</p>
<p>&nbsp;</p>
<p>&nbsp;</p>
<p><a href="https://mycor.iam.inrae.fr/ARBRE/wp-content/uploads/2015/09/Screenshot-2015-09-29-12.16.44.png"><img loading="lazy" decoding="async" class="alignleft size-full wp-image-8377" src="https://mycor.iam.inrae.fr/ARBRE/wp-content/uploads/2015/09/Screenshot-2015-09-29-12.16.44.png" alt="Screenshot 2015-09-29 12.16.44" width="505" height="748" srcset="https://mycor.iam.inrae.fr/ARBRE/wp-content/uploads/2015/09/Screenshot-2015-09-29-12.16.44.png 505w, https://mycor.iam.inrae.fr/ARBRE/wp-content/uploads/2015/09/Screenshot-2015-09-29-12.16.44-203x300.png 203w, https://mycor.iam.inrae.fr/ARBRE/wp-content/uploads/2015/09/Screenshot-2015-09-29-12.16.44-405x600.png 405w" sizes="auto, (max-width: 505px) 100vw, 505px" /></a></p>

<p>CHIMIE DU SOLIDE La poudre de graphène, un nouveau matériau polyvalent École doctorale : EMMA — Énergie Mécanique et Matériaux Sujet de thèse : Préparation et caractérisation de quantités macroscopiques de graphène &nbsp; &nbsp; &nbsp; &nbsp; &nbsp; &nbsp; __________________________________________________________________________________________ &nbsp; &hellip; <a href="https://mycor.iam.inrae.fr/ARBRE/?page_id=8374">Continuer la lecture <span class="meta-nav">&rarr;</span></a></p>
