{"id":8475,"date":"2015-10-12T13:57:47","date_gmt":"2015-10-12T13:57:47","guid":{"rendered":"https:\/\/mycor.iam.inrae.fr\/ARBRE\/?page_id=8475"},"modified":"2015-10-12T14:01:49","modified_gmt":"2015-10-12T14:01:49","slug":"blacksecret","status":"publish","type":"page","link":"https:\/\/mycor.iam.inrae.fr\/ARBRE\/?page_id=8475","title":{"rendered":"BLACKSECRET"},"content":{"rendered":"<p><a href=\"https:\/\/mycor.iam.inrae.fr\/ARBRE\/wp-content\/uploads\/2015\/10\/cenococcum.jpg\"><img loading=\"lazy\" decoding=\"async\" class=\"alignleft size-full wp-image-8478\" src=\"https:\/\/mycor.iam.inrae.fr\/ARBRE\/wp-content\/uploads\/2015\/10\/cenococcum.jpg\" alt=\"cenococcum\" width=\"280\" height=\"232\" \/><\/a><\/p>\n<p><strong><br \/>\nLe r\u00f4le des petites prot\u00e9ines s\u00e9cr\u00e9t\u00e9es (PSS)\u00a0 dans la formation et le fonctionnement de <em>Cenococcum geophilum<\/em>, des ectomycorhizes (ECM)<\/strong><\/p>\n<p>&nbsp;<\/p>\n<p>&nbsp;<\/p>\n<p>&nbsp;<\/p>\n<p><em><br \/>\nResponsable scientifique\u00a0<\/em>: Annegret Kohler (UMR 1136 &#8211; Interactions Arbres\/Micro-organismes &#8211; IAM)<\/p>\n<p>Partenaires Labex :\u00a0 Martina Peter (Forest, Snow and Landscape Research \u2014 WSL, Birmensdorf, Switzerland)<\/p>\n<p>Collaborations :<br \/>\nClaire Veneault-Fourrey (IAM)<\/p>\n<p>______________________________________________________________________________<\/p>\n<p><strong>Contexte \u2014<\/strong> Certains champignons des sols des for\u00eats s\u2019associent avec des racines des arbres pour former des ectomycorhizes (ECM). En \u00e9change de substrats carbon\u00e9s, les champignons ectomycorhizien fournissent des min\u00e9raux am\u00e9liorant la nutrition des arbres. Ces associations prot\u00e8gent \u00e9galement les arbres de la s\u00e9cheresse et contribuent directement \u00e0 l&rsquo;exclusion des microbes comp\u00e9titifs. La formation d\u2019une ectomycorhize fonctionnelle n\u00e9cessite un contact \u00e9troit entre les cellules fongiques et les cellules racinaires. Ainsi, les champignons ECMs doivent manipuler les r\u00e9ponses de d\u00e9fense et le m\u00e9tabolisme des cellules h\u00f4tes. A l\u2019instar des agents phytopathog\u00e8nes, ces champignons mutualistes utilisent des petites prot\u00e9ines s\u00e9cr\u00e9t\u00e9es (PSSs) comme des cl\u00e9s mol\u00e9culaires pour promouvoir la symbiose.<\/p>\n<p><strong>Objectifs \u2014<\/strong> L\u2019objectif principal de ce projet est de comprendre le r\u00f4le des PSS de <em>Cenococcum geophilum<\/em> dans la formation et le fonctionnement de l\u2019ECM. Ce champignon est tr\u00e8s r\u00e9pandu et d\u2019un int\u00e9r\u00eat \u00e9cologique majeur pour les \u00e9cosyst\u00e8mes forestiers.<\/p>\n<p><strong>D\u00e9marche \u2014<\/strong>.Nous proposons de (i) dresser un r\u00e9pertoire de PSSs de <em>C. geophilum<\/em> \u00e0 partir de la s\u00e9quence de son g\u00e9nome et de donn\u00e9es d\u2019expression\u00a0; (ii) d\u2019\u00e9tudier la variation intra- et intersp\u00e9cifique des g\u00e8nes candidats afin d\u2019\u00e9lucider l\u2019\u00e9volution de ces g\u00e8nes\u00a0; (iii) caract\u00e9riser d\u2019un point de vue fonctionnel quelques g\u00e8nes candidats en validant leur expression, en \u00e9tudiant leur localisation et en \u00e9tudiant des mutants.<\/p>\n<p><strong>R\u00e9sultats et impacts attendus \u2014<\/strong> La compr\u00e9hension des bases g\u00e9n\u00e9tiques de la communication mol\u00e9culaire op\u00e9rant entre des conif\u00e8res tels que pin sylvestre et \u00e9pic\u00e9as ou des feuillus tels que le peuplier et le champignon ubiquitiste <em>Cenoccocum geophilum<\/em> est le but principal de ce projet. Comprendre les interfaces plantes-microorganismes au niveau mol\u00e9culaire est crucial pour d\u00e9terminer (i) leurs r\u00f4les dans l\u2019\u00e9cosyst\u00e8me et (ii) l\u2019impact de changements environnementaux sur ces interactions mutualistes.<\/p>\n<p>&nbsp;<\/p>\n","protected":false},"excerpt":{"rendered":"<p>Le r\u00f4le des petites prot\u00e9ines s\u00e9cr\u00e9t\u00e9es (PSS)\u00a0 dans la formation et le fonctionnement de Cenococcum geophilum, des ectomycorhizes (ECM) &nbsp; &nbsp; &nbsp; Responsable scientifique\u00a0: Annegret Kohler (UMR 1136 &#8211; Interactions Arbres\/Micro-organismes &#8211; IAM) Partenaires Labex :\u00a0 Martina Peter (Forest, Snow &hellip; <a href=\"https:\/\/mycor.iam.inrae.fr\/ARBRE\/?page_id=8475\">Continuer la lecture <span class=\"meta-nav\">&rarr;<\/span><\/a><\/p>\n","protected":false},"author":4,"featured_media":0,"parent":2122,"menu_order":0,"comment_status":"closed","ping_status":"closed","template":"","meta":{"footnotes":""},"class_list":["post-8475","page","type-page","status-publish","hentry"],"_links":{"self":[{"href":"https:\/\/mycor.iam.inrae.fr\/ARBRE\/index.php?rest_route=\/wp\/v2\/pages\/8475","targetHints":{"allow":["GET"]}}],"collection":[{"href":"https:\/\/mycor.iam.inrae.fr\/ARBRE\/index.php?rest_route=\/wp\/v2\/pages"}],"about":[{"href":"https:\/\/mycor.iam.inrae.fr\/ARBRE\/index.php?rest_route=\/wp\/v2\/types\/page"}],"author":[{"embeddable":true,"href":"https:\/\/mycor.iam.inrae.fr\/ARBRE\/index.php?rest_route=\/wp\/v2\/users\/4"}],"replies":[{"embeddable":true,"href":"https:\/\/mycor.iam.inrae.fr\/ARBRE\/index.php?rest_route=%2Fwp%2Fv2%2Fcomments&post=8475"}],"version-history":[{"count":0,"href":"https:\/\/mycor.iam.inrae.fr\/ARBRE\/index.php?rest_route=\/wp\/v2\/pages\/8475\/revisions"}],"up":[{"embeddable":true,"href":"https:\/\/mycor.iam.inrae.fr\/ARBRE\/index.php?rest_route=\/wp\/v2\/pages\/2122"}],"wp:attachment":[{"href":"https:\/\/mycor.iam.inrae.fr\/ARBRE\/index.php?rest_route=%2Fwp%2Fv2%2Fmedia&parent=8475"}],"curies":[{"name":"wp","href":"https:\/\/api.w.org\/{rel}","templated":true}]}}