{"id":8886,"date":"2016-01-19T11:59:08","date_gmt":"2016-01-19T11:59:08","guid":{"rendered":"https:\/\/mycor.iam.inrae.fr\/ARBRE\/?page_id=8886"},"modified":"2016-02-01T14:22:58","modified_gmt":"2016-02-01T14:22:58","slug":"adforix","status":"publish","type":"page","link":"https:\/\/mycor.iam.inrae.fr\/ARBRE\/?page_id=8886","title":{"rendered":"ADFORIX"},"content":{"rendered":"<p><a href=\"https:\/\/mycor.iam.inrae.fr\/ARBRE\/wp-content\/uploads\/2016\/01\/Screenshot-2016-02-01-14.55.46.png\"><img loading=\"lazy\" decoding=\"async\" class=\"alignleft  wp-image-9005\" src=\"https:\/\/mycor.iam.inrae.fr\/ARBRE\/wp-content\/uploads\/2016\/01\/Screenshot-2016-02-01-14.55.46.png\" alt=\"Screenshot 2016-02-01 14.55.46\" width=\"317\" height=\"460\" \/><\/a><\/p>\n<p>&nbsp;<\/p>\n<p>&nbsp;<\/p>\n<p>&nbsp;<\/p>\n<p>&nbsp;<\/p>\n<p>&nbsp;<\/p>\n<p>&nbsp;<\/p>\n<p>&nbsp;<\/p>\n<p>&nbsp;<\/p>\n<p>&nbsp;<\/p>\n<p>&nbsp;<\/p>\n<p>&nbsp;<\/p>\n<p><strong>Adaptation to climate change : Forest owners&#8217; risk attitude and perception<\/strong><\/p>\n<p><em>Responsable scientifique:\u00a0 <\/em>Marielle Brunette (UMR 356 Laboratoire d&#8217;Economie Foresti\u00e8re \u2014 LEF)<\/p>\n<p><em>Collaboration:\u00a0 <\/em><br \/>\nAnne Stenger (BETA, Strasbourg; LEF, Nancy)Marc Hanewinkel (Chair of Forestry Economics and Forest Planning, University of Freiburg, Germany)<br \/>\nRasoul Yousefpour (Chair of Forestry Economics and Forest Planning, University of Freiburg, Germany)<\/p>\n<p>_________________________________________________________________<\/p>\n<p><strong>Contexte <\/strong>\u2014 La gestion foresti\u00e8re est expos\u00e9e \u00e0 de nombreux risques de production notamment du fait des al\u00e9as naturels. Ces catastrophes naturelles repr\u00e9sentent le principal risque auquel les propri\u00e9taires forestiers europ\u00e9ens sont confront\u00e9s. Certains m\u00e9canismes de pr\u00e9vention et de couverture existent pour faire face \u00e0 ces perturbations comme l&#8217;assurance, par exemple. De plus, le changement climatique accroit la fr\u00e9quence et l&#8217;intensit\u00e9 de ces al\u00e9as. Des strat\u00e9gies d&#8217;adaptation sont donc \u00e9galement propos\u00e9es pour faire face \u00e0 une telle augmentation: r\u00e9duction de la r\u00e9volution, r\u00e9duction de la densit\u00e9, utilisation croissante de br\u00fblage dirig\u00e9, entre autres. Pour mener \u00e0 bien ces strat\u00e9gies d&#8217;adaptation, les propri\u00e9taires forestiers doivent \u00eatre convaincus que le changement climatique repr\u00e9sente une menace pour leurs for\u00eats. Certains articles soulignent que la perception du risque des propri\u00e9taires forestiers est un enjeu majeur lorsqu&#8217;il s\u2019agit de s\u2019int\u00e9resser aux strat\u00e9gies d&#8217;adaptation. De la m\u00eame fa\u00e7on, une meilleure connaissance de l&#8217;attitude des propri\u00e9taires face au risque semble une condition pr\u00e9alable \u00e0 l&#8217;analyse des strat\u00e9gies d&#8217;adaptation.<\/p>\n<p><strong>Objectifs <\/strong>\u2014 Dans ce contexte, notre objectif est d&#8217;analyser conjointement l&#8217;attitude face aux risques des propri\u00e9taires forestiers priv\u00e9s et leur perception des risques dans le contexte du changement climatique et des strat\u00e9gies d&#8217;adaptation.<\/p>\n<p><strong>Approches<\/strong> \u2014 R\u00e9alisation d\u2019un questionnaire commun pour les propri\u00e9taires forestiers priv\u00e9s fran\u00e7ais et allemands. Le questionnaire sera envoy\u00e9 aux propri\u00e9taires par voie postale.<\/p>\n<p><strong>R\u00e9sultats et impacts attendus<\/strong> \u2014 Concernant l&#8217;attitude face au risque et la perception des risques des propri\u00e9taires forestiers, les connaissances en \u00e9conomie sont tr\u00e8s faibles, en particulier en France, alors que le d\u00e9fi est de taille. En effet, l&#8217;attitude face au risque et la perception des risques sont deux d\u00e9terminants de la d\u00e9cision de gestion des risques du propri\u00e9taire forestier. Par cons\u00e9quent, une meilleure connaissance des caract\u00e9ristiques de ces propri\u00e9taires permettrait la mise en \u0153uvre de strat\u00e9gies coh\u00e9rentes d&#8217;adaptation au changement climatique.<\/p>\n<p>&nbsp;<\/p>\n","protected":false},"excerpt":{"rendered":"<p>&nbsp; &nbsp; &nbsp; &nbsp; &nbsp; &nbsp; &nbsp; &nbsp; &nbsp; &nbsp; &nbsp; Adaptation to climate change : Forest owners&#8217; risk attitude and perception Responsable scientifique:\u00a0 Marielle Brunette (UMR 356 Laboratoire d&#8217;Economie Foresti\u00e8re \u2014 LEF) Collaboration:\u00a0 Anne Stenger (BETA, Strasbourg; LEF, Nancy)Marc &hellip; <a href=\"https:\/\/mycor.iam.inrae.fr\/ARBRE\/?page_id=8886\">Continue reading <span class=\"meta-nav\">&rarr;<\/span><\/a><\/p>\n","protected":false},"author":4,"featured_media":0,"parent":2122,"menu_order":0,"comment_status":"closed","ping_status":"closed","template":"","meta":{"footnotes":""},"class_list":["post-8886","page","type-page","status-publish","hentry"],"_links":{"self":[{"href":"https:\/\/mycor.iam.inrae.fr\/ARBRE\/index.php?rest_route=\/wp\/v2\/pages\/8886","targetHints":{"allow":["GET"]}}],"collection":[{"href":"https:\/\/mycor.iam.inrae.fr\/ARBRE\/index.php?rest_route=\/wp\/v2\/pages"}],"about":[{"href":"https:\/\/mycor.iam.inrae.fr\/ARBRE\/index.php?rest_route=\/wp\/v2\/types\/page"}],"author":[{"embeddable":true,"href":"https:\/\/mycor.iam.inrae.fr\/ARBRE\/index.php?rest_route=\/wp\/v2\/users\/4"}],"replies":[{"embeddable":true,"href":"https:\/\/mycor.iam.inrae.fr\/ARBRE\/index.php?rest_route=%2Fwp%2Fv2%2Fcomments&post=8886"}],"version-history":[{"count":0,"href":"https:\/\/mycor.iam.inrae.fr\/ARBRE\/index.php?rest_route=\/wp\/v2\/pages\/8886\/revisions"}],"up":[{"embeddable":true,"href":"https:\/\/mycor.iam.inrae.fr\/ARBRE\/index.php?rest_route=\/wp\/v2\/pages\/2122"}],"wp:attachment":[{"href":"https:\/\/mycor.iam.inrae.fr\/ARBRE\/index.php?rest_route=%2Fwp%2Fv2%2Fmedia&parent=8886"}],"curies":[{"name":"wp","href":"https:\/\/api.w.org\/{rel}","templated":true}]}}