{"id":275,"date":"2025-05-02T12:57:03","date_gmt":"2025-05-02T12:57:03","guid":{"rendered":"https:\/\/mycor.iam.inrae.fr\/ARTEMIS\/?page_id=275"},"modified":"2025-05-02T13:02:14","modified_gmt":"2025-05-02T13:02:14","slug":"teaching-actions-and-formations","status":"publish","type":"page","link":"https:\/\/mycor.iam.inrae.fr\/ARTEMIS\/index.php\/teaching-actions-and-formations\/","title":{"rendered":"Teaching actions and formations"},"content":{"rendered":"<p><strong>Soutien \u00e0 IFSA<\/strong><\/p>\n<p>IFSA France est une association (loi 1901) attach\u00e9e \u00e0 un r\u00e9seau international (avec plus de 135 IFSA diff\u00e9rents au niveau mondial), dont l\u2019antenne localis\u00e9e \u00e0 AgroParisTech Nancy est la seule de France.\u00a0 Nos membres sont des \u00e9tudiants forestiers, soit des ing\u00e9nieurs forestiers d&#8217;AgroParisTech ou des \u00e9tudiants du Master AETPF, dispens\u00e9 en collaboration entre l&#8217;Universit\u00e9 de Lorraine et AgroParisTech. Notre IFSA est une association labellis\u00e9e &#8220;Universit\u00e9 de Lorraine&#8221; gr\u00e2ce au FSDIE.<\/p>\n","protected":false},"excerpt":{"rendered":"<p>Soutien \u00e0 IFSA IFSA France est une association (loi 1901) attach\u00e9e \u00e0 un r\u00e9seau international (avec plus de 135 IFSA diff\u00e9rents au niveau mondial), dont l\u2019antenne localis\u00e9e \u00e0 AgroParisTech Nancy est la seule de France.\u00a0 Nos membres sont des \u00e9tudiants &hellip; <a href=\"https:\/\/mycor.iam.inrae.fr\/ARTEMIS\/index.php\/teaching-actions-and-formations\/\">Continue reading <span class=\"meta-nav\">&rarr;<\/span><\/a><\/p>\n","protected":false},"author":2,"featured_media":0,"parent":0,"menu_order":0,"comment_status":"closed","ping_status":"closed","template":"","meta":{"footnotes":""},"class_list":["post-275","page","type-page","status-publish","hentry"],"_links":{"self":[{"href":"https:\/\/mycor.iam.inrae.fr\/ARTEMIS\/index.php\/wp-json\/wp\/v2\/pages\/275","targetHints":{"allow":["GET"]}}],"collection":[{"href":"https:\/\/mycor.iam.inrae.fr\/ARTEMIS\/index.php\/wp-json\/wp\/v2\/pages"}],"about":[{"href":"https:\/\/mycor.iam.inrae.fr\/ARTEMIS\/index.php\/wp-json\/wp\/v2\/types\/page"}],"author":[{"embeddable":true,"href":"https:\/\/mycor.iam.inrae.fr\/ARTEMIS\/index.php\/wp-json\/wp\/v2\/users\/2"}],"replies":[{"embeddable":true,"href":"https:\/\/mycor.iam.inrae.fr\/ARTEMIS\/index.php\/wp-json\/wp\/v2\/comments?post=275"}],"version-history":[{"count":3,"href":"https:\/\/mycor.iam.inrae.fr\/ARTEMIS\/index.php\/wp-json\/wp\/v2\/pages\/275\/revisions"}],"predecessor-version":[{"id":281,"href":"https:\/\/mycor.iam.inrae.fr\/ARTEMIS\/index.php\/wp-json\/wp\/v2\/pages\/275\/revisions\/281"}],"wp:attachment":[{"href":"https:\/\/mycor.iam.inrae.fr\/ARTEMIS\/index.php\/wp-json\/wp\/v2\/media?parent=275"}],"curies":[{"name":"wp","href":"https:\/\/api.w.org\/{rel}","templated":true}]}}