{"id":10707,"date":"2021-03-04T09:28:34","date_gmt":"2021-03-04T09:28:34","guid":{"rendered":"https:\/\/mycor.iam.inrae.fr\/IAM\/?page_id=10707"},"modified":"2022-02-21T14:18:10","modified_gmt":"2022-02-21T14:18:10","slug":"former-members-2020","status":"publish","type":"page","link":"https:\/\/mycor.iam.inrae.fr\/IAM\/?page_id=10707","title":{"rendered":"Former members 2020"},"content":{"rendered":"<p><span style=\"text-decoration: underline;\"><strong>Permanent Staff:<\/strong><\/span><\/p>\n<ul>\n<li>St\u00e9phane DE MITA, Ecology of forest pathogenic fungi team, 2011 &#8211; 2020<\/li>\n<li>Fran\u00e7ois LE TACON, Ecogenomics of interactions team, 1964 &#8211; 2020<\/li>\n<\/ul>\n<p><span style=\"text-decoration: underline;\"><strong>Non permanent staff:<\/strong><\/span><\/p>\n<h1>POST-DOCTORAL RESEARCHERS<\/h1>\n<ul>\n<li>Cl\u00e9mence BONNOT, Ecogenomics of interactions team, 06\/2017 \u2013 09\/2020<\/li>\n<li>Lauralie MANGEOT-PETER, Ecogenomics of interactions team, 10\/2016 &#8211; 08\/2020<\/li>\n<li>Shingo MIYAUCHI, Ecogenomics of interactions team, 03\/2017 &#8211; 02\/2020<\/li>\n<li>Benjamin SELLES, Stress response and redox regulation team, 09\/2018 &#8211; 08\/2020<\/li>\n<li>Antoine PERSOONS, Ecology of forest pathogenic fungi team, 12\/2018 &#8211; 11\/2020<\/li>\n<li>Nicolas VALETTE, Stress response and redox regulation team, 09\/2018 &#8211; 12\/2020<\/li>\n<li>Simone BELMONDO, Ecogenomics of interactions team, 06\/2019 &#8211; 05\/2020<\/li>\n<\/ul>\n<p><span style=\"text-decoration: underline;\">Scientific stays<\/span>:<\/p>\n<ul>\n<li>Gang WU, Kunming Institute for Botany,Chine, 12\/2018 &#8211; 01\/2020<\/li>\n<\/ul>\n<h1>PhD STUDENTS &amp; ATER:<\/h1>\n<ul>\n<li>Duy Vuong NGUYEN, Ecogenomics of interactions team, 09\/2016-09\/2020<\/li>\n<li>Matthieu NICAULT, Stress response and redox regulation team, 10\/2017-09\/2020<\/li>\n<li>Julien RENOU, Stress response and redox regulation team, 10\/2018-09\/2020<\/li>\n<li>M\u00e9lanie ROLAND, Stress responses and redox regulation team, 10\/2016-08\/2020<\/li>\n<li>Elodie SYLVESTRE GONON, Stress response and redox regulation team, 09\/2017-08\/2020<\/li>\n<\/ul>\n<p><span style=\"text-decoration: underline;\">Short term stays<\/span>:<\/p>\n<ul>\n<li>Fabiola LUCINI, Univ Pampa, Br\u00e9sil (09\/2019-12\/2020)<\/li>\n<li>Carmelo GIANCHINO, Univ. Coppito,Italie (11\/2019-02\/2020)<\/li>\n<li>Yifei SUN, Beijing University (10\/2019-10\/2020)<\/li>\n<\/ul>\n<h1>ENGINEERS and TECHNICIANS<\/h1>\n<p><span style=\"text-decoration: underline;\">Short term staff<\/span>:<\/p>\n<ul>\n<li>Muriel BARBIER, Engineer, 10\/2018 &#8211; 09\/2020<\/li>\n<li>Pauline BEACCO, Technician, 02\/2019 &#8211; 10\/2020<\/li>\n<li>Tom BEYAERT, Technician, 10\/2020 &#8211; 12\/2020<\/li>\n<li>Antonin FREY, MOO, 06\/2020 &#8211; 07\/2020<\/li>\n<li>Cl\u00e9mentine LAPIE, MOO, 01\/2020 &#8211; 03\/2020<\/li>\n<\/ul>\n<h1>STUDENTS INTERNSHIPS:<\/h1>\n<ul>\n<li>Master and engineer school internships: BECKER Camille (M1), CHARTOIRE Alexis (M2), GARINO L\u00e9na (M2), GONCALVES Cl\u00e9ment (M1), LANGRAND Julien (M2), NOLEO M\u00e9lodie (M2), PIERROT R\u00e9my (M1), POLOWCZYK Oc\u00e9ane (M1), SAMONIN Alphone (M1), SAGDYYEVA Kamilla (M2), VINCENOT Karine (M1), ZIESEL Morgane (M1)<\/li>\n<li>Licence, BTS and other internships: CHAMPY Philom\u00e8ne (DUT)<\/li>\n<\/ul>\n","protected":false},"excerpt":{"rendered":"<p>Permanent Staff: St\u00e9phane DE MITA, Ecology of forest pathogenic fungi team, 2011 &#8211; 2020 Fran\u00e7ois LE TACON, Ecogenomics of interactions team, 1964 &#8211; 2020 Non permanent staff: POST-DOCTORAL RESEARCHERS Cl\u00e9mence BONNOT, Ecogenomics of interactions team, 06\/2017 \u2013 09\/2020 Lauralie MANGEOT-PETER, &hellip; <a href=\"https:\/\/mycor.iam.inrae.fr\/IAM\/?page_id=10707\">Continue reading <span class=\"meta-nav\">&rarr;<\/span><\/a><\/p>\n","protected":false},"author":7,"featured_media":0,"parent":1343,"menu_order":0,"comment_status":"closed","ping_status":"closed","template":"","meta":{"footnotes":""},"class_list":["post-10707","page","type-page","status-publish","hentry"],"_links":{"self":[{"href":"https:\/\/mycor.iam.inrae.fr\/IAM\/index.php?rest_route=\/wp\/v2\/pages\/10707","targetHints":{"allow":["GET"]}}],"collection":[{"href":"https:\/\/mycor.iam.inrae.fr\/IAM\/index.php?rest_route=\/wp\/v2\/pages"}],"about":[{"href":"https:\/\/mycor.iam.inrae.fr\/IAM\/index.php?rest_route=\/wp\/v2\/types\/page"}],"author":[{"embeddable":true,"href":"https:\/\/mycor.iam.inrae.fr\/IAM\/index.php?rest_route=\/wp\/v2\/users\/7"}],"replies":[{"embeddable":true,"href":"https:\/\/mycor.iam.inrae.fr\/IAM\/index.php?rest_route=%2Fwp%2Fv2%2Fcomments&post=10707"}],"version-history":[{"count":0,"href":"https:\/\/mycor.iam.inrae.fr\/IAM\/index.php?rest_route=\/wp\/v2\/pages\/10707\/revisions"}],"up":[{"embeddable":true,"href":"https:\/\/mycor.iam.inrae.fr\/IAM\/index.php?rest_route=\/wp\/v2\/pages\/1343"}],"wp:attachment":[{"href":"https:\/\/mycor.iam.inrae.fr\/IAM\/index.php?rest_route=%2Fwp%2Fv2%2Fmedia&parent=10707"}],"curies":[{"name":"wp","href":"https:\/\/api.w.org\/{rel}","templated":true}]}}