{"id":12425,"date":"2024-02-07T10:01:25","date_gmt":"2024-02-07T10:01:25","guid":{"rendered":"https:\/\/mycor.iam.inrae.fr\/IAM\/?page_id=12425"},"modified":"2024-02-21T15:39:53","modified_gmt":"2024-02-21T15:39:53","slug":"tous-chercheurs-2","status":"publish","type":"page","link":"https:\/\/mycor.iam.inrae.fr\/IAM\/?page_id=12425","title":{"rendered":"Tous Chercheurs"},"content":{"rendered":"<p style=\"text-align: center;\"><strong>TOUS CHERCHEURS Nancy\u00a0: UNE PLATEFORME D\u2019APPUI AUX SCIENCES ET RECHERCHES PARTICIPATIVES EN BIOLOGIE ET MICROBIOLOGIE<\/strong><\/p>\n<p><em><strong>Team Leader\u00a0<\/strong>: Pascale FREY-KLETT<\/em><\/p>\n<p><a href=\"https:\/\/www.touschercheurs.fr\/\">Tous Chercheurs<\/a> est un dispositif national d\u2019espaces d\u2019exp\u00e9rimentation ouverts au public (laboratoires et sites exp\u00e9rimentaux de terrain), ancr\u00e9s dans le monde de la recherche acad\u00e9mique, \u0153uvrant \u00e0 l\u2019\u00e9ducation et la formation aux d\u00e9marches scientifiques par la pratique et offrant un accompagnement au d\u00e9veloppement des sciences et recherches participatives. Il promeut l\u2019interdisciplinarit\u00e9 et l\u2019ouverture \u00e0 tous en tissant notamment des partenariats forts avec le tiers secteur de la recherche.<\/p>\n<p>L\u2019ambition de ce dispositif est plurielle. Il s\u2019agit (i) de soutenir une vision inclusive en conf\u00e9rant \u00e0 tous le pouvoir de comprendre les sciences et de participer \u00e0 la production de connaissances scientifiques nouvelles\u00a0; (ii) de lutter contre la d\u00e9sinformation, en rapprochant esprit critique et esprit scientifique\u00a0; (iii)\u00a0de concourir \u00e0 la formation de tous \u00e0 d\u00e9velopper des capacit\u00e9s d\u2019argumentation rationnelle et \u00e9tay\u00e9e, en d\u00e9mocratisant la recherche\u00a0; (iv) de donner \u00e0 voir la science en train de se faire par la pratique des cheminements intellectuels, sociaux, techniques et mat\u00e9riels de la recherche.<\/p>\n<p>H\u00e9berg\u00e9e par l\u2019UMR IAM, la plateforme Tous Chercheurs de Nancy d\u00e9ploie ses activit\u00e9s autour de trois p\u00f4les principaux\u00a0: (i) l\u2019\u00e9ducation aux d\u00e9marches de recherche de publics scolaires (coll\u00e9giens et lyc\u00e9ens) et de citoyens, (ii) la formation des chercheurs \u00e0 la transmission de ces d\u00e9marches aupr\u00e8s de publics non-scientifiques, (iii) l\u2019accompagnement de projets dans lesquels chercheurs et citoyens interagissent aux diff\u00e9rentes \u00e9tapes du processus de recherche et produisent ensemble de nouvelles connaissances scientifiques.<\/p>\n<p><a href=\"https:\/\/mycor.iam.inrae.fr\/IAM\/wp-content\/uploads\/2024\/02\/Tous-Chercheurs.jpg\"><img loading=\"lazy\" decoding=\"async\" class=\"wp-image-12493 size-medium aligncenter\" src=\"https:\/\/mycor.iam.inrae.fr\/IAM\/wp-content\/uploads\/2024\/02\/Tous-Chercheurs-300x225.jpg\" alt=\"\" width=\"300\" height=\"225\" srcset=\"https:\/\/mycor.iam.inrae.fr\/IAM\/wp-content\/uploads\/2024\/02\/Tous-Chercheurs-300x225.jpg 300w, https:\/\/mycor.iam.inrae.fr\/IAM\/wp-content\/uploads\/2024\/02\/Tous-Chercheurs-768x576.jpg 768w, https:\/\/mycor.iam.inrae.fr\/IAM\/wp-content\/uploads\/2024\/02\/Tous-Chercheurs-400x300.jpg 400w, https:\/\/mycor.iam.inrae.fr\/IAM\/wp-content\/uploads\/2024\/02\/Tous-Chercheurs.jpg 1024w\" sizes=\"auto, (max-width: 300px) 100vw, 300px\" \/><\/a><\/p>\n<p>La plateforme b\u00e9n\u00e9ficie d\u2019un espace de de 354 m2 situ\u00e9 au sein du centre INRAE Grand Est \u2013 Nancy, sur le site de Champenoux.<\/p>\n<p style=\"text-align: left;\"><strong>Cet espace comprend<\/strong> :<\/p>\n<ul>\n<li style=\"text-align: left;\">4 laboratoires \u00e9quip\u00e9s de mat\u00e9riels de recherche de pointe (115m2)<\/li>\n<li>4 espaces de travail (70 m2)<\/li>\n<li>1 pi\u00e8ce de microscopie et imagerie<\/li>\n<li>1 laverie\/salle de pr\u00e9paration<\/li>\n<li>1 SAS retour de terrain<\/li>\n<li>1 salle de conf\u00e9rences\/d\u00e9bats (33,2 m2)<\/li>\n<li>1 office-d\u00e9tente<\/li>\n<\/ul>\n<p><a href=\"https:\/\/mycor.iam.inrae.fr\/IAM\/wp-content\/uploads\/2024\/02\/Tous-chercheurs-2.jpg\"><img loading=\"lazy\" decoding=\"async\" class=\"size-medium wp-image-12492 alignleft\" src=\"https:\/\/mycor.iam.inrae.fr\/IAM\/wp-content\/uploads\/2024\/02\/Tous-chercheurs-2-300x225.jpg\" alt=\"\" width=\"300\" height=\"225\" srcset=\"https:\/\/mycor.iam.inrae.fr\/IAM\/wp-content\/uploads\/2024\/02\/Tous-chercheurs-2-300x225.jpg 300w, https:\/\/mycor.iam.inrae.fr\/IAM\/wp-content\/uploads\/2024\/02\/Tous-chercheurs-2-768x576.jpg 768w, https:\/\/mycor.iam.inrae.fr\/IAM\/wp-content\/uploads\/2024\/02\/Tous-chercheurs-2-400x300.jpg 400w, https:\/\/mycor.iam.inrae.fr\/IAM\/wp-content\/uploads\/2024\/02\/Tous-chercheurs-2.jpg 1024w\" sizes=\"auto, (max-width: 300px) 100vw, 300px\" \/><\/a><a href=\"https:\/\/mycor.iam.inrae.fr\/IAM\/wp-content\/uploads\/2024\/02\/TC.jpg\"><img loading=\"lazy\" decoding=\"async\" class=\"wp-image-12494 size-medium aligncenter\" src=\"https:\/\/mycor.iam.inrae.fr\/IAM\/wp-content\/uploads\/2024\/02\/TC-300x225.jpg\" alt=\"\" width=\"300\" height=\"225\" srcset=\"https:\/\/mycor.iam.inrae.fr\/IAM\/wp-content\/uploads\/2024\/02\/TC-300x225.jpg 300w, https:\/\/mycor.iam.inrae.fr\/IAM\/wp-content\/uploads\/2024\/02\/TC-768x576.jpg 768w, https:\/\/mycor.iam.inrae.fr\/IAM\/wp-content\/uploads\/2024\/02\/TC-400x300.jpg 400w, https:\/\/mycor.iam.inrae.fr\/IAM\/wp-content\/uploads\/2024\/02\/TC.jpg 1024w\" sizes=\"auto, (max-width: 300px) 100vw, 300px\" \/><\/a><\/p>\n<p>Les locaux sont habilit\u00e9s \u00e0 recevoir du public et sont accessibles aux personnes \u00e0 mobilit\u00e9 r\u00e9duite.<\/p>\n<p>Tous Chercheurs con\u00e7oit et organise des stages immersifs de recherche adaptables \u00e0 diff\u00e9rents types de publics (scolaires, citoyens, professionnels, enseignants, \u00e9lus\u2026), r\u00e9alis\u00e9s dans les conditions de la recherche. Ces stages reposent sur une p\u00e9dagogie active et collaborative centr\u00e9e sur le questionnement et la pratique des d\u00e9marches scientifiques. Les tuteurs recrut\u00e9s pour guider les stages sont des scientifiques sp\u00e9cifiquement form\u00e9s \u00e0 la transmission des d\u00e9marches de recherche.<\/p>\n<p><a href=\"https:\/\/mycor.iam.inrae.fr\/IAM\/wp-content\/uploads\/2024\/02\/TC-2.jpg\"><img loading=\"lazy\" decoding=\"async\" class=\"alignnone wp-image-12495 size-medium\" src=\"https:\/\/mycor.iam.inrae.fr\/IAM\/wp-content\/uploads\/2024\/02\/TC-2-300x225.jpg\" alt=\"\" width=\"300\" height=\"225\" srcset=\"https:\/\/mycor.iam.inrae.fr\/IAM\/wp-content\/uploads\/2024\/02\/TC-2-300x225.jpg 300w, https:\/\/mycor.iam.inrae.fr\/IAM\/wp-content\/uploads\/2024\/02\/TC-2-768x576.jpg 768w, https:\/\/mycor.iam.inrae.fr\/IAM\/wp-content\/uploads\/2024\/02\/TC-2-400x300.jpg 400w, https:\/\/mycor.iam.inrae.fr\/IAM\/wp-content\/uploads\/2024\/02\/TC-2.jpg 1024w\" sizes=\"auto, (max-width: 300px) 100vw, 300px\" \/><\/a><a href=\"https:\/\/mycor.iam.inrae.fr\/IAM\/wp-content\/uploads\/2024\/02\/Photo-TC.jpg\"><img loading=\"lazy\" decoding=\"async\" class=\"wp-image-12497 size-medium alignright\" src=\"https:\/\/mycor.iam.inrae.fr\/IAM\/wp-content\/uploads\/2024\/02\/Photo-TC-225x300.jpg\" alt=\"\" width=\"225\" height=\"300\" srcset=\"https:\/\/mycor.iam.inrae.fr\/IAM\/wp-content\/uploads\/2024\/02\/Photo-TC-225x300.jpg 225w, https:\/\/mycor.iam.inrae.fr\/IAM\/wp-content\/uploads\/2024\/02\/Photo-TC.jpg 768w\" sizes=\"auto, (max-width: 225px) 100vw, 225px\" \/><\/a><\/p>\n<p>&nbsp;<\/p>\n<p>&nbsp;<\/p>\n<p><strong>Voici les th\u00e8mes des stages propos\u00e9s\u00a0en 2023 \u2013 2024<\/strong> :<\/p>\n<ul>\n<li>Diversit\u00e9 et usages des sols<\/li>\n<li>Des Hommes, des environnements et des tiques<\/li>\n<li>For\u00eats m\u00e9lang\u00e9es \u00e0 couvert continu et s\u00e9cheresse des sols<\/li>\n<li>Chimie \u00e9cologique et pratiques de mara\u00eechage bio<\/li>\n<\/ul>\n","protected":false},"excerpt":{"rendered":"<p>TOUS CHERCHEURS Nancy\u00a0: UNE PLATEFORME D\u2019APPUI AUX SCIENCES ET RECHERCHES PARTICIPATIVES EN BIOLOGIE ET MICROBIOLOGIE Team Leader\u00a0: Pascale FREY-KLETT Tous Chercheurs est un dispositif national d\u2019espaces d\u2019exp\u00e9rimentation ouverts au public (laboratoires et sites exp\u00e9rimentaux de terrain), ancr\u00e9s dans le monde &hellip; <a href=\"https:\/\/mycor.iam.inrae.fr\/IAM\/?page_id=12425\">Continue reading <span class=\"meta-nav\">&rarr;<\/span><\/a><\/p>\n","protected":false},"author":1,"featured_media":0,"parent":0,"menu_order":0,"comment_status":"closed","ping_status":"closed","template":"","meta":{"footnotes":""},"class_list":["post-12425","page","type-page","status-publish","hentry"],"_links":{"self":[{"href":"https:\/\/mycor.iam.inrae.fr\/IAM\/index.php?rest_route=\/wp\/v2\/pages\/12425","targetHints":{"allow":["GET"]}}],"collection":[{"href":"https:\/\/mycor.iam.inrae.fr\/IAM\/index.php?rest_route=\/wp\/v2\/pages"}],"about":[{"href":"https:\/\/mycor.iam.inrae.fr\/IAM\/index.php?rest_route=\/wp\/v2\/types\/page"}],"author":[{"embeddable":true,"href":"https:\/\/mycor.iam.inrae.fr\/IAM\/index.php?rest_route=\/wp\/v2\/users\/1"}],"replies":[{"embeddable":true,"href":"https:\/\/mycor.iam.inrae.fr\/IAM\/index.php?rest_route=%2Fwp%2Fv2%2Fcomments&post=12425"}],"version-history":[{"count":0,"href":"https:\/\/mycor.iam.inrae.fr\/IAM\/index.php?rest_route=\/wp\/v2\/pages\/12425\/revisions"}],"wp:attachment":[{"href":"https:\/\/mycor.iam.inrae.fr\/IAM\/index.php?rest_route=%2Fwp%2Fv2%2Fmedia&parent=12425"}],"curies":[{"name":"wp","href":"https:\/\/api.w.org\/{rel}","templated":true}]}}

<p style="text-align: center;"><strong>TOUS CHERCHEURS Nancy : UNE PLATEFORME D’APPUI AUX SCIENCES ET RECHERCHES PARTICIPATIVES EN BIOLOGIE ET MICROBIOLOGIE</strong></p>
<p><em><strong>Team Leader </strong>: Pascale FREY-KLETT</em></p>
<p><a href="https://www.touschercheurs.fr/">Tous Chercheurs</a> est un dispositif national d’espaces d’expérimentation ouverts au public (laboratoires et sites expérimentaux de terrain), ancrés dans le monde de la recherche académique, œuvrant à l’éducation et la formation aux démarches scientifiques par la pratique et offrant un accompagnement au développement des sciences et recherches participatives. Il promeut l’interdisciplinarité et l’ouverture à tous en tissant notamment des partenariats forts avec le tiers secteur de la recherche.</p>
<p>L’ambition de ce dispositif est plurielle. Il s’agit (i) de soutenir une vision inclusive en conférant à tous le pouvoir de comprendre les sciences et de participer à la production de connaissances scientifiques nouvelles ; (ii) de lutter contre la désinformation, en rapprochant esprit critique et esprit scientifique ; (iii) de concourir à la formation de tous à développer des capacités d’argumentation rationnelle et étayée, en démocratisant la recherche ; (iv) de donner à voir la science en train de se faire par la pratique des cheminements intellectuels, sociaux, techniques et matériels de la recherche.</p>
<p>Hébergée par l’UMR IAM, la plateforme Tous Chercheurs de Nancy déploie ses activités autour de trois pôles principaux : (i) l’éducation aux démarches de recherche de publics scolaires (collégiens et lycéens) et de citoyens, (ii) la formation des chercheurs à la transmission de ces démarches auprès de publics non-scientifiques, (iii) l’accompagnement de projets dans lesquels chercheurs et citoyens interagissent aux différentes étapes du processus de recherche et produisent ensemble de nouvelles connaissances scientifiques.</p>
<p><a href="https://mycor.iam.inrae.fr/IAM/wp-content/uploads/2024/02/Tous-Chercheurs.jpg"><img loading="lazy" decoding="async" class="wp-image-12493 size-medium aligncenter" src="https://mycor.iam.inrae.fr/IAM/wp-content/uploads/2024/02/Tous-Chercheurs-300x225.jpg" alt="" width="300" height="225" srcset="https://mycor.iam.inrae.fr/IAM/wp-content/uploads/2024/02/Tous-Chercheurs-300x225.jpg 300w, https://mycor.iam.inrae.fr/IAM/wp-content/uploads/2024/02/Tous-Chercheurs-768x576.jpg 768w, https://mycor.iam.inrae.fr/IAM/wp-content/uploads/2024/02/Tous-Chercheurs-400x300.jpg 400w, https://mycor.iam.inrae.fr/IAM/wp-content/uploads/2024/02/Tous-Chercheurs.jpg 1024w" sizes="auto, (max-width: 300px) 100vw, 300px" /></a></p>
<p>La plateforme bénéficie d’un espace de de 354 m2 situé au sein du centre INRAE Grand Est – Nancy, sur le site de Champenoux.</p>
<p style="text-align: left;"><strong>Cet espace comprend</strong> :</p>
<ul>
<li style="text-align: left;">4 laboratoires équipés de matériels de recherche de pointe (115m2)</li>
<li>4 espaces de travail (70 m2)</li>
<li>1 pièce de microscopie et imagerie</li>
<li>1 laverie/salle de préparation</li>
<li>1 SAS retour de terrain</li>
<li>1 salle de conférences/débats (33,2 m2)</li>
<li>1 office-détente</li>
</ul>
<p><a href="https://mycor.iam.inrae.fr/IAM/wp-content/uploads/2024/02/Tous-chercheurs-2.jpg"><img loading="lazy" decoding="async" class="size-medium wp-image-12492 alignleft" src="https://mycor.iam.inrae.fr/IAM/wp-content/uploads/2024/02/Tous-chercheurs-2-300x225.jpg" alt="" width="300" height="225" srcset="https://mycor.iam.inrae.fr/IAM/wp-content/uploads/2024/02/Tous-chercheurs-2-300x225.jpg 300w, https://mycor.iam.inrae.fr/IAM/wp-content/uploads/2024/02/Tous-chercheurs-2-768x576.jpg 768w, https://mycor.iam.inrae.fr/IAM/wp-content/uploads/2024/02/Tous-chercheurs-2-400x300.jpg 400w, https://mycor.iam.inrae.fr/IAM/wp-content/uploads/2024/02/Tous-chercheurs-2.jpg 1024w" sizes="auto, (max-width: 300px) 100vw, 300px" /></a><a href="https://mycor.iam.inrae.fr/IAM/wp-content/uploads/2024/02/TC.jpg"><img loading="lazy" decoding="async" class="wp-image-12494 size-medium aligncenter" src="https://mycor.iam.inrae.fr/IAM/wp-content/uploads/2024/02/TC-300x225.jpg" alt="" width="300" height="225" srcset="https://mycor.iam.inrae.fr/IAM/wp-content/uploads/2024/02/TC-300x225.jpg 300w, https://mycor.iam.inrae.fr/IAM/wp-content/uploads/2024/02/TC-768x576.jpg 768w, https://mycor.iam.inrae.fr/IAM/wp-content/uploads/2024/02/TC-400x300.jpg 400w, https://mycor.iam.inrae.fr/IAM/wp-content/uploads/2024/02/TC.jpg 1024w" sizes="auto, (max-width: 300px) 100vw, 300px" /></a></p>
<p>Les locaux sont habilités à recevoir du public et sont accessibles aux personnes à mobilité réduite.</p>
<p>Tous Chercheurs conçoit et organise des stages immersifs de recherche adaptables à différents types de publics (scolaires, citoyens, professionnels, enseignants, élus…), réalisés dans les conditions de la recherche. Ces stages reposent sur une pédagogie active et collaborative centrée sur le questionnement et la pratique des démarches scientifiques. Les tuteurs recrutés pour guider les stages sont des scientifiques spécifiquement formés à la transmission des démarches de recherche.</p>
<p><a href="https://mycor.iam.inrae.fr/IAM/wp-content/uploads/2024/02/TC-2.jpg"><img loading="lazy" decoding="async" class="alignnone wp-image-12495 size-medium" src="https://mycor.iam.inrae.fr/IAM/wp-content/uploads/2024/02/TC-2-300x225.jpg" alt="" width="300" height="225" srcset="https://mycor.iam.inrae.fr/IAM/wp-content/uploads/2024/02/TC-2-300x225.jpg 300w, https://mycor.iam.inrae.fr/IAM/wp-content/uploads/2024/02/TC-2-768x576.jpg 768w, https://mycor.iam.inrae.fr/IAM/wp-content/uploads/2024/02/TC-2-400x300.jpg 400w, https://mycor.iam.inrae.fr/IAM/wp-content/uploads/2024/02/TC-2.jpg 1024w" sizes="auto, (max-width: 300px) 100vw, 300px" /></a><a href="https://mycor.iam.inrae.fr/IAM/wp-content/uploads/2024/02/Photo-TC.jpg"><img loading="lazy" decoding="async" class="wp-image-12497 size-medium alignright" src="https://mycor.iam.inrae.fr/IAM/wp-content/uploads/2024/02/Photo-TC-225x300.jpg" alt="" width="225" height="300" srcset="https://mycor.iam.inrae.fr/IAM/wp-content/uploads/2024/02/Photo-TC-225x300.jpg 225w, https://mycor.iam.inrae.fr/IAM/wp-content/uploads/2024/02/Photo-TC.jpg 768w" sizes="auto, (max-width: 225px) 100vw, 225px" /></a></p>
<p>&nbsp;</p>
<p>&nbsp;</p>
<p><strong>Voici les thèmes des stages proposés en 2023 – 2024</strong> :</p>
<ul>
<li>Diversité et usages des sols</li>
<li>Des Hommes, des environnements et des tiques</li>
<li>Forêts mélangées à couvert continu et sécheresse des sols</li>
<li>Chimie écologique et pratiques de maraîchage bio</li>
</ul>

<p>TOUS CHERCHEURS Nancy : UNE PLATEFORME D’APPUI AUX SCIENCES ET RECHERCHES PARTICIPATIVES EN BIOLOGIE ET MICROBIOLOGIE Team Leader : Pascale FREY-KLETT Tous Chercheurs est un dispositif national d’espaces d’expérimentation ouverts au public (laboratoires et sites expérimentaux de terrain), ancrés dans le monde &hellip; <a href="https://mycor.iam.inrae.fr/IAM/?page_id=12425">Continue reading <span class="meta-nav">&rarr;</span></a></p>
