{"id":12443,"date":"2024-02-08T14:36:39","date_gmt":"2024-02-08T14:36:39","guid":{"rendered":"https:\/\/mycor.iam.inrae.fr\/IAM\/?page_id=12443"},"modified":"2025-06-17T09:59:29","modified_gmt":"2025-06-17T09:59:29","slug":"students","status":"publish","type":"page","link":"https:\/\/mycor.iam.inrae.fr\/IAM\/?page_id=12443","title":{"rendered":"Students"},"content":{"rendered":"<table style=\"border: none;\" width=\"100%\">\n<tbody>\n<tr>\n<td style=\"border-top: 1px solid black;\" width=\"100\">Name<\/td>\n<td style=\"border-top: 1px solid black;\"><strong> Gerdy ELENGA <\/strong><br \/> [Master &#8216;Microbiologie&#8217; (Nancy); M1]<br \/>\n<a href=\"mailto:ammar.abdalrahem@inrae.fr\">gerdy.elenga@inrae.fr<\/a><\/td>\n<td style=\"border-top: 1px solid black;\" rowspan=\"6\" width=\"150\"><a href=\"https:\/\/mycor.iam.inrae.fr\/IAM\/wp-content\/uploads\/2025\/05\/Photo-Gerdy.jpeg\"><img loading=\"lazy\" decoding=\"async\" class=\"alignnone wp-image-11382\" src=\"https:\/\/mycor.iam.inrae.fr\/IAM\/wp-content\/uploads\/2025\/05\/Photo-Gerdy.jpeg\" alt=\"\" width=\"144\" height=\"147\" \/><\/a><\/td>\n<\/tr>\n<tr>\n<td style=\"border: none;\" width=\"100\">Team<\/td>\n<td style=\"border: none;\">Ecogenomic of Interactions team<\/td>\n<\/tr>\n<tr>\n<td style=\"border: none;\" width=\"100\">Supervisors<\/td>\n<td style=\"border: none;\">Marceau LEVASSEUR<\/td>\n<\/tr>\n<tr>\n<td style=\"border: none;\" width=\"100\">Subject<\/td>\n<td style=\"border: none;\"><em>D\u00e9termination de la sensibilit\u00e9 de deux champignons d\u00e9gradeurs de bois, Phanerochaete chrysosporium et Rhodonia placenta, \u00e0 deux mol\u00e9cules antifongiques, le t\u00e9buconazole et le propiconazole<\/em><\/td>\n<\/tr>\n<tr>\n<td style=\"border: none;\" width=\"100\">Period<\/td>\n<td style=\"border: none;\">07\/04\/2025 &#8211; 05\/06\/2025<\/td>\n<\/tr>\n<\/tbody>\n<\/table>\n<table style=\"border: none;\" width=\"100%\">\n<tbody>\n<tr>\n<td style=\"border-top: 1px solid black;\" width=\"100\">Name<\/td>\n<td style=\"border-top: 1px solid black;\"><strong> Anna JOURDAIN <\/strong> <br \/>[Ecole d\u2019Ing\u00e9nieur (ESA d\u2019Angers)]<br \/>\n<a href=\"mailto:ammar.abdalrahem@inrae.fr\">anna.jourdain@inrae.fr<\/a><\/td>\n<td style=\"border-top: 1px solid black;\" rowspan=\"6\" width=\"150\"><a href=\"https:\/\/mycor.iam.inrae.fr\/IAM\/wp-content\/uploads\/2025\/05\/PXL_20250117_142309630.MP2-1.jpeg\"><img loading=\"lazy\" decoding=\"async\" class=\"alignnone size-medium wp-image-12402\" src=\"https:\/\/mycor.iam.inrae.fr\/IAM\/wp-content\/uploads\/2025\/05\/PXL_20250117_142309630.MP2-1.jpeg\" alt=\"\" width=\"240\" height=\"300\" \/><\/a><\/td>\n<\/tr>\n<tr>\n<td style=\"border: none;\" width=\"100\">Team<\/td>\n<td style=\"border: none;\">Ecogenomic of Interactions team<\/td>\n<\/tr>\n<tr>\n<td style=\"border: none;\" width=\"100\">Supervisors<\/td>\n<td style=\"border: none;\">Claude MURAT and Cyrille BACH<\/td>\n<\/tr>\n<tr>\n<td style=\"border: none;\" width=\"100\">Subject<\/td>\n<td style=\"border: none;\"><em>Analyse de donn\u00e9es du projet SPORTRUF<\/em><\/td>\n<\/tr>\n<tr>\n<td style=\"border: none;\" width=\"100\">Period<\/td>\n<td style=\"border: none;\">28\/04\/25 &#8211; 20\/06\/25<\/td>\n<\/tr>\n<\/tbody>\n<table style=\"border: none;\" width=\"100%\">\n<tbody>\n<tr>\n<td style=\"border-top: 1px solid black;\" width=\"100\">Name<\/td>\n<td style=\"border-top: 1px solid black;\"><strong> Lorette PFAFF <\/strong> [Licence, L3]<br \/>\n<a href=\"mailto:ammar.abdalrahem@inrae.fr\">lorette.pfaff@inrae.fr<\/a><\/td>\n<td style=\"border-top: 1px solid black;\" rowspan=\"6\" width=\"150\"><a href=\"https:\/\/mycor.iam.inrae.fr\/IAM\/wp-content\/uploads\/2025\/05\/k4mde6lpaYUro4fv.png\"><img loading=\"lazy\" decoding=\"async\" class=\"alignnone wp-image-11382\" src=\"https:\/\/mycor.iam.inrae.fr\/IAM\/wp-content\/uploads\/2025\/05\/k4mde6lpaYUro4fv.png\" alt=\"\" width=\"144\" height=\"147\" \/><\/a><\/td>\n<\/tr>\n<tr>\n<td style=\"border: none;\" width=\"100\">Team<\/td>\n<td style=\"border: none;\">Ecogenomic of Interactions team<\/td>\n<\/tr>\n<tr>\n<td style=\"border: none;\" width=\"100\">Supervisors<\/td>\n<td style=\"border: none;\">Claire Veneault-Fourrey, Marceau Levasseur<\/td>\n<\/tr>\n<tr>\n<td style=\"border: none;\" width=\"100\">Subject<\/td>\n<td style=\"border: none;\"><em>Tests de d\u00e9gradation de la salyg\u00e9nine en acide salycilique par des micrororganismes rhizopsh\u00e9riques isol\u00e9es ou non de racines de peupliers<\/em><\/td>\n<\/tr>\n<tr>\n<td style=\"border: none;\" width=\"100\">Period<\/td>\n<td style=\"border: none;\">19 mai &#8211; 08 aout 2025<\/td>\n<\/tr>\n<\/tbody>\n<\/table>\n<table style=\"border: none;\" width=\"100%\">\n<tbody>\n<tr>\n<td style=\"border-top: 1px solid black;\" width=\"150\">Name<\/td>\n<td style=\"border-top: 1px solid black;\"><strong>\u00a0<\/strong><\/td>\n<td style=\"border-top: 1px solid black;\" rowspan=\"6\" width=\"150\"><a href=\"https:\/\/mycor.iam.inrae.fr\/IAM\/wp-content\/uploads\/2022\/01\/Profil-femme.jpg\"><img loading=\"lazy\" decoding=\"async\" class=\"alignnone wp-image-11382\" src=\"https:\/\/mycor.iam.inrae.fr\/IAM\/wp-content\/uploads\/2022\/01\/Profil-femme.jpg\" alt=\"\" width=\"144\" height=\"147\" \/><\/a><\/td>\n<\/tr>\n<tr>\n<td style=\"border: none;\" width=\"150\">Team<\/td>\n<td style=\"border: none;\">Ecogenomics of interactions team<\/td>\n<\/tr>\n<tr>\n<td style=\"border: none;\" width=\"150\">Supervisor<\/td>\n<td style=\"border: none;\">xx<\/td>\n<\/tr>\n<tr>\n<td style=\"border: none;\" width=\"150\">Subject<\/td>\n<td style=\"border: none;\"><em>xx<\/em><\/td>\n<\/tr>\n<tr>\n<td style=\"border: none;\" width=\"150\">Type of study<\/td>\n<td style=\"border: none;\">Master 2<\/td>\n<\/tr>\n<tr>\n<td style=\"border: none;\" width=\"150\">Period<\/td>\n<td style=\"border: none;\"><\/td>\n<\/tr>\n<\/tbody>\n<\/table>\n","protected":false},"excerpt":{"rendered":"<p>Name Gerdy ELENGA [Master &#8216;Microbiologie&#8217; (Nancy); M1] gerdy.elenga@inrae.fr Team Ecogenomic of Interactions team Supervisors Marceau LEVASSEUR Subject D\u00e9termination de la sensibilit\u00e9 de deux champignons d\u00e9gradeurs de bois, Phanerochaete chrysosporium et Rhodonia placenta, \u00e0 deux mol\u00e9cules antifongiques, le t\u00e9buconazole et le &hellip; <a href=\"https:\/\/mycor.iam.inrae.fr\/IAM\/?page_id=12443\">Continue reading <span class=\"meta-nav\">&rarr;<\/span><\/a><\/p>\n","protected":false},"author":1,"featured_media":0,"parent":0,"menu_order":0,"comment_status":"closed","ping_status":"closed","template":"","meta":{"footnotes":""},"class_list":["post-12443","page","type-page","status-publish","hentry"],"_links":{"self":[{"href":"https:\/\/mycor.iam.inrae.fr\/IAM\/index.php?rest_route=\/wp\/v2\/pages\/12443","targetHints":{"allow":["GET"]}}],"collection":[{"href":"https:\/\/mycor.iam.inrae.fr\/IAM\/index.php?rest_route=\/wp\/v2\/pages"}],"about":[{"href":"https:\/\/mycor.iam.inrae.fr\/IAM\/index.php?rest_route=\/wp\/v2\/types\/page"}],"author":[{"embeddable":true,"href":"https:\/\/mycor.iam.inrae.fr\/IAM\/index.php?rest_route=\/wp\/v2\/users\/1"}],"replies":[{"embeddable":true,"href":"https:\/\/mycor.iam.inrae.fr\/IAM\/index.php?rest_route=%2Fwp%2Fv2%2Fcomments&post=12443"}],"version-history":[{"count":16,"href":"https:\/\/mycor.iam.inrae.fr\/IAM\/index.php?rest_route=\/wp\/v2\/pages\/12443\/revisions"}],"predecessor-version":[{"id":13126,"href":"https:\/\/mycor.iam.inrae.fr\/IAM\/index.php?rest_route=\/wp\/v2\/pages\/12443\/revisions\/13126"}],"wp:attachment":[{"href":"https:\/\/mycor.iam.inrae.fr\/IAM\/index.php?rest_route=%2Fwp%2Fv2%2Fmedia&parent=12443"}],"curies":[{"name":"wp","href":"https:\/\/api.w.org\/{rel}","templated":true}]}}

<table style="border: none;" width="100%">
<tbody>
<tr>
<td style="border-top: 1px solid black;" width="100">Name</td>
<td style="border-top: 1px solid black;"><strong> Gerdy ELENGA </strong><br /> [Master &#8216;Microbiologie&#8217; (Nancy); M1]<br />
<a href="mailto:ammar.abdalrahem@inrae.fr">gerdy.elenga@inrae.fr</a></td>
<td style="border-top: 1px solid black;" rowspan="6" width="150"><a href="https://mycor.iam.inrae.fr/IAM/wp-content/uploads/2025/05/Photo-Gerdy.jpeg"><img loading="lazy" decoding="async" class="alignnone wp-image-11382" src="https://mycor.iam.inrae.fr/IAM/wp-content/uploads/2025/05/Photo-Gerdy.jpeg" alt="" width="144" height="147" /></a></td>
</tr>
<tr>
<td style="border: none;" width="100">Team</td>
<td style="border: none;">Ecogenomic of Interactions team</td>
</tr>
<tr>
<td style="border: none;" width="100">Supervisors</td>
<td style="border: none;">Marceau LEVASSEUR</td>
</tr>
<tr>
<td style="border: none;" width="100">Subject</td>
<td style="border: none;"><em>Détermination de la sensibilité de deux champignons dégradeurs de bois, Phanerochaete chrysosporium et Rhodonia placenta, à deux molécules antifongiques, le tébuconazole et le propiconazole</em></td>
</tr>
<tr>
<td style="border: none;" width="100">Period</td>
<td style="border: none;">07/04/2025 &#8211; 05/06/2025</td>
</tr>
</tbody>
</table>
<table style="border: none;" width="100%">
<tbody>
<tr>
<td style="border-top: 1px solid black;" width="100">Name</td>
<td style="border-top: 1px solid black;"><strong> Anna JOURDAIN </strong> <br />[Ecole d’Ingénieur (ESA d’Angers)]<br />
<a href="mailto:ammar.abdalrahem@inrae.fr">anna.jourdain@inrae.fr</a></td>
<td style="border-top: 1px solid black;" rowspan="6" width="150"><a href="https://mycor.iam.inrae.fr/IAM/wp-content/uploads/2025/05/PXL_20250117_142309630.MP2-1.jpeg"><img loading="lazy" decoding="async" class="alignnone size-medium wp-image-12402" src="https://mycor.iam.inrae.fr/IAM/wp-content/uploads/2025/05/PXL_20250117_142309630.MP2-1.jpeg" alt="" width="240" height="300" /></a></td>
</tr>
<tr>
<td style="border: none;" width="100">Team</td>
<td style="border: none;">Ecogenomic of Interactions team</td>
</tr>
<tr>
<td style="border: none;" width="100">Supervisors</td>
<td style="border: none;">Claude MURAT and Cyrille BACH</td>
</tr>
<tr>
<td style="border: none;" width="100">Subject</td>
<td style="border: none;"><em>Analyse de données du projet SPORTRUF</em></td>
</tr>
<tr>
<td style="border: none;" width="100">Period</td>
<td style="border: none;">28/04/25 &#8211; 20/06/25</td>
</tr>
</tbody>
<table style="border: none;" width="100%">
<tbody>
<tr>
<td style="border-top: 1px solid black;" width="100">Name</td>
<td style="border-top: 1px solid black;"><strong> Lorette PFAFF </strong> [Licence, L3]<br />
<a href="mailto:ammar.abdalrahem@inrae.fr">lorette.pfaff@inrae.fr</a></td>
<td style="border-top: 1px solid black;" rowspan="6" width="150"><a href="https://mycor.iam.inrae.fr/IAM/wp-content/uploads/2025/05/k4mde6lpaYUro4fv.png"><img loading="lazy" decoding="async" class="alignnone wp-image-11382" src="https://mycor.iam.inrae.fr/IAM/wp-content/uploads/2025/05/k4mde6lpaYUro4fv.png" alt="" width="144" height="147" /></a></td>
</tr>
<tr>
<td style="border: none;" width="100">Team</td>
<td style="border: none;">Ecogenomic of Interactions team</td>
</tr>
<tr>
<td style="border: none;" width="100">Supervisors</td>
<td style="border: none;">Claire Veneault-Fourrey, Marceau Levasseur</td>
</tr>
<tr>
<td style="border: none;" width="100">Subject</td>
<td style="border: none;"><em>Tests de dégradation de la salygénine en acide salycilique par des micrororganismes rhizopshériques isolées ou non de racines de peupliers</em></td>
</tr>
<tr>
<td style="border: none;" width="100">Period</td>
<td style="border: none;">19 mai &#8211; 08 aout 2025</td>
</tr>
</tbody>
</table>
<table style="border: none;" width="100%">
<tbody>
<tr>
<td style="border-top: 1px solid black;" width="150">Name</td>
<td style="border-top: 1px solid black;"><strong> </strong></td>
<td style="border-top: 1px solid black;" rowspan="6" width="150"><a href="https://mycor.iam.inrae.fr/IAM/wp-content/uploads/2022/01/Profil-femme.jpg"><img loading="lazy" decoding="async" class="alignnone wp-image-11382" src="https://mycor.iam.inrae.fr/IAM/wp-content/uploads/2022/01/Profil-femme.jpg" alt="" width="144" height="147" /></a></td>
</tr>
<tr>
<td style="border: none;" width="150">Team</td>
<td style="border: none;">Ecogenomics of interactions team</td>
</tr>
<tr>
<td style="border: none;" width="150">Supervisor</td>
<td style="border: none;">xx</td>
</tr>
<tr>
<td style="border: none;" width="150">Subject</td>
<td style="border: none;"><em>xx</em></td>
</tr>
<tr>
<td style="border: none;" width="150">Type of study</td>
<td style="border: none;">Master 2</td>
</tr>
<tr>
<td style="border: none;" width="150">Period</td>
<td style="border: none;"></td>
</tr>
</tbody>
</table>

<p>Name Gerdy ELENGA [Master &#8216;Microbiologie&#8217; (Nancy); M1] gerdy.elenga@inrae.fr Team Ecogenomic of Interactions team Supervisors Marceau LEVASSEUR Subject Détermination de la sensibilité de deux champignons dégradeurs de bois, Phanerochaete chrysosporium et Rhodonia placenta, à deux molécules antifongiques, le tébuconazole et le &hellip; <a href="https://mycor.iam.inrae.fr/IAM/?page_id=12443">Continue reading <span class="meta-nav">&rarr;</span></a></p>
