{"id":7900,"date":"2017-02-10T13:30:57","date_gmt":"2017-02-10T13:30:57","guid":{"rendered":"https:\/\/mycor.iam.inrae.fr\/IAM\/?page_id=7900"},"modified":"2022-02-21T10:15:05","modified_gmt":"2022-02-21T10:15:05","slug":"former-members-2017","status":"publish","type":"page","link":"https:\/\/mycor.iam.inrae.fr\/IAM\/?page_id=7900","title":{"rendered":"Former members 2017"},"content":{"rendered":"<p><span style=\"text-decoration: underline;\"><strong>Permanent Staff:<\/strong><\/span><\/p>\n<ul>\n<li><a href=\"https:\/\/mycor.iam.inrae.fr\/IAM\/?page_id=575\">Jean-Louis CHURIN<\/a>, ingenieer, Ecogenomics of interactions team, (sept. 2017)<\/li>\n<\/ul>\n<p><span style=\"text-decoration: underline;\"><strong>Non permanent staff:<\/strong><\/span><\/p>\n<h1>POST-DOCTORAL RESEARCHERS<\/h1>\n<ul>\n<li>Antonio Jos\u00e9 FERNANDEZ GONZALES, Stress response and redox regulation, 2016-2017<\/li>\n<\/ul>\n<p><span style=\"text-decoration: underline;\">Scientific stays<\/span>:<\/p>\n<ul>\n<li><a href=\"mailto:J.Plett@westernsydney.edu.au\">Jonathan PLETT<\/a> &amp; <a href=\"mailto:K.Plett@westernsydney.edu.au\">Krista PLETT<\/a>, coming from Hawkesbury Institute for the Environment Western Sydney University, Austria (08-09\/17)<\/li>\n<li><a href=\"mailto:liang.li@cragenomica.es\">Lian LI<\/a>, coming from the CRAG of Barcelona (02-05\/17)<\/li>\n<\/ul>\n<h1>PhD STUDENTS &amp; ATER:<\/h1>\n<ul>\n<li><a href=\"https:\/\/mycor.iam.inrae.fr\/IAM\/?page_id=5771\" target=\"_blank\" rel=\"noopener\">Marie GROSDIDIER<\/a>, Ecology of forest pathogenic fungi team, 2014-2017<\/li>\n<li>Oc\u00e9ane NICOLITCH, Ecogenomics of interactions team, 2014-2017<\/li>\n<li>Nicolas VALETTE, Stress response and redox regulation, 2014-2017<\/li>\n<li>Jonathan PRZYBYLA-TOSCANO, Stress response and redox regulation, 2013-2017<\/li>\n<li>Cora GUENNOC, Ecogenomics of interactions team, 2013-2017<\/li>\n<li>Mathieu LHUIRE, Stress response and redox regulation, 2014-2017<\/li>\n<\/ul>\n<p><span style=\"text-decoration: underline;\">Short term stays<\/span>:<\/p>\n<ul>\n<li><a href=\"mailto:zhenlingna90@126.com\">Na WU<\/a>, coming from Northwest Agriculture, Forestry University, China (10\/16-10\/17)<\/li>\n<li><a href=\"https:\/\/www.unibo.it\/sitoweb\/pamela.leonardi\/en\">Pamela LEONARDI<\/a>, coming from University of Bologna (11\/16-02\/17)<\/li>\n<li><a href=\"mailto:d.schenkel@bio.uni-frankfurt.de\">Denys SCHENCKEL<\/a>, coming from Goethe Institute, Frankfrut (01-02\/17)<\/li>\n<li><a href=\"mailto:mari.vahdat@gmail.com\">Maryam VAHDATZADEH<\/a>, coming from Goethe Institute, Frankfrut (01-03\/17)<\/li>\n<\/ul>\n<h1>ENGINEERS and TECHNICIANS<\/h1>\n<p><span style=\"text-decoration: underline;\">Short term staff<\/span>:<\/p>\n<ul>\n<li>Thomas COUDOUX (engineer) 04\/16-10\/17<\/li>\n<li>Fanny SAIAG (engineer) 12\/15-08\/17<\/li>\n<li>Mehdi MAAROUFI (engineer) 05-08\/17<\/li>\n<li>Leila BEY (technician) 01-05\/17<\/li>\n<li>S\u00e9bastien TORRES (engineer) 09\/16-02\/17<\/li>\n<li>Igor MIQUEL (engineer assistant) 07\/15-01\/17<\/li>\n<\/ul>\n<h1>STUDENTS INTERNSHIPS:<\/h1>\n<ul>\n<li><span style=\"text-decoration: underline;\">Master and engineer school internships<\/span>:<br \/>\nMarine PERTHUIS (ingen.), Marine GAUMETOU (ingen.), L\u00e9na MOREL (M1) , Coralie PETITJEAN (M1),\u00a0 Pauline HENN (M1), Mauree FEUCHEROLLES (M1), Yann GUEPET (M2), Margaux DIDION (M1), Farah HANANI AZMAN (M1), Elodie SYLVESTRE GONON (M2), Chlo\u00e9 VIOTTI (M1), Sonja SCHMIDTPOTT (M2)<\/li>\n<\/ul>\n<ul>\n<li><span style=\"text-decoration: underline;\">Licence, BTS and other internships<\/span>:<br \/>\nM\u00e9lanie JOYAUX (BTS), Brice PISSOT (BTS), Ana\u00efs MAKOS (L3), M\u00e9lanie JOYAUX (BTS), Mathilde LECANUET (L3), Sophie VAN METEREN (L3), Perrine RICHET (L3), Emilie LEVESQUE (lic. pro), Yoann GUIGNET (L3), Delphine NOEL (stage)<\/li>\n<\/ul>\n","protected":false},"excerpt":{"rendered":"<p>Permanent Staff: Jean-Louis CHURIN, ingenieer, Ecogenomics of interactions team, (sept. 2017) Non permanent staff: POST-DOCTORAL RESEARCHERS Antonio Jos\u00e9 FERNANDEZ GONZALES, Stress response and redox regulation, 2016-2017 Scientific stays: Jonathan PLETT &amp; Krista PLETT, coming from Hawkesbury Institute for the Environment &hellip; <a href=\"https:\/\/mycor.iam.inrae.fr\/IAM\/?page_id=7900\">Continue reading <span class=\"meta-nav\">&rarr;<\/span><\/a><\/p>\n","protected":false},"author":7,"featured_media":0,"parent":1343,"menu_order":0,"comment_status":"closed","ping_status":"closed","template":"","meta":{"footnotes":""},"class_list":["post-7900","page","type-page","status-publish","hentry"],"_links":{"self":[{"href":"https:\/\/mycor.iam.inrae.fr\/IAM\/index.php?rest_route=\/wp\/v2\/pages\/7900","targetHints":{"allow":["GET"]}}],"collection":[{"href":"https:\/\/mycor.iam.inrae.fr\/IAM\/index.php?rest_route=\/wp\/v2\/pages"}],"about":[{"href":"https:\/\/mycor.iam.inrae.fr\/IAM\/index.php?rest_route=\/wp\/v2\/types\/page"}],"author":[{"embeddable":true,"href":"https:\/\/mycor.iam.inrae.fr\/IAM\/index.php?rest_route=\/wp\/v2\/users\/7"}],"replies":[{"embeddable":true,"href":"https:\/\/mycor.iam.inrae.fr\/IAM\/index.php?rest_route=%2Fwp%2Fv2%2Fcomments&post=7900"}],"version-history":[{"count":0,"href":"https:\/\/mycor.iam.inrae.fr\/IAM\/index.php?rest_route=\/wp\/v2\/pages\/7900\/revisions"}],"up":[{"embeddable":true,"href":"https:\/\/mycor.iam.inrae.fr\/IAM\/index.php?rest_route=\/wp\/v2\/pages\/1343"}],"wp:attachment":[{"href":"https:\/\/mycor.iam.inrae.fr\/IAM\/index.php?rest_route=%2Fwp%2Fv2%2Fmedia&parent=7900"}],"curies":[{"name":"wp","href":"https:\/\/api.w.org\/{rel}","templated":true}]}}